000
CXUS55 KGGW 010810
CF6GGW
PRELIMINARY LOCAL CLIMATOLOGICAL DATA (WS FORM: F-6)
STATION: GLASGOW MT
MONTH: MARCH
YEAR: 2021
LATITUDE: 48 13 N
LONGITUDE: 106 37 W
TEMPERATURE IN F: :PCPN: SNOW: WIND :SUNSHINE: SKY :PK WND
================================================================================
1 2 3 4 5 6A 6B 7 8 9 10 11 12 13 14 15 16 17 18
12Z AVG MX 2MIN
DY MAX MIN AVG DEP HDD CDD WTR SNW DPTH SPD SPD DIR MIN PSBL S-S WX SPD DR
================================================================================
1 57 13 35 11 30 0 0.00 0.0 0 10.7 20 250 M M 1 24 260
2 58 34 46 21 19 0 T 0.0 0 9.7 21 290 M M 3 29 280
3 58 26 42 17 23 0 0.00 0.0 0 6.4 15 290 M M 0 19 300
4 63 27 45 19 20 0 0.00 0.0 0 10.2 16 110 M M 0 18 110
5 60 28 44 18 21 0 0.00 0.0 0 9.7 16 100 M M 0 18 110
6 58 34 46 19 19 0 0.00 0.0 0 12.2 18 140 M M 0 23 130
7 54 29 42 15 23 0 0.00 0.0 0 8.6 20 290 M M 2 26 310
8 55 28 42 14 23 0 0.00 0.0 0 9.2 20 330 M M 6 27 30
9 44 23 34 6 31 0 T T 0 11.5 21 340 M M 6 27 350
10 49 21 35 6 30 0 0.00 0.0 0 9.8 20 360 M M 5 1 27 360
11 32 21 27 -2 38 0 T 0.1 T 9.5 20 340 M M 8 26 340
12 56 20 38 8 27 0 0.00 0.0 0 7.5 14 120 M M 0 21 260
13 60 24 42 12 23 0 0.00 0.0 0 8.5 16 100 M M 0 20 100
14 57 32 45 14 20 0 0.00 0.0 M 19.4 31 140 M M 0 40 140
15 47 29 38 7 27 0 0.02 T 0 9.4 18 150 M M 5 1 25 150
16 49 23 36 4 29 0 0.00 0.0 0 11.8 23 340 M M 3 27 340
17 49 16 33 1 32 0 0.00 0.0 M 8.8 16 110 M M 0 22 110
18 62 21 42 9 23 0 0.00 0.0 0 15.7 22 140 M M 0 28 150
19 76 30 53 20 12 0 0.01 0.0 0 12.6 23 320 M M 2 32 320
20 55 37 46 12 19 0 0.01 0.0 0 8.6 22 290 M M 4 32 290
21 51 28 40 6 25 0 0.00 0.0 0 11.0 22 340 M M 2 29 320
22 54 31 43 8 22 0 0.00 0.0 0 9.8 21 260 M M 4 28 250
23 43 25 34 -1 31 0 0.00 0.0 0 11.9 22 330 M M 6 28 330
24 53 22 38 2 27 0 0.00 0.0 0 9.6 18 230 M M 4 24 200
25 53 32 43 7 22 0 T 0.0 0 13.0 25 340 M M 9 32 290
26 47 22 35 -2 30 0 0.10 T 0 6.3 15 20 M M 6 1 21 10
27 49 23 36 -1 29 0 0.00 0.0 0 7.8 15 130 M M 5 12 20 290
28 72 33 53 15 12 0 0.00 0.0 0 14.1 31 290 M M 2 47 280
29 51 19 35 -3 30 0 0.07 0.3 0 28.9 44 290 M M 8 66 300
30 35 17 26 -12 39 0 T T T 22.5 37 310 M M 6 50 300
31 55 14 35 -4 30 0 0.00 0.0 0 7.8 21 290 M M 1 29 290
================================================================================
SM 1662 782 786 0 0.21 0.4 352.5 M 98
================================================================================
AV 53.6 25.2 11.4 FASTST M M 3 MAX(MPH)
MISC ----> 44 290 66 300
================================================================================
NOTES:
# LAST OF SEVERAL OCCURRENCES
COLUMN 17 PEAK WIND IN M.P.H.
PRELIMINARY LOCAL CLIMATOLOGICAL DATA (WS FORM: F-6) , PAGE 2
STATION: GLASGOW MT
MONTH: MARCH
YEAR: 2021
LATITUDE: 48 13 N
LONGITUDE: 106 37 W
[TEMPERATURE DATA] [PRECIPITATION DATA] SYMBOLS USED IN COLUMN 16
AVERAGE MONTHLY: 39.4 TOTAL FOR MONTH: 0.21 1 = FOG OR MIST
DPTR FM NORMAL: 7.7 DPTR FM NORMAL: -0.21 2 = FOG REDUCING VISIBILITY
HIGHEST: 76 ON 19 GRTST 24HR 0.10 ON 26-26 TO 1/4 MILE OR LESS
LOWEST: 13 ON 1 3 = THUNDER
SNOW, ICE PELLETS, HAIL 4 = ICE PELLETS
TOTAL MONTH: 0.4 INCH 5 = HAIL
GRTST 24HR 0.3 ON 29-29 6 = FREEZING RAIN OR DRIZZLE
GRTST DEPTH: T 7 = DUSTSTORM OR SANDSTORM:
VSBY 1/2 MILE OR LESS
8 = SMOKE OR HAZE
[NO. OF DAYS WITH] [WEATHER - DAYS WITH] 9 = BLOWING SNOW
X = TORNADO
MAX 32 OR BELOW: 1 0.01 INCH OR MORE: 5
MAX 90 OR ABOVE: 0 0.10 INCH OR MORE: 1
MIN 32 OR BELOW: 27 0.50 INCH OR MORE: 0
MIN 0 OR BELOW: 0 1.00 INCH OR MORE: 0
[HDD (BASE 65) ]
TOTAL THIS MO. 786 CLEAR (SCALE 0-3) 15
DPTR FM NORMAL -248 PTCLDY (SCALE 4-7) 14
TOTAL FM JUL 1 6582 CLOUDY (SCALE 8-10) 2
DPTR FM NORMAL -821
[CDD (BASE 65) ]
TOTAL THIS MO. 0
DPTR FM NORMAL 0 [PRESSURE DATA]
TOTAL FM JAN 1 0 HIGHEST SLP M ON M
DPTR FM NORMAL 0 LOWEST SLP 29.24 ON 28
[REMARKS]
#FINAL-03-21#