000
CXUS55 KGGW 010800
CF6GGW
PRELIMINARY LOCAL CLIMATOLOGICAL DATA (WS FORM: F-6)
STATION: GLASGOW MT
MONTH: MAY
YEAR: 2020
LATITUDE: 48 13 N
LONGITUDE: 106 37 W
TEMPERATURE IN F: :PCPN: SNOW: WIND :SUNSHINE: SKY :PK WND
================================================================================
1 2 3 4 5 6A 6B 7 8 9 10 11 12 13 14 15 16 17 18
12Z AVG MX 2MIN
DY MAX MIN AVG DEP HDD CDD WTR SNW DPTH SPD SPD DIR MIN PSBL S-S WX SPD DR
================================================================================
1 67 47 57 7 8 0 0.14 0.0 0 15.3 31 310 M M 6 39 300
2 71 36 54 3 11 0 0.00 0.0 0 6.5 16 90 M M 0 19 260
3 72 43 58 7 7 0 0.65 0.0 0 15.4 30 90 M M 4 123 40 120
4 61 36 49 -2 16 0 0.00 0.0 0 7.9 21 290 M M 3 128 28 290
5 62 41 52 0 13 0 0.03 0.0 0 6.9 20 350 M M 5 23 340
6 69 39 54 2 11 0 0.00 0.0 0 14.2 28 120 M M 0 32 130
7 67 44 56 4 9 0 0.00 0.0 0 11.4 21 60 M M 4 25 80
8 69 41 55 2 10 0 0.14 0.0 0 13.7 32 340 M M 7 42 340
9 56 38 47 -6 18 0 0.11 0.0 0 11.9 26 280 M M 7 34 310
10 51 34 43 -10 22 0 0.00 0.0 0 6.5 12 70 M M 9 13 80
11 54 30 42 -12 23 0 0.00 0.0 0 9.8 15 90 M M 4 19 70
12 47 35 41 -13 24 0 0.07 0.0 0 18.0 32 120 M M 7 18 38 120
13 61 40 51 -3 14 0 0.13 0.0 0 7.7 21 290 M M 7 18 26 280
14 69 34 52 -2 13 0 0.00 0.0 0 6.4 17 310 M M 1 18 22 310
15 72 42 57 2 8 0 T 0.0 0 7.3 23 170 M M 3 28 170
16 74 42 58 3 7 0 0.00 0.0 0 10.0 22 190 M M 1 26 190
17 75 47 61 6 4 0 T 0.0 0 19.4 33 150 M M 0 41 140
18 78 54 66 10 0 1 0.00 0.0 0 14.7 29 110 M M 0 8 33 120
19 84 51 68 12 0 3 0.00 0.0 0 11.5 21 40 M M 0 26 40
20 83 56 70 14 0 5 1.94 0.0 0 13.3 40 190 M M 3 13 52 240
21 72 50 61 4 4 0 T 0.0 0 12.4 29 260 M M 1 36 240
22 71 47 59 2 6 0 0.00 0.0 0 8.3 17 330 M M M 21 300
23 59 48 54 -3 11 0 T 0.0 0 8.1 20 350 M M 10 23 350
24 64 46 55 -3 10 0 T 0.0 0 6.4 17 340 M M 7 20 350
25 74 43 59 1 6 0 0.00 0.0 0 4.9 14 190 M M 0 18 180
26 76 52 64 6 1 0 0.03 0.0 0 10.2 24 270 M M 5 29 280
27 70 47 59 1 6 0 T 0.0 0 8.4 17 330 M M 5 23 290
28 71 42 57 -2 8 0 0.00 0.0 0 9.3 18 330 M M 0 24 320
29 73 49 61 2 4 0 0.00 0.0 0 14.4 24 100 M M 2 29 90
30 78 50 64 5 1 0 0.00 0.0 0 20.6 31 120 M M 0 8 40 130
31 89 58 74 14 0 9 0.00 0.0 0 17.2 29 110 M M 0 35 120
================================================================================
SM 2139 1362 275 18 3.24 0.0 348.0 M 101
================================================================================
AV 69.0 43.9 11.2 FASTST M M 3 MAX(MPH)
MISC ----> # 40 190 # 52 240
================================================================================
NOTES:
# LAST OF SEVERAL OCCURRENCES
COLUMN 17 PEAK WIND IN M.P.H.
PRELIMINARY LOCAL CLIMATOLOGICAL DATA (WS FORM: F-6) , PAGE 2
STATION: GLASGOW MT
MONTH: MAY
YEAR: 2020
LATITUDE: 48 13 N
LONGITUDE: 106 37 W
[TEMPERATURE DATA] [PRECIPITATION DATA] SYMBOLS USED IN COLUMN 16
AVERAGE MONTHLY: 56.5 TOTAL FOR MONTH: 3.24 1 = FOG OR MIST
DPTR FM NORMAL: 1.4 DPTR FM NORMAL: 1.32 2 = FOG REDUCING VISIBILITY
HIGHEST: 89 ON 31 GRTST 24HR 1.94 ON 20-20 TO 1/4 MILE OR LESS
LOWEST: 30 ON 11 3 = THUNDER
SNOW, ICE PELLETS, HAIL 4 = ICE PELLETS
TOTAL MONTH: 0.0 INCH 5 = HAIL
GRTST 24HR 0.0 6 = FREEZING RAIN OR DRIZZLE
GRTST DEPTH: 0 7 = DUSTSTORM OR SANDSTORM:
VSBY 1/2 MILE OR LESS
8 = SMOKE OR HAZE
[NO. OF DAYS WITH] [WEATHER - DAYS WITH] 9 = BLOWING SNOW
X = TORNADO
MAX 32 OR BELOW: 0 0.01 INCH OR MORE: 9
MAX 90 OR ABOVE: 0 0.10 INCH OR MORE: 6
MIN 32 OR BELOW: 1 0.50 INCH OR MORE: 2
MIN 0 OR BELOW: 0 1.00 INCH OR MORE: 1
[HDD (BASE 65) ]
TOTAL THIS MO. 275 CLEAR (SCALE 0-3) 15
DPTR FM NORMAL -49 PTCLDY (SCALE 4-7) 13
TOTAL FM JUL 1 8045 CLOUDY (SCALE 8-10) 2
DPTR FM NORMAL -286
[CDD (BASE 65) ]
TOTAL THIS MO. 18
DPTR FM NORMAL 2 [PRESSURE DATA]
TOTAL FM JAN 1 20 HIGHEST SLP M ON M
DPTR FM NORMAL 3 LOWEST SLP 29.34 ON 20
[REMARKS]
#FINAL-05-20#