000
CXUS54 KFWD 010830
CF6GKY
PRELIMINARY LOCAL CLIMATOLOGICAL DATA (WS FORM: F-6)
STATION: ARLINGTON
MONTH: FEBRUARY
YEAR: 2021
LATITUDE: 32 39 N
LONGITUDE: 97 6 W
TEMPERATURE IN F: :PCPN: SNOW: WIND :SUNSHINE: SKY :PK WND
================================================================================
1 2 3 4 5 6A 6B 7 8 9 10 11 12 13 14 15 16 17 18
12Z AVG MX 2MIN
DY MAX MIN AVG DEP HDD CDD WTR SNW DPTH SPD SPD DIR MIN PSBL S-S WX SPD DR
================================================================================
1 62 35 49 1 16 0 0.00 M M 6.1 15 10 M M 0 18 10
2 68 37 53 5 12 0 0.00 M M 5.6 15 130 M M 0 20 140
3 74 45 60 12 5 0 0.00 M M 14.0 28 150 M M 0 37 150
4 69 50 60 12 5 0 0.00 M M 13.8 26 320 M M 1 36 320
5 63 39 51 3 14 0 0.00 M M 6.5 14 140 M M 3 17 120
6 64 44 54 5 11 0 0.00 M M 10.2 23 330 M M 6 30 310
7 63 34 49 0 16 0 0.00 M M 8.7 18 150 M M 3 24 160
8 71 43 57 8 8 0 0.00 M M 12.2 23 310 M M 8 1 29 310
9 43 33 38 -11 27 0 0.00 M M 11.5 16 340 M M 10 18 21 320
10 35 31 33 -16 32 0 T M M 12.8 20 350 M M 10 168 24 350
11 31 27 29 -21 36 0 T 0.0 0 14.7 22 330 M M 10 168 27 320
12 29 25 27 -23 38 0 0.00 0.0 0 14.8 23 350 M M 10 8 28 360
13 36 22 29 -21 36 0 T M M 14.8 22 350 M M 9 168 27 10
14 27 12 20 -30 45 0 0.01 M M 17.8 26 330 M M 10 18 36 320
15 16 7 12 -38 53 0 T M M 15.9 25 320 M M 3 8 34 330
16 22 -1 11 -39 54 0 T M M 6.9 15 130 M M 4 19 120
17 29 21 25 -26 40 0 0.08 M M 9.0 15 340 M M 10 168 19 350
18 33 25 29 -22 36 0 0.00 M M 14.1 22 340 M M 5 28 350
19 43 16 30 -21 35 0 0.00 M M 5.7 12 330 M M 0 15 140
20 59 29 44 -8 21 0 0.00 M M 11.2 23 130 M M 0 1 33 150
21 78 45 62 10 3 0 0.00 M M 12.6 23 310 M M 5 36 160
22 92 31 62 10 3 0 0.00 M M 5.8 14 160 M M 0 22 170
23 M M M M M M 0.00 0.0 0 12.7 25 150 M M 0 35 170
24 75 57 66 14 0 1 0.00 M M 10.6 18 320 M M 0 30 160
25 57 49 53 0 12 0 0.16 M M 10.3 20 300 M M 7 13 26 300
26 61 49 55 2 10 0 0.88 M M 3.5 15 360 M M 8 13 20 290
27 76 51 64 11 1 0 T M M 6.9 22 160 M M 7 128 34 150
28 79 53 66 12 0 1 0.08 M M 11.8 22 360 M M 9 138 31 350
================================================================================
SM 1455 909 569 2 1.21 0.0 300.5 M 138
================================================================================
AV 53.9 33.7 10.7 FASTST M M 5 MAX(MPH)
MISC ----> 28 150 37 150
================================================================================
NOTES:
# LAST OF SEVERAL OCCURRENCES
COLUMN 17 PEAK WIND IN M.P.H.
PRELIMINARY LOCAL CLIMATOLOGICAL DATA (WS FORM: F-6) , PAGE 2
STATION: ARLINGTON
MONTH: FEBRUARY
YEAR: 2021
LATITUDE: 32 39 N
LONGITUDE: 97 6 W
[TEMPERATURE DATA] [PRECIPITATION DATA] SYMBOLS USED IN COLUMN 16
AVERAGE MONTHLY: 43.8 TOTAL FOR MONTH: 1.21 1 = FOG OR MIST
DPTR FM NORMAL: -6.6 DPTR FM NORMAL: -1.47 2 = FOG REDUCING VISIBILITY
HIGHEST: 92 ON 22 GRTST 24HR 1.04 ON 25-26 TO 1/4 MILE OR LESS
LOWEST: -1 ON 16 3 = THUNDER
SNOW, ICE PELLETS, HAIL 4 = ICE PELLETS
TOTAL MONTH: 0.0 INCH 5 = HAIL
GRTST 24HR 0.0 6 = FREEZING RAIN OR DRIZZLE
GRTST DEPTH: 0 7 = DUSTSTORM OR SANDSTORM:
VSBY 1/2 MILE OR LESS
8 = SMOKE OR HAZE
[NO. OF DAYS WITH] [WEATHER - DAYS WITH] 9 = BLOWING SNOW
X = TORNADO
MAX 32 OR BELOW: 6 0.01 INCH OR MORE: 5
MAX 90 OR ABOVE: 1 0.10 INCH OR MORE: 2
MIN 32 OR BELOW: 12 0.50 INCH OR MORE: 1
MIN 0 OR BELOW: 1 1.00 INCH OR MORE: 0
[HDD (BASE 65) ]
TOTAL THIS MO. 569 CLEAR (SCALE 0-3) 10
DPTR FM NORMAL 154 PTCLDY (SCALE 4-7) 9
TOTAL FM JUL 1 1758 CLOUDY (SCALE 8-10) 9
DPTR FM NORMAL -134
[CDD (BASE 65) ]
TOTAL THIS MO. 2
DPTR FM NORMAL -5 [PRESSURE DATA]
TOTAL FM JAN 1 4 HIGHEST SLP 30.56 ON 19
DPTR FM NORMAL 1 LOWEST SLP 29.63 ON 4
[REMARKS]
#FINAL-02-21#