000
CXUS54 KHGX 011510
CF6GLS
PRELIMINARY LOCAL CLIMATOLOGICAL DATA (WS FORM: F-6)
STATION: GALVESTON
MONTH: JANUARY
YEAR: 2024
LATITUDE: 29 16 N
LONGITUDE: 94 52 W
TEMPERATURE IN F: :PCPN: SNOW: WIND :SUNSHINE: SKY :PK WND
================================================================================
1 2 3 4 5 6A 6B 7 8 9 10 11 12 13 14 15 16 17 18
12Z AVG MX 2MIN
DY MAX MIN AVG DEP HDD CDD WTR SNW DPTH SPD SPD DIR MIN PSBL S-S WX SPD DR
================================================================================
1 66 52 59 3 6 0 0.00 0.0 0 10.4 18 360 M M 5 1 24 360
2 59 49 54 -2 11 0 0.70 0.0 0 14.3 24 360 M M 8 1 35 350
3 57 48 53 -3 12 0 1.05 0.0 0 15.1 39 340 M M 5 1 57 350
4 60 48 54 -2 11 0 T 0.0 0 13.2 22 90 M M 2 33 110
5 64 51 58 2 7 0 1.73 0.0 0 13.3 31 100 M M 6 123 47 350
6 61 47 54 -2 11 0 0.00 0.0 0 3.9 10 30 M M 2 1 13 30
7 60 50 55 -1 10 0 0.00 0.0 0 10.3 22 110 M M 1 1 28 110
8 70 52 61 5 4 0 0.26 0.0 0 16.9 32 330 M M 10 13 47 350
9 57 45 51 -5 14 0 0.01 0.0 0 14.8 28 310 M M 3 50 310
10 66 41 54 -2 11 0 0.00 0.0 0 9.8 17 180 M M 3 22 200
11 72 60 66 10 0 1 0.00 0.0 0 12.3 18 150 M M 8 1 27 160
12 70 47 59 3 6 0 T 0.0 0 18.4 33 310 M M 3 1 57 300
13 62 43 53 -3 12 0 0.00 0.0 0 9.5 16 160 M M 0 21 160
14 58 45 52 -4 13 0 0.00 0.0 0 15.3 23 350 M M 4 32 350
15 45 30 38 -18 27 0 0.02 T 0 21.8 31 350 M M 10 18 48 350
16 36 24 30 -26 35 0 0.00 0.0 0 21.2 35 350 M M 4 51 350
17 56 27 42 -14 23 0 0.00 0.0 0 12.5 17 90 M M 7 23 100
18 62 50 56 0 9 0 0.02 0.0 0 4.2 13 160 M M 9 12 17 160
19 56 44 50 -6 15 0 0.00 0.0 0 16.4 24 10 M M 2 12 35 350
20 48 35 42 -14 23 0 0.00 0.0 0 16.0 25 20 M M 2 33 20
21 55 42 49 -7 16 0 0.01 0.0 0 17.1 23 80 M M 10 1 37 50
22 64 55 60 4 5 0 0.76 0.0 0 13.4 24 140 M M 9 13 31 140
23 66 60 63 7 2 0 T 0.0 0 12.3 18 130 M M 10 12 26 140
24 68 59 64 8 1 0 3.16 0.0 0 11.9 25 70 M M 9 123 46 70
25 69 56 63 7 2 0 0.64 0.0 0 7.3 29 310 M M 4 13 46 300
26 64 55 60 4 5 0 0.23 0.0 0 8.3 20 70 M M 10 123 26 80
27 63 51 57 1 8 0 0.00 0.0 0 15.0 25 320 M M 8 34 330
28 63 46 55 -2 10 0 0.00 0.0 0 10.9 21 340 M M 1 18 24 350
29 63 47 55 -2 10 0 0.00 0.0 0 4.5 10 180 M M 0 13 170
30 67 50 59 2 6 0 0.00 0.0 0 7.1 14 210 M M 0 17 210
31 69 52 61 4 4 0 0.00 0.0 0 5.3 10 270 M M 0 15 270
================================================================================
SM 1896 1461 329 1 8.59 T 382.7 M 155
================================================================================
AV 61.2 47.1 12.3 FASTST M M 5 MAX(MPH)
MISC ----> 39 340 # 57 350
================================================================================
NOTES:
# LAST OF SEVERAL OCCURRENCES
COLUMN 17 PEAK WIND IN M.P.H.
PRELIMINARY LOCAL CLIMATOLOGICAL DATA (WS FORM: F-6) , PAGE 2
STATION: GALVESTON
MONTH: JANUARY
YEAR: 2024
LATITUDE: 29 16 N
LONGITUDE: 94 52 W
[TEMPERATURE DATA] [PRECIPITATION DATA] SYMBOLS USED IN COLUMN 16
AVERAGE MONTHLY: 54.1 TOTAL FOR MONTH: 8.59 1 = FOG OR MIST
DPTR FM NORMAL: -1.9 DPTR FM NORMAL: 4.29 2 = FOG REDUCING VISIBILITY
HIGHEST: 72 ON 11 GRTST 24HR 3.16 ON 24-24 TO 1/4 MILE OR LESS
LOWEST: 24 ON 16 3 = THUNDER
SNOW, ICE PELLETS, HAIL 4 = ICE PELLETS
TOTAL MONTH: T 5 = HAIL
GRTST 24HR T ON 15-15 6 = FREEZING RAIN OR DRIZZLE
GRTST DEPTH: 0 7 = DUSTSTORM OR SANDSTORM:
VSBY 1/2 MILE OR LESS
8 = SMOKE OR HAZE
[NO. OF DAYS WITH] [WEATHER - DAYS WITH] 9 = BLOWING SNOW
X = TORNADO
MAX 32 OR BELOW: 0 0.01 INCH OR MORE: 12
MAX 90 OR ABOVE: 0 0.10 INCH OR MORE: 8
MIN 32 OR BELOW: 3 0.50 INCH OR MORE: 6
MIN 0 OR BELOW: 0 1.00 INCH OR MORE: 3
[HDD (BASE 65) ]
TOTAL THIS MO. 329 CLEAR (SCALE 0-3) 12
DPTR FM NORMAL 39 PTCLDY (SCALE 4-7) 9
TOTAL FM JUL 1 592 CLOUDY (SCALE 8-10) 10
DPTR FM NORMAL -28
[CDD (BASE 65) ]
TOTAL THIS MO. 1
DPTR FM NORMAL -12 [PRESSURE DATA]
TOTAL FM JAN 1 1 HIGHEST SLP 30.57 ON 20
DPTR FM NORMAL -12 LOWEST SLP 29.48 ON 8
[REMARKS]
#FINAL-01-24#