627
CXUS54 KHGX 020546
CF6GLS
PRELIMINARY LOCAL CLIMATOLOGICAL DATA (WS FORM: F-6)
STATION: GALVESTON
MONTH: NOVEMBER
YEAR: 2020
LATITUDE: 29 16 N
LONGITUDE: 94 52 W
TEMPERATURE IN F: :PCPN: SNOW: WIND :SUNSHINE: SKY :PK WND
================================================================================
1 2 3 4 5 6A 6B 7 8 9 10 11 12 13 14 15 16 17 18
12Z AVG MX 2MIN
DY MAX MIN AVG DEP HDD CDD WTR SNW DPTH SPD SPD DIR MIN PSBL S-S WX SPD DR
================================================================================
1 77 61 69 -1 0 4 0.00 0.0 0 11.4 21 10 M M 0 27 10
2 70 57 64 -6 1 0 0.00 0.0 0 11.5 17 30 M M 0 22 30
3 73 56 65 -4 0 0 0.00 0.0 0 7.8 10 120 M M 0 15 120
4 77 61 69 0 0 4 0.00 0.0 0 7.4 15 120 M M 1 19 110
5 77 68 73 5 0 8 0.00 0.0 0 10.0 16 90 M M 3 21 100
6 79 63 71 3 0 6 0.00 0.0 0 8.3 15 80 M M 1 18 21 80
7 79 64 72 4 0 7 0.00 0.0 0 8.1 15 90 M M 0 18 19 80
8 80 68 74 6 0 9 0.00 0.0 0 8.9 14 80 M M 5 18 90
9 81 72 77 10 0 12 T 0.0 0 9.5 15 110 M M 5 18 18 100
10 81 72 77 10 0 12 T 0.0 0 6.4 14 130 M M 4 1 17 120
11 82 70 76 9 0 11 0.00 0.0 0 8.5 16 10 M M 4 12 19 10
12 80 67 74 8 0 9 0.00 0.0 0 8.0 13 80 M M 4 16 50
13 77 71 74 8 0 9 0.00 0.0 0 8.7 14 80 M M 8 18 17 80
14 83 73 78 12 0 13 0.00 0.0 0 11.4 21 170 M M 3 23 170
15 77 63 70 5 0 5 T 0.0 0 14.0 33 360 M M 2 1 41 350
16 71 59 65 0 0 0 0.00 0.0 0 11.2 20 40 M M 0 24 40
17 75 57 66 1 0 1 0.00 0.0 0 10.6 21 40 M M 0 8 27 40
18 73 61 67 3 0 2 0.00 0.0 0 11.4 16 70 M M 0 8 22 80
19 76 68 72 8 0 7 T 0.0 0 11.6 17 80 M M 4 8 21 100
20 79 70 75 11 0 10 0.00 0.0 0 10.2 17 90 M M 6 18 21 110
21 78 69 74 11 0 9 0.00 0.0 0 9.5 16 80 M M 4 20 90
22 81 68 75 12 0 10 0.00 0.0 0 4.9 17 20 M M 3 22 20
23 69 63 66 3 0 1 0.00 0.0 0 13.1 22 120 M M 8 27 30
24 81 69 75 13 0 10 T 0.0 0 13.4 21 130 M M 4 27 130
25 75 65 70 8 0 5 T 0.0 0 11.3 20 180 M M 5 24 180
26 77 64 71 9 0 6 0.00 0.0 0 10.2 18 80 M M 8 18 21 80
27 81 68 75 14 0 10 0.34 0.0 0 10.7 20 170 M M 7 18 24 170
28 69 64 67 6 0 2 2.16 0.0 0 13.4 23 70 M M 9 13 28 70
29 66 53 60 -1 5 0 0.24 0.0 0 19.8 33 340 M M 6 1 40 330
30 57 47 52 -8 13 0 0.00 0.0 0 17.2 31 340 M M 0 37 340
================================================================================
SM 2281 1931 19 182 2.74 0.0 318.4 M 104
================================================================================
AV 76.0 64.4 10.6 FASTST M M 3 MAX(MPH)
MISC ----> # 33 360 41 350
================================================================================
NOTES:
# LAST OF SEVERAL OCCURRENCES
COLUMN 17 PEAK WIND IN M.P.H.
PRELIMINARY LOCAL CLIMATOLOGICAL DATA (WS FORM: F-6) , PAGE 2
STATION: GALVESTON
MONTH: NOVEMBER
YEAR: 2020
LATITUDE: 29 16 N
LONGITUDE: 94 52 W
[TEMPERATURE DATA] [PRECIPITATION DATA] SYMBOLS USED IN COLUMN 16
AVERAGE MONTHLY: 70.2 TOTAL FOR MONTH: 2.74 1 = FOG OR MIST
DPTR FM NORMAL: 5.1 DPTR FM NORMAL: -1.77 2 = FOG REDUCING VISIBILITY
HIGHEST: 83 ON 14 GRTST 24HR 2.25 ON 27-28 TO 1/4 MILE OR LESS
LOWEST: 47 ON 30 3 = THUNDER
SNOW, ICE PELLETS, HAIL 4 = ICE PELLETS
TOTAL MONTH: 0.0 INCH 5 = HAIL
GRTST 24HR 0.0 6 = FREEZING RAIN OR DRIZZLE
GRTST DEPTH: 0 7 = DUSTSTORM OR SANDSTORM:
VSBY 1/2 MILE OR LESS
8 = SMOKE OR HAZE
[NO. OF DAYS WITH] [WEATHER - DAYS WITH] 9 = BLOWING SNOW
X = TORNADO
MAX 32 OR BELOW: 0 0.01 INCH OR MORE: 3
MAX 90 OR ABOVE: 0 0.10 INCH OR MORE: 3
MIN 32 OR BELOW: 0 0.50 INCH OR MORE: 1
MIN 0 OR BELOW: 0 1.00 INCH OR MORE: 1
[HDD (BASE 65) ]
TOTAL THIS MO. 19 CLEAR (SCALE 0-3) 13
DPTR FM NORMAL -75 PTCLDY (SCALE 4-7) 16
TOTAL FM JUL 1 33 CLOUDY (SCALE 8-10) 1
DPTR FM NORMAL -69
[CDD (BASE 65) ]
TOTAL THIS MO. 182
DPTR FM NORMAL 85 [PRESSURE DATA]
TOTAL FM JAN 1 4030 HIGHEST SLP 30.49 ON 2
DPTR FM NORMAL 741 LOWEST SLP 29.81 ON 10
[REMARKS]
#FINAL-11-20#