000
CXUS54 KOUN 010810
CF6GOK
PRELIMINARY LOCAL CLIMATOLOGICAL DATA (WS FORM: F-6)
STATION: GUTHRIE MUNICIPAL
MONTH: SEPTEMBER
YEAR: 2023
LATITUDE: 35 50 N
LONGITUDE: 97 25 W
TEMPERATURE IN F: :PCPN: SNOW: WIND :SUNSHINE: SKY :PK WND
================================================================================
1 2 3 4 5 6A 6B 7 8 9 10 11 12 13 14 15 16 17 18
12Z AVG MX 2MIN
DY MAX MIN AVG DEP HDD CDD WTR SNW DPTH SPD SPD DIR MIN PSBL S-S WX SPD DR
================================================================================
1 94 67 81 2 0 16 0.00 M M 9.1 18 180 M M 0 26 200
2 95 65 80 2 0 15 0.00 M M 7.9 15 180 M M 0 22 180
3 98 68 83 5 0 18 0.00 M M 8.6 16 160 M M 0 24 150
4 101 73 87 9 0 22 0.00 M M 15.4 25 190 M M 0 35 200
5 103 73 88 11 0 23 T M M 11.5 23 250 M M 0 3 33 250
6 91 66 79 2 0 14 0.00 M M 5.3 16 50 M M 0 8 26 50
7 98 64 81 4 0 16 0.00 M M 8.8 15 120 M M 0 8 26 110
8 94 70 82 6 0 17 0.00 M M 10.0 20 150 M M 0 28 120
9 92 66 79 3 0 14 0.00 M M 8.1 14 70 M M 0 21 20
10 89 57 73 -3 0 8 T M M 6.9 15 120 M M 0 22 110
11 76 63 70 -5 0 5 1.05 M M 7.1 17 290 M M 8 1 26 280
12 74 60 67 -8 0 2 T M M 4.7 10 50 M M 7 1 17 60
13 M 59 M M M M 0.03 M M 4.5 12 120 M M 5 18 17 120
14 82 66 74 0 0 9 0.01 M M 6.5 18 160 M M 8 26 160
15 78 65 72 -2 0 7 T M M 5.4 13 140 M M 8 18 150
16 79 60 70 -4 0 5 T M M 3.2 8 300 M M 5 13 50
17 87 54 71 -2 0 6 0.00 M M 3.1 12 270 M M 0 1 15 270
18 92 57 75 2 0 10 0.00 M M 9.0 20 200 M M 0 27 190
19 82 68 75 2 0 10 0.25 0.0 M 12.8 25 190 M M 2 13 39 200
20 86 63 75 3 0 10 0.00 0.0 M 9.1 17 170 M M 1 26 170
21 87 67 77 5 0 12 0.00 M M 10.2 16 170 M M 0 26 180
22 84 68 76 5 0 11 T M M 13.3 22 140 M M 1 34 170
23 95 70 83 12 0 18 0.00 M M 10.2 18 190 M M 0 3 26 190
24 85 65 75 4 0 10 T M M 6.7 15 80 M M 5 20 90
25 91 57 74 4 0 9 0.00 M M 3.3 9 30 M M 1 12 17 40
26 92 58 75 5 0 10 0.00 M M 5.5 12 170 M M 0 8 16 170
27 92 64 78 8 0 13 0.00 M M 6.7 15 240 M M 0 21 220
28 93 67 80 11 0 15 0.00 M M 9.2 16 170 M M 0 8 23 200
29 94 71 83 14 0 18 0.00 M M 12.0 26 170 M M 0 8 36 180
30 93 70 82 14 0 17 0.00 M M 10.7 22 180 M M 0 30 190
================================================================================
SM 2597 1941 0 360 1.34 0.0 244.8 M 51
================================================================================
AV 89.6 64.7 8.2 FASTST M M 2 MAX(MPH)
MISC ----> 26 170 39 200
================================================================================
NOTES:
# LAST OF SEVERAL OCCURRENCES
COLUMN 17 PEAK WIND IN M.P.H.
PRELIMINARY LOCAL CLIMATOLOGICAL DATA (WS FORM: F-6) , PAGE 2
STATION: GUTHRIE MUNICIPAL
MONTH: SEPTEMBER
YEAR: 2023
LATITUDE: 35 50 N
LONGITUDE: 97 25 W
[TEMPERATURE DATA] [PRECIPITATION DATA] SYMBOLS USED IN COLUMN 16
AVERAGE MONTHLY: 77.1 TOTAL FOR MONTH: 1.34 1 = FOG OR MIST
DPTR FM NORMAL: 3.4 DPTR FM NORMAL: -1.38 2 = FOG REDUCING VISIBILITY
HIGHEST: 103 ON 5 GRTST 24HR 1.05 ON 11-11 TO 1/4 MILE OR LESS
LOWEST: 54 ON 17 3 = THUNDER
SNOW, ICE PELLETS, HAIL 4 = ICE PELLETS
TOTAL MONTH: 0.0 INCH 5 = HAIL
GRTST 24HR 0.0 6 = FREEZING RAIN OR DRIZZLE
GRTST DEPTH: M ON M 7 = DUSTSTORM OR SANDSTORM:
VSBY 1/2 MILE OR LESS
8 = SMOKE OR HAZE
[NO. OF DAYS WITH] [WEATHER - DAYS WITH] 9 = BLOWING SNOW
X = TORNADO
MAX 32 OR BELOW: 0 0.01 INCH OR MORE: 4
MAX 90 OR ABOVE: 17 0.10 INCH OR MORE: 2
MIN 32 OR BELOW: 0 0.50 INCH OR MORE: 1
MIN 0 OR BELOW: 0 1.00 INCH OR MORE: 1
[HDD (BASE 65) ]
TOTAL THIS MO. 0 CLEAR (SCALE 0-3) 23
DPTR FM NORMAL -18 PTCLDY (SCALE 4-7) 5
TOTAL FM JUL 1 0 CLOUDY (SCALE 8-10) 2
DPTR FM NORMAL -16
[CDD (BASE 65) ]
TOTAL THIS MO. 360
DPTR FM NORMAL 81 [PRESSURE DATA]
TOTAL FM JAN 1 2033 HIGHEST SLP M ON M
DPTR FM NORMAL 25 LOWEST SLP 29.61 ON 4
[REMARKS]
#FINAL-09-23#