000
CXUS54 KFWD 010731
CF6GOP
PRELIMINARY LOCAL CLIMATOLOGICAL DATA (WS FORM: F-6)
STATION: GATESVILLE
MONTH: MARCH
YEAR: 2024
LATITUDE: 31 25 N
LONGITUDE: 97 48 W
TEMPERATURE IN F: :PCPN: SNOW: WIND :SUNSHINE: SKY :PK WND
================================================================================
1 2 3 4 5 6A 6B 7 8 9 10 11 12 13 14 15 16 17 18
12Z AVG MX 2MIN
DY MAX MIN AVG DEP HDD CDD WTR SNW DPTH SPD SPD DIR MIN PSBL S-S WX SPD DR
================================================================================
1 75 36 56 4 9 0 0.00 M M 4.7 12 140 M M 1 1 18 140
2 84 45 65 13 0 0 0.00 M M 8.1 14 200 M M 0 21 130
3 82 59 71 19 0 6 0.00 M M 10.7 16 190 M M 4 23 190
4 82 63 73 21 0 8 0.00 M M 5.3 13 210 M M 5 21 210
5 84 57 71 18 0 6 0.00 M M 4.8 13 99 M M 0 21 99
6 81 55 68 15 0 3 0.00 M M 3.3 9 140 M M 0 18 140
7 72 63 68 15 0 3 0.13 M M 6.1 13 160 M M 4 21 160
8 77 46 62 8 3 0 0.09 M M 10.1 22 340 M M 4 3 29 310
9 59 43 51 -3 14 0 0.00 M M 10.8 17 330 M M 3 30 330
10 66 36 51 -3 14 0 0.00 M M 1.6 5 80 M M 0 13 99
11 72 48 60 6 5 0 0.00 M M 4.9 13 200 M M 4 20 180
12 79 55 67 13 0 2 0.00 M M 10.3 17 180 M M 5 23 170
13 82 64 73 18 0 8 0.00 M M 10.4 16 150 M M 4 25 150
14 81 70 76 21 0 11 0.00 M M 10.7 17 100 M M 8 25 160
15 70 59 65 10 0 0 0.00 M M 8.3 16 10 M M 7 23 10
16 64 57 61 5 4 0 0.48 M M 4.8 9 350 M M 8 1 14 50
17 63 54 59 3 6 0 0.16 M M 7.1 13 60 M M 7 1 23 40
18 63 43 53 -3 12 0 0.00 M M 6.7 15 30 M M 3 21 30
19 66 37 52 -4 13 0 0.00 M M 4.4 9 170 M M 1 16 170
20 70 46 58 1 7 0 0.00 M M 6.0 10 150 M M 2 17 150
21 63 54 59 2 6 0 0.28 M M 3.4 8 190 M M 9 13 24 140
22 70 48 59 2 6 0 0.01 M M 6.3 16 340 M M 4 1 29 350
23 70 50 60 2 5 0 0.00 M M 3.3 8 120 M M 2 12 99
24 73 59 66 8 0 1 0.00 M M 12.6 21 160 M M 6 38 160
25 75 52 64 6 1 0 0.85 M M 8.3 22 250 M M 4 3 33 250
26 61 37 49 -9 16 0 0.00 M M 6.9 14 350 M M 0 18 350
27 68 39 54 -5 11 0 0.02 M M 4.2 10 150 M M 2 16 99
28 77 41 59 0 6 0 0.00 M M 5.1 13 180 M M 0 18 160
29 77 59 68 9 0 3 0.00 M M 12.6 22 180 M M 2 30 180
30 81 64 73 13 0 8 0.00 M M 10.6 16 190 M M 7 23 190
31 77 66 72 12 0 7 0.00 M M 10.3 18 190 M M 9 24 190
================================================================================
SM 2264 1605 138 66 2.02 M 222.7 M 115
================================================================================
AV 73.0 51.8 7.2 FASTST M M 4 MAX(MPH)
MISC ----> # 22 340 38 160
================================================================================
NOTES:
# LAST OF SEVERAL OCCURRENCES
COLUMN 17 PEAK WIND IN M.P.H.
PRELIMINARY LOCAL CLIMATOLOGICAL DATA (WS FORM: F-6) , PAGE 2
STATION: GATESVILLE
MONTH: MARCH
YEAR: 2024
LATITUDE: 31 25 N
LONGITUDE: 97 48 W
[TEMPERATURE DATA] [PRECIPITATION DATA] SYMBOLS USED IN COLUMN 16
AVERAGE MONTHLY: 62.4 TOTAL FOR MONTH: 2.02 1 = FOG OR MIST
DPTR FM NORMAL: 6.7 DPTR FM NORMAL: M 2 = FOG REDUCING VISIBILITY
HIGHEST: 84 ON 2, 5 GRTST 24HR 0.85 ON 25-25 TO 1/4 MILE OR LESS
LOWEST: 36 ON 10, 1 3 = THUNDER
SNOW, ICE PELLETS, HAIL 4 = ICE PELLETS
TOTAL MONTH: M 5 = HAIL
GRTST 24HR M ON M 6 = FREEZING RAIN OR DRIZZLE
GRTST DEPTH: M ON M 7 = DUSTSTORM OR SANDSTORM:
VSBY 1/2 MILE OR LESS
8 = SMOKE OR HAZE
[NO. OF DAYS WITH] [WEATHER - DAYS WITH] 9 = BLOWING SNOW
X = TORNADO
MAX 32 OR BELOW: 0 0.01 INCH OR MORE: 8
MAX 90 OR ABOVE: 0 0.10 INCH OR MORE: 5
MIN 32 OR BELOW: 0 0.50 INCH OR MORE: 1
MIN 0 OR BELOW: 0 1.00 INCH OR MORE: 0
[HDD (BASE 65) ]
TOTAL THIS MO. 138 CLEAR (SCALE 0-3) 14
DPTR FM NORMAL -169 PTCLDY (SCALE 4-7) 15
TOTAL FM JUL 1 1680 CLOUDY (SCALE 8-10) 2
DPTR FM NORMAL -660
[CDD (BASE 65) ]
TOTAL THIS MO. 66
DPTR FM NORMAL 48 [PRESSURE DATA]
TOTAL FM JAN 1 106 HIGHEST SLP M ON M
DPTR FM NORMAL 84 LOWEST SLP M ON M
[REMARKS]
#FINAL-03-24#