000
CXUS53 KGRB 011423
CF6GRB
PRELIMINARY LOCAL CLIMATOLOGICAL DATA (WS FORM: F-6)
STATION: GREEN BAY WI
MONTH: DECEMBER
YEAR: 2023
LATITUDE: 44 28 N
LONGITUDE: 88 8 W
TEMPERATURE IN F: :PCPN: SNOW: WIND :SUNSHINE: SKY :PK WND
================================================================================
1 2 3 4 5 6A 6B 7 8 9 10 11 12 13 14 15 16 17 18
12Z AVG MX 2MIN
DY MAX MIN AVG DEP HDD CDD WTR SNW DPTH SPD SPD DIR MIN PSBL S-S WX SPD DR
================================================================================
1 36 20 28 -2 37 0 0.00 0.0 0 9.2 17 30 M M 1 23 30
2 40 25 33 4 32 0 0.00 0.0 0 6.3 12 40 M M 7 14 40
3 35 27 31 2 34 0 0.25 2.4 2 10.0 18 10 M M 10 1 24 360
4 33 21 27 -1 38 0 0.00 0.0 2 2.8 9 260 M M 8 11 260
5 41 30 36 8 29 0 0.00 0.0 2 5.1 13 300 M M 9 1 17 300
6 37 25 31 3 34 0 T 0.0 T 9.5 16 180 M M 5 24 180
7 46 29 38 11 27 0 0.00 0.0 0 5.1 10 120 M M 2 1 15 220
8 52 37 45 18 20 0 0.00 0.0 0 7.6 17 200 M M 0 1 27 190
9 43 33 38 11 27 0 0.21 0.3 T 8.9 16 260 M M 9 1 30 260
10 35 29 32 6 33 0 0.03 0.2 T 9.0 16 310 M M 10 1 21 310
11 31 21 26 0 39 0 0.00 0.0 T 7.8 16 220 M M 7 26 220
12 32 23 28 2 37 0 0.00 0.0 T 12.9 24 270 M M 2 33 250
13 36 21 29 4 36 0 0.00 0.0 0 5.2 10 260 M M 5 14 220
14 49 27 38 13 27 0 0.00 0.0 0 7.8 14 220 M M 0 21 230
15 46 33 40 15 25 0 0.00 0.0 0 5.5 10 20 M M 3 15 200
16 46 37 42 18 23 0 0.05 0.0 0 8.6 16 150 M M 9 18 23 150
17 42 34 38 14 27 0 T T 0 9.2 20 270 M M 10 1 27 270
18 34 23 29 5 36 0 T 0.1 0 16.3 31 320 M M 10 46 300
19 32 15 24 1 41 0 0.00 0.0 0 9.2 17 200 M M 3 25 200
20 39 26 33 10 32 0 0.00 0.0 0 6.5 15 50 M M 2 19 40
21 41 27 34 11 31 0 0.00 0.0 0 6.0 13 140 M M 4 8 17 40
22 44 36 40 17 25 0 0.00 0.0 0 2.9 6 130 M M 10 18 8 130
23 44 38 41 19 24 0 0.00 0.0 0 3.1 7 130 M M 10 12 9 240
24 52 41 47 25 18 0 0.00 0.0 0 9.6 21 160 M M 10 1 29 160
25 54 45 50 28 15 0 0.08 0.0 0 10.5 17 150 M M 8 1 22 170
26 50 35 43 21 22 0 0.17 0.0 0 7.8 17 200 M M 10 1 27 210
27 42 26 34 13 31 0 0.04 T 0 4.5 13 340 M M 1 1 17 340
28 40 34 37 16 28 0 0.41 T 0 11.7 18 20 M M 10 26 10
29 44 27 36 15 29 0 0.00 0.0 0 6.4 14 10 M M 5 18 350
30 40 22 31 10 34 0 0.00 0.0 0 3.1 13 280 M M 4 1 16 270
31 33 27 30 10 35 0 0.07 0.4 T 15.0 24 10 M M 10 16 31 20
================================================================================
SM 1269 894 926 0 1.31 3.4 243.1 M 194
================================================================================
AV 40.9 28.8 7.8 FASTST M M 6 MAX(MPH)
MISC ----> 31 320 46 300
================================================================================
NOTES:
# LAST OF SEVERAL OCCURRENCES
COLUMN 17 PEAK WIND IN M.P.H.
PRELIMINARY LOCAL CLIMATOLOGICAL DATA (WS FORM: F-6) , PAGE 2
STATION: GREEN BAY WI
MONTH: DECEMBER
YEAR: 2023
LATITUDE: 44 28 N
LONGITUDE: 88 8 W
[TEMPERATURE DATA] [PRECIPITATION DATA] SYMBOLS USED IN COLUMN 16
AVERAGE MONTHLY: 34.9 TOTAL FOR MONTH: 1.31 1 = FOG OR MIST
DPTR FM NORMAL: 10.4 DPTR FM NORMAL: -0.44 2 = FOG REDUCING VISIBILITY
HIGHEST: 54 ON 25 GRTST 24HR 0.44 ON 27-28 TO 1/4 MILE OR LESS
LOWEST: 15 ON 19 3 = THUNDER
SNOW, ICE PELLETS, HAIL 4 = ICE PELLETS
TOTAL MONTH: 3.4 INCHES 5 = HAIL
GRTST 24HR 2.4 ON 3- 3 6 = FREEZING RAIN OR DRIZZLE
GRTST DEPTH: 2 ON 5, 4 7 = DUSTSTORM OR SANDSTORM:
VSBY 1/2 MILE OR LESS
8 = SMOKE OR HAZE
[NO. OF DAYS WITH] [WEATHER - DAYS WITH] 9 = BLOWING SNOW
X = TORNADO
MAX 32 OR BELOW: 3 0.01 INCH OR MORE: 9
MAX 90 OR ABOVE: 0 0.10 INCH OR MORE: 4
MIN 32 OR BELOW: 20 0.50 INCH OR MORE: 0
MIN 0 OR BELOW: 0 1.00 INCH OR MORE: 0
[HDD (BASE 65) ]
TOTAL THIS MO. 926 CLEAR (SCALE 0-3) 9
DPTR FM NORMAL -328 PTCLDY (SCALE 4-7) 8
TOTAL FM JUL 1 2307 CLOUDY (SCALE 8-10) 14
DPTR FM NORMAL -526
[CDD (BASE 65) ]
TOTAL THIS MO. 0
DPTR FM NORMAL 0 [PRESSURE DATA]
TOTAL FM JAN 1 624 HIGHEST SLP 30.62 ON 13
DPTR FM NORMAL 116 LOWEST SLP 29.53 ON 9
[REMARKS]
#FINAL-12-23#