000
CXUS53 KGRB 020656
CLSGRB
CLIMATE REPORT
NATIONAL WEATHER SERVICE GREEN BAY
156 AM CDT WED JUN 02 2021
...................................
...THE GREEN BAY WI CLIMATE SUMMARY FOR THE SEASON, FROM
3/1/2021 TO 5/31/2021...
CLIMATE NORMAL PERIOD: 1991 TO 2020
CLIMATE RECORD PERIOD: 1886 TO 2021
WEATHER OBSERVED NORMAL DEPART LAST YEAR`S
VALUE DATE(S) VALUE FROM VALUE DATE(S)
NORMAL
................................................................
TEMPERATURE (F)
RECORD
HIGH 99 05/31/1934
LOW -29 03/01/1962
HIGHEST 87 05/22 85 2 87 05/27
05/26
LOWEST 17 03/02 3 14 19 03/21
AVG. MAXIMUM 57.7 53.8 3.9 52.6
AVG. MINIMUM 36.8 34.9 1.9 35.6
MEAN 47.2 44.3 2.9 44.1
DAYS MAX >= 90 0 0.2 -0.2 0
DAYS MAX <= 32 1 7.5 -6.5 2
DAYS MIN <= 32 36 38.6 -2.6 40
DAYS MIN <= 0 0 1.3 -1.3 0
PRECIPITATION (INCHES)
RECORD
MAXIMUM 14.12 1918
MINIMUM 3.42 1931
TOTALS 5.17 8.31 -3.14 11.78
DAILY AVG. 0.06 0.09 -0.03 0.13
DAYS >= .01 34 34.5 -0.5 32
DAYS >= .10 18 18.9 -0.9 16
DAYS >= .50 1 5.6 -4.6 9
DAYS >= 1.00 0 1.3 -1.3 3
SNOWFALL (INCHES)
RECORDS
TOTAL 51.9 1888
24 HR TOTAL MM
TOTALS 4.3 12.8 -8.5 3.6
SINCE 7/1 32.0 55.6 -23.6 61.3
DAYS >= TRACE 10 9.3 0.7 20
DAYS >= 1.0 1 3.9 -2.9 1
GREATEST
SNOW DEPTH 3 03/15 7 03/01
24 HR TOTAL MM
DEGREE DAYS
HEATING TOTAL 1660 1929 -269 1939
SINCE 7/1 7037 7438 -401 7266
COOLING TOTAL 45 28 17 39
SINCE 1/1 45 27 18 39
FREEZE DATES
RECORD
EARLIEST 09/12/1955
LATEST 06/06/1958
EARLIEST 10/02
LATEST 05/13
................................................................
WIND (MPH)
AVERAGE WIND SPEED 9.2
RESULTANT WIND SPEED/DIRECTION 0/230
HIGHEST WIND SPEED/DIRECTION 37/260 DATE 03/11
HIGHEST GUST SPEED/DIRECTION 51/040 DATE 03/18
SKY COVER
POSSIBLE SUNSHINE (PERCENT) MM
AVERAGE SKY COVER 0.43
NUMBER OF DAYS FAIR 44
NUMBER OF DAYS PC 25
NUMBER OF DAYS CLOUDY 23
AVERAGE RH (PERCENT) 65
WEATHER CONDITIONS. NUMBER OF DAYS WITH
THUNDERSTORM 7 MIXED PRECIP 0
HEAVY RAIN 8 RAIN 14
LIGHT RAIN 33 FREEZING RAIN 0
LT FREEZING RAIN 0 HAIL 0
HEAVY SNOW 0 SNOW 2
LIGHT SNOW 7 SLEET 0
FOG 33 FOG W/VIS <= 1/4 MILE 2
HAZE 10
- INDICATES NEGATIVE NUMBERS.
R INDICATES RECORD WAS SET OR TIED.
MM INDICATES DATA IS MISSING.
T INDICATES TRACE AMOUNT.
$$