000
CXGM50 PGUM 010005
CF6GSN
PRELIMINARY LOCAL CLIMATOLOGICAL DATA (WS FORM: F-6)
STATION: SAIPAN/ISLEY_(CGS) MP
MONTH: AUGUST
YEAR: 2020
LATITUDE: 15 7 N
LONGITUDE: 145-44 E
TEMPERATURE IN F: :PCPN: SNOW: WIND :SUNSHINE: SKY :PK WND
================================================================================
1 2 3 4 5 6A 6B 7 8 9 10 11 12 13 14 15 16 17 18
12Z AVG MX 2MIN
DY MAX MIN AVG DEP HDD CDD WTR SNW DPTH SPD SPD DIR MIN PSBL S-S WX SPD DR
================================================================================
1 90 83 87 M 0 22 T 0.0 0 10.7 15 100 M M 3 19 80
2 90 78 84 M 0 19 0.20 0.0 0 11.2 21 90 M M 3 28 120
3 90 79 85 M 0 20 0.17 0.0 0 13.6 25 100 M M 4 32 100
4 91 82 87 M 0 22 0.03 0.0 0 16.5 25 70 M M 3 32 70
5 91 82 87 M 0 22 0.01 0.0 0 13.6 20 70 M M 4 23 80
6 91 81 86 M 0 21 0.18 0.0 0 10.3 17 80 M M 2 24 90
7 91 82 87 M 0 22 T 0.0 0 10.2 21 100 M M 2 25 110
8 90 82 86 M 0 21 0.02 0.0 0 7.6 13 70 M M 3 M M
9 92 82 87 M 0 22 0.08 0.0 0 10.3 18 100 M M 3 25 90
10 93 81 87 M 0 22 0.15 0.0 0 12.2 20 110 M M 3 24 60
11 91 80 86 M 0 21 0.17 0.0 0 10.3 17 60 M M 2 21 40
12 92 78 85 M 0 20 0.27 0.0 0 9.1 15 340 M M 4 20 120
13 86 76 81 M 0 16 0.35 0.0 0 5.2 17 40 M M 2 13 23 40
14 89 79 84 M 0 19 T 0.0 0 5.3 17 70 M M 2 21 70
15 90 81 86 M 0 21 0.00 0.0 0 5.5 13 70 M M 2 16 60
16 90 80 85 M 0 20 T 0.0 0 7.7 14 60 M M 2 19 80
17 92 80 86 M 0 21 0.02 0.0 0 6.6 15 100 M M 3 20 90
18 90 81 86 M 0 21 0.10 0.0 0 6.7 18 130 M M 2 23 130
19 92 80 86 M 0 21 0.00 0.0 0 5.2 13 160 M M 2 15 180
20 92 81 87 M 0 22 T 0.0 0 6.1 13 80 M M 2 15 80
21 92 82 87 M 0 22 0.02 0.0 0 8.2 16 150 M M 1 20 150
22 90 81 86 M 0 21 0.07 0.0 0 2.7 12 40 M M 3 13 40
23 91 76 84 M 0 19 0.02 0.0 0 6.7 30 90 M M 3 38 90
24 93 80 87 M 0 22 0.27 0.0 0 3.5 13 220 M M 3 17 210
25 90 79 85 M 0 20 0.04 0.0 0 4.8 14 140 M M 2 18 19 140
26 91 81 86 M 0 21 0.02 0.0 0 6.3 12 90 M M 1 15 170
27 88 78 83 M 0 18 2.52 0.0 0 3.9 15 140 M M 4 13 22 140
28 86 76 81 M 0 16 1.98 0.0 0 4.8 18 260 M M 4 1 28 240
29 87 79 83 M 0 18 0.00 0.0 0 8.9 17 200 M M 3 23 200
30 90 81 86 M 0 21 0.00 0.0 M 5.2 12 160 M M 1 14 150
31 91 80 86 M 0 21 0.00 0.0 0 6.0 15 150 M M 3 20 160
================================================================================
SM 2802 2481 0 634 6.69 0.0 244.9 M 81
================================================================================
AV 90.4 80.0 7.9 FASTST M M 3 MAX(MPH)
MISC ----> # 30 90 # 38 90
================================================================================
NOTES:
# LAST OF SEVERAL OCCURRENCES
COLUMN 17 PEAK WIND IN M.P.H.
PRELIMINARY LOCAL CLIMATOLOGICAL DATA (WS FORM: F-6) , PAGE 2
STATION: SAIPAN/ISLEY_(CGS) MP
MONTH: AUGUST
YEAR: 2020
LATITUDE: 15 7 N
LONGITUDE: 145-44 E
[TEMPERATURE DATA] [PRECIPITATION DATA] SYMBOLS USED IN COLUMN 16
AVERAGE MONTHLY: 85.2 TOTAL FOR MONTH: 6.69 1 = FOG OR MIST
DPTR FM NORMAL: M DPTR FM NORMAL: -5.46 2 = FOG REDUCING VISIBILITY
HIGHEST: 93 ON 24,10 GRTST 24HR 2.52 ON 27-27 TO 1/4 MILE OR LESS
LOWEST: 76 ON 28,23 3 = THUNDER
SNOW, ICE PELLETS, HAIL 4 = ICE PELLETS
TOTAL MONTH: 0.0 INCH 5 = HAIL
GRTST 24HR 0.0 6 = FREEZING RAIN OR DRIZZLE
GRTST DEPTH: 0 7 = DUSTSTORM OR SANDSTORM:
VSBY 1/2 MILE OR LESS
8 = SMOKE OR HAZE
[NO. OF DAYS WITH] [WEATHER - DAYS WITH] 9 = BLOWING SNOW
X = TORNADO
MAX 32 OR BELOW: 0 0.01 INCH OR MORE: 21
MAX 90 OR ABOVE: 26 0.10 INCH OR MORE: 11
MIN 32 OR BELOW: 0 0.50 INCH OR MORE: 2
MIN 0 OR BELOW: 0 1.00 INCH OR MORE: 2
[HDD (BASE 65) ]
TOTAL THIS MO. 0 CLEAR (SCALE 0-3) 21
DPTR FM NORMAL M PTCLDY (SCALE 4-7) 10
TOTAL FM JUL 1 0 CLOUDY (SCALE 8-10) 0
DPTR FM NORMAL M
[CDD (BASE 65) ]
TOTAL THIS MO. 634
DPTR FM NORMAL M [PRESSURE DATA]
TOTAL FM JAN 1 4672 HIGHEST SLP M ON M
DPTR FM NORMAL M LOWEST SLP 29.75 ON 28
[REMARKS]
#FINAL-08-20#