000
CXUS52 KRAH 010845
CF6GSO
PRELIMINARY LOCAL CLIMATOLOGICAL DATA (WS FORM: F-6)
STATION: PIEDMONT TRIAD INTL AIRPORT NC
MONTH: AUGUST
YEAR: 2020
LATITUDE: 36 4 N
LONGITUDE: 79 57 W
TEMPERATURE IN F: :PCPN: SNOW: WIND :SUNSHINE: SKY :PK WND
================================================================================
1 2 3 4 5 6A 6B 7 8 9 10 11 12 13 14 15 16 17 18
12Z AVG MX 2MIN
DY MAX MIN AVG DEP HDD CDD WTR SNW DPTH SPD SPD DIR MIN PSBL S-S WX SPD DR
================================================================================
1 90 71 81 3 0 16 0.00 0.0 0 8.4 16 210 M M 8 3 22 220
2 92 73 83 5 0 18 0.37 0.0 0 10.4 21 200 M M 6 13 27 220
3 84 69 77 -1 0 12 0.19 0.0 0 7.6 26 140 M M 9 13 34 150
4 86 68 77 -1 0 12 0.23 0.0 0 8.5 16 250 M M 7 18 19 250
5 87 68 78 0 0 13 0.48 0.0 0 5.0 15 150 M M 7 13 20 150
6 88 67 78 0 0 13 1.90 0.0 0 4.4 24 150 M M 9 13 27 160
7 84 68 76 -2 0 11 0.05 0.0 0 2.1 8 80 M M 9 13 270
8 86 70 78 0 0 13 0.02 0.0 0 3.7 16 160 M M 7 13 21 160
9 91 70 81 3 0 16 0.00 0.0 0 4.4 12 160 M M 2 24 150
10 89 70 80 2 0 15 T 0.0 0 4.6 20 240 M M 4 3 28 240
11 88 71 80 2 0 15 T 0.0 0 4.4 14 120 M M 6 13 18 300
12 89 72 81 3 0 16 0.00 0.0 0 4.5 15 170 M M 5 19 150
13 87 70 79 1 0 14 2.19 0.0 0 6.6 18 150 M M 9 13 23 150
14 84 72 78 0 0 13 0.25 0.0 M 4.5 12 70 M M 9 13 15 70
15 82 64 73 -5 0 8 0.91 0.0 M 6.0 15 30 M M 10 13 20 40
16 79 63 71 -6 0 6 0.01 0.0 M 6.1 12 60 M M 8 1 17 340
17 84 65 75 -2 0 10 0.20 0.0 M 3.4 26 320 M M 6 13 32 320
18 86 63 75 -2 0 10 0.00 0.0 M 3.3 10 270 M M 4 14 280
19 86 66 76 -1 0 11 0.00 0.0 0 4.4 22 330 M M 6 3 29 330
20 81 68 75 -2 0 10 T 0.0 0 6.6 15 70 M M 7 18 70
21 78 69 74 -3 0 9 0.07 0.0 0 5.0 14 320 M M 10 19 320
22 82 70 76 -1 0 11 0.05 0.0 0 4.9 14 170 M M 9 1 17 180
23 85 69 77 0 0 12 0.00 0.0 0 8.4 15 180 M M 8 20 220
24 82 70 76 0 0 11 T 0.0 0 8.3 17 200 M M 8 21 190
25 90 70 80 4 0 15 0.00 0.0 0 9.2 15 280 M M 6 20 300
26 89 68 79 3 0 14 0.00 0.0 0 4.6 10 290 M M 2 13 30
27 90 71 81 5 0 16 0.00 0.0 0 7.5 15 220 M M 6 18 230
28 90 74 82 6 0 17 0.01 0.0 0 8.9 20 220 M M 7 3 26 250
29 87 74 81 5 0 16 0.03 0.0 0 11.8 22 250 M M 8 29 240
30 84 68 76 1 0 11 0.00 0.0 0 4.1 10 130 M M 5 13 320
31 81 69 75 0 0 10 1.82 0.0 M 7.8 21 310 M M 9 13 27 290
================================================================================
SM 2661 2140 0 394 8.78 0.0 189.4 M 216
================================================================================
AV 85.8 69.0 6.1 FASTST M M 7 MAX(MPH)
MISC ----> # 26 140 34 150
================================================================================
NOTES:
# LAST OF SEVERAL OCCURRENCES
COLUMN 17 PEAK WIND IN M.P.H.
PRELIMINARY LOCAL CLIMATOLOGICAL DATA (WS FORM: F-6) , PAGE 2
STATION: PIEDMONT TRIAD INTL AIRPORT NC
MONTH: AUGUST
YEAR: 2020
LATITUDE: 36 4 N
LONGITUDE: 79 57 W
[TEMPERATURE DATA] [PRECIPITATION DATA] SYMBOLS USED IN COLUMN 16
AVERAGE MONTHLY: 77.4 TOTAL FOR MONTH: 8.78 1 = FOG OR MIST
DPTR FM NORMAL: 0.3 DPTR FM NORMAL: 4.90 2 = FOG REDUCING VISIBILITY
HIGHEST: 92 ON 2 GRTST 24HR 2.33 ON 13-14 TO 1/4 MILE OR LESS
LOWEST: 63 ON 18,16 3 = THUNDER
SNOW, ICE PELLETS, HAIL 4 = ICE PELLETS
TOTAL MONTH: 0.0 INCH 5 = HAIL
GRTST 24HR 0.0 6 = FREEZING RAIN OR DRIZZLE
GRTST DEPTH: 0 7 = DUSTSTORM OR SANDSTORM:
VSBY 1/2 MILE OR LESS
8 = SMOKE OR HAZE
[NO. OF DAYS WITH] [WEATHER - DAYS WITH] 9 = BLOWING SNOW
X = TORNADO
MAX 32 OR BELOW: 0 0.01 INCH OR MORE: 17
MAX 90 OR ABOVE: 6 0.10 INCH OR MORE: 10
MIN 32 OR BELOW: 0 0.50 INCH OR MORE: 4
MIN 0 OR BELOW: 0 1.00 INCH OR MORE: 3
[HDD (BASE 65) ]
TOTAL THIS MO. 0 CLEAR (SCALE 0-3) 2
DPTR FM NORMAL -1 PTCLDY (SCALE 4-7) 17
TOTAL FM JUL 1 0 CLOUDY (SCALE 8-10) 12
DPTR FM NORMAL 0
[CDD (BASE 65) ]
TOTAL THIS MO. 394
DPTR FM NORMAL 17 [PRESSURE DATA]
TOTAL FM JAN 1 1316 HIGHEST SLP 30.16 ON 24
DPTR FM NORMAL 54 LOWEST SLP 29.67 ON 29
[REMARKS]
#FINAL-08-20#