266
CXUS52 KGSP 011722
CF6GSP
PRELIMINARY LOCAL CLIMATOLOGICAL DATA (WS FORM: F-6)
STATION: GREENVILLE-SPARTANBURG SC
MONTH: MAY
YEAR: 2020
LATITUDE: 34 54 N
LONGITUDE: 82 13 W
TEMPERATURE IN F: :PCPN: SNOW: WIND :SUNSHINE: SKY :PK WND
================================================================================
1 2 3 4 5 6A 6B 7 8 9 10 11 12 13 14 15 16 17 18
12Z AVG MX 2MIN
DY MAX MIN AVG DEP HDD CDD WTR SNW DPTH SPD SPD DIR MIN PSBL S-S WX SPD DR
================================================================================
1 74 45 60 -4 5 0 0.00 0.0 0 4.2 14 250 M M 2 17 250
2 78 44 61 -4 4 0 0.00 0.0 0 5.8 15 220 M M 0 19 200
3 84 57 71 6 0 6 0.00 0.0 0 9.4 22 220 M M 0 28 230
4 84 60 72 7 0 7 0.35 0.0 0 4.6 24 350 M M 3 13 32 350
5 75 61 68 2 0 3 3.21 T 0 6.3 29 220 M M 7 135 43 220
6 73 46 60 -6 5 0 T 0.0 0 8.5 21 340 M M 3 1 30 360
7 68 40 54 -12 11 0 0.00 0.0 0 5.8 16 350 M M 0 26 340
8 62 43 53 -13 12 0 0.09 0.0 0 9.1 25 230 M M 6 1 36 230
9 65 41 53 -14 12 0 0.00 0.0 0 5.9 17 350 M M 0 24 350
10 70 36 53 -14 12 0 0.00 0.0 0 7.7 20 250 M M 0 27 240
11 67 43 55 -12 10 0 0.00 0.0 0 5.8 13 30 M M 0 21 350
12 68 38 53 -15 12 0 0.00 0.0 0 3.7 14 230 M M 2 21 290
13 68 50 59 -9 6 0 T 0.0 0 4.9 12 60 M M 6 15 50
14 80 54 67 -1 0 2 T 0.0 0 5.0 15 210 M M 6 19 220
15 81 56 69 1 0 4 0.00 0.0 0 6.0 15 180 M M 2 20 200
16 84 57 71 2 0 6 0.00 0.0 0 3.6 10 160 M M 0 14 80
17 84 57 71 2 0 6 0.00 0.0 0 5.6 14 140 M M 2 1 20 90
18 71 61 66 -3 0 1 2.02 0.0 0 4.6 17 170 M M 7 13 23 190
19 71 54 63 -7 2 0 2.66 0.0 0 11.7 21 20 M M 9 13 29 30
20 55 49 52 -18 13 0 1.92 0.0 0 14.9 25 20 M M 10 13 32 20
21 70 52 61 -9 4 0 0.14 0.0 0 8.2 18 20 M M 7 1 23 20
22 79 52 66 -4 0 1 0.37 0.0 0 3.4 28 280 M M 4 1238 47 270
23 87 64 76 5 0 11 0.00 0.0 0 6.2 14 240 M M 4 1 17 230
24 89 64 77 6 0 12 0.57 0.0 0 4.5 32 220 M M 0 13 41 220
25 81 64 73 2 0 8 0.46 0.0 0 4.8 21 90 M M 8 1 27 80
26 74 66 70 -2 0 5 T 0.0 0 6.6 15 70 M M 10 1 21 80
27 71 63 67 -5 0 2 0.15 0.0 0 7.0 15 50 M M 9 1 21 20
28 83 66 75 3 0 10 0.14 0.0 0 2.4 12 230 M M 7 13 15 230
29 84 65 75 3 0 10 0.49 0.0 0 4.8 17 200 M M 4 123 22 190
30 88 67 78 5 0 13 0.00 0.0 0 3.4 10 180 M M 6 1 20 200
31 81 64 73 0 0 8 0.00 0.0 0 5.8 16 50 M M 6 21 80
================================================================================
SM 2349 1679 108 115 12.57 T 190.2 M 130
================================================================================
AV 75.8 54.2 6.1 FASTST M M 4 MAX(MPH)
MISC ----> 32 220 47 270
================================================================================
NOTES:
# LAST OF SEVERAL OCCURRENCES
COLUMN 17 PEAK WIND IN M.P.H.
PRELIMINARY LOCAL CLIMATOLOGICAL DATA (WS FORM: F-6) , PAGE 2
STATION: GREENVILLE-SPARTANBURG SC
MONTH: MAY
YEAR: 2020
LATITUDE: 34 54 N
LONGITUDE: 82 13 W
[TEMPERATURE DATA] [PRECIPITATION DATA] SYMBOLS USED IN COLUMN 16
AVERAGE MONTHLY: 65.0 TOTAL FOR MONTH: 12.57 1 = FOG OR MIST
DPTR FM NORMAL: -3.7 DPTR FM NORMAL: 8.81 2 = FOG REDUCING VISIBILITY
HIGHEST: 89 ON 24 GRTST 24HR 3.39 ON 4- 5 TO 1/4 MILE OR LESS
LOWEST: 36 ON 10 3 = THUNDER
SNOW, ICE PELLETS, HAIL 4 = ICE PELLETS
TOTAL MONTH: T 5 = HAIL
GRTST 24HR T ON 5- 5 6 = FREEZING RAIN OR DRIZZLE
GRTST DEPTH: 0 7 = DUSTSTORM OR SANDSTORM:
VSBY 1/2 MILE OR LESS
8 = SMOKE OR HAZE
[NO. OF DAYS WITH] [WEATHER - DAYS WITH] 9 = BLOWING SNOW
X = TORNADO
MAX 32 OR BELOW: 0 0.01 INCH OR MORE: 13
MAX 90 OR ABOVE: 0 0.10 INCH OR MORE: 12
MIN 32 OR BELOW: 0 0.50 INCH OR MORE: 5
MIN 0 OR BELOW: 0 1.00 INCH OR MORE: 4
[HDD (BASE 65) ]
TOTAL THIS MO. 108 CLEAR (SCALE 0-3) 14
DPTR FM NORMAL 70 PTCLDY (SCALE 4-7) 13
TOTAL FM JUL 1 2728 CLOUDY (SCALE 8-10) 4
DPTR FM NORMAL -317
[CDD (BASE 65) ]
TOTAL THIS MO. 115
DPTR FM NORMAL -38 [PRESSURE DATA]
TOTAL FM JAN 1 184 HIGHEST SLP 30.35 ON 13
DPTR FM NORMAL -17 LOWEST SLP 29.68 ON 5
[REMARKS]
#FINAL-05-20#