000
CXUS52 KGSP 011356
CLMGSP
CLIMATE REPORT
NATIONAL WEATHER SERVICE GREENVILLE-SPARTANBURG SC
856 AM EST THU FEB 01 2024
...................................
...THE GREENVILLE-SPARTANBURG SC CLIMATE SUMMARY FOR THE MONTH OF JANUARY 2024...
CLIMATE NORMAL PERIOD 1991 TO 2020
CLIMATE RECORD PERIOD 1884 TO 2024
WEATHER OBSERVED NORMAL DEPART LAST YEAR`S
VALUE DATE(S) VALUE FROM VALUE DATE(S)
NORMAL
................................................................
TEMPERATURE (F)
RECORD
HIGH 82 01/14/1911
LOW -6 01/30/1966
HIGHEST 72 01/26 MM MM 72 01/02
LOWEST 11 01/21 MM MM 21 01/15
AVG. MAXIMUM 51.9 52.8 -0.9 57.4
AVG. MINIMUM 30.7 32.1 -1.4 37.9
MEAN 41.3 42.5 -1.2 47.7
DAYS MAX >= 90 0 0.0 0.0 0
DAYS MAX <= 32 1 0.8 0.2 0
DAYS MIN <= 32 18 16.3 1.7 10
DAYS MIN <= 0 0 0.0 0.0 0
PRECIPITATION (INCHES)
RECORD
MAXIMUM 10.63 1906
MINIMUM 0.29 1981
TOTALS 10.30 4.12 6.18 7.74
DAILY AVG. 0.33 0.13 0.20 0.25
DAYS >= .01 12 10.4 1.6 10
DAYS >= .10 7 6.9 0.1 9
DAYS >= .50 5 3.0 2.0 5
DAYS >= 1.00 4 1.2 2.8 3
GREATEST
24 HR. TOTAL 4.39 01/08 TO 01/09 3.65 01/03 TO 01/04
STORM TOTAL 4.38 2.74
(MM/DD(HH)) MM
SNOWFALL (INCHES)
RECORDS
TOTAL 12.9 1893
24 HR TOTAL 12.0 01/07/1988 TO 01/07/1988
SNOW DEPTH 6 01/17/2022
TOTALS 0.0 1.6 -1.6 T
LIQUID EQUIV 0.00 0.10 -0.10 T
SINCE 7/1 T 2.3 -2.3 MM
LIQUID 7/1 -0.10 0.20 -0.30 MM
SNOWDEPTH AVG. 0 0
DAYS >= TRACE 0 1.1 -1.1 1
DAYS >= 1.0 0 0.6 -0.6 0
GREATEST
SNOW DEPTH 0 0 MM
24 HR TOTAL MM MM
STORM TOTAL 0.0 0.0
(MM/DD(HH)) MM
DEGREE DAYS
HEATING TOTAL 724 699 25 528
SINCE 7/1 1815 1894 -79 MM
COOLING TOTAL 0 0 0 0
SINCE 1/1 0 0 0 MM
FREEZE DATES
RECORD
EARLIEST MM
LATEST MM
EARLIEST 11/01
LATEST 03/21
................................................................
WIND (MPH)
AVERAGE WIND SPEED 6.8
HIGHEST WIND SPEED/DIRECTION 33/240 DATE 01/10
HIGHEST GUST SPEED/DIRECTION 51/230 DATE 01/09
SKY COVER
POSSIBLE SUNSHINE (PERCENT) MM
AVERAGE SKY COVER 0.34
NUMBER OF DAYS FAIR 20
NUMBER OF DAYS PC 5
NUMBER OF DAYS CLOUDY 6
AVERAGE RH (PERCENT) 62
WEATHER CONDITIONS. NUMBER OF DAYS WITH
THUNDERSTORM 3 MIXED PRECIP 0
HEAVY RAIN 6 RAIN 7
LIGHT RAIN 14 FREEZING RAIN 0
LT FREEZING RAIN 0 HAIL 0
HEAVY SNOW 0 SNOW 0
LIGHT SNOW 0 SLEET 0
FOG 12 FOG W/VIS <= 1/4 MILE 3
HAZE 2
- INDICATES NEGATIVE NUMBERS.
R INDICATES RECORD WAS SET OR TIED.
MM INDICATES DATA IS MISSING.
T INDICATES TRACE AMOUNT.
$$