000
CXUS56 KTFX 011110
CF6GTF
PRELIMINARY LOCAL CLIMATOLOGICAL DATA (WS FORM: F-6)
STATION: GREAT FALLS MT
MONTH: AUGUST
YEAR: 2023
LATITUDE: 47 28 N
LONGITUDE: 111 22 W
TEMPERATURE IN F: :PCPN: SNOW: WIND :SUNSHINE: SKY :PK WND
================================================================================
1 2 3 4 5 6A 6B 7 8 9 10 11 12 13 14 15 16 17 18
12Z AVG MX 2MIN
DY MAX MIN AVG DEP HDD CDD WTR SNW DPTH SPD SPD DIR MIN PSBL S-S WX SPD DR
================================================================================
1 94 59 77 7 0 12 0.00 0.0 0 8.1 17 330 M M 0 8 27 330
2 95 52 74 4 0 9 0.00 0.0 0 9.3 23 190 M M 0 8 33 190
3 90 62 76 6 0 11 0.00 0.0 0 7.6 17 200 M M 0 23 200
4 84 60 72 2 0 7 0.00 0.0 0 7.9 24 120 M M 1 3 32 120
5 72 57 65 -5 0 0 0.33 0.0 0 7.2 17 210 M M 6 1 24 220
6 70 51 61 -8 4 0 0.03 0.0 0 7.9 18 100 M M 8 1 24 90
7 80 48 64 -5 1 0 0.00 0.0 0 4.2 10 270 M M 2 1 16 240
8 85 48 67 -2 0 2 0.00 0.0 0 6.5 12 300 M M 0 17 80
9 86 54 70 1 0 5 0.03 0.0 0 12.7 25 320 M M 1 1 37 310
10 80 54 67 -2 0 2 0.00 0.0 0 16.4 30 250 M M 2 41 210
11 84 48 66 -2 0 1 0.00 0.0 0 7.7 15 260 M M 0 23 250
12 84 51 68 0 0 3 0.04 0.0 0 9.6 25 40 M M 4 1 33 40
13 81 48 65 -3 0 0 0.00 0.0 0 5.9 13 60 M M 1 19 50
14 94 49 72 4 0 7 0.00 0.0 0 6.2 14 220 M M 0 18 220
15 100 62 81 14 0 16 0.00 0.0 0 10.6 20 220 M M 0 29 300
16 84 60 72 5 0 7 0.00 0.0 0 8.0 18 360 M M 1 24 360
17 101 55 78 11 0 13 0.00 0.0 0 11.8 23 240 M M 0 8 33 200
18 92 53 73 7 0 8 0.00 0.0 0 19.7 40 230 M M 1 55 240
19 70 50 60 -6 5 0 0.00 0.0 0 9.1 20 50 M M 5 26 70
20 74 54 64 -2 1 0 T 0.0 0 6.5 17 190 M M 6 24 190
21 69 58 64 -2 1 0 0.13 0.0 0 7.5 16 180 M M 9 1 22 180
22 88 56 72 7 0 7 T 0.0 0 7.2 26 270 M M 7 123 36 280
23 82 56 69 4 0 4 0.01 0.0 0 14.2 29 240 M M 5 39 230
24 84 53 69 4 0 4 0.00 0.0 0 12.3 22 10 M M 0 30 280
25 82 43 63 -1 2 0 0.00 0.0 0 6.0 17 290 M M 1 23 280
26 89 54 72 8 0 7 0.00 0.0 0 8.7 18 310 M M 0 24 310
27 88 50 69 5 0 4 0.00 0.0 0 6.1 14 220 M M 0 18 40
28 88 51 70 7 0 5 0.00 0.0 0 5.4 16 130 M M 3 20 130
29 96 48 72 9 0 7 0.06 M 0 8.5 35 270 M M 1 3 48 270
30 73 57 65 2 0 0 T 0.0 0 23.6 37 240 M M 3 50 230
31 80 55 68 6 0 3 T 0.0 0 14.9 25 240 M M 3 35 240
================================================================================
SM 2619 1656 14 144 0.63 0.0 297.3 M 70
================================================================================
AV 84.5 53.4 9.6 FASTST M M 2 MAX(MPH)
MISC ----> 40 230 55 240
================================================================================
NOTES:
# LAST OF SEVERAL OCCURRENCES
COLUMN 17 PEAK WIND IN M.P.H.
PRELIMINARY LOCAL CLIMATOLOGICAL DATA (WS FORM: F-6) , PAGE 2
STATION: GREAT FALLS MT
MONTH: AUGUST
YEAR: 2023
LATITUDE: 47 28 N
LONGITUDE: 111 22 W
[TEMPERATURE DATA] [PRECIPITATION DATA] SYMBOLS USED IN COLUMN 16
AVERAGE MONTHLY: 69.0 TOTAL FOR MONTH: 0.63 1 = FOG OR MIST
DPTR FM NORMAL: 2.3 DPTR FM NORMAL: -0.59 2 = FOG REDUCING VISIBILITY
HIGHEST: 101 ON 17 GRTST 24HR 0.34 ON 5- 6 TO 1/4 MILE OR LESS
LOWEST: 43 ON 25 3 = THUNDER
SNOW, ICE PELLETS, HAIL 4 = ICE PELLETS
TOTAL MONTH: 0.0 INCH 5 = HAIL
GRTST 24HR 0.0 6 = FREEZING RAIN OR DRIZZLE
GRTST DEPTH: 0 7 = DUSTSTORM OR SANDSTORM:
VSBY 1/2 MILE OR LESS
8 = SMOKE OR HAZE
[NO. OF DAYS WITH] [WEATHER - DAYS WITH] 9 = BLOWING SNOW
X = TORNADO
MAX 32 OR BELOW: 0 0.01 INCH OR MORE: 7
MAX 90 OR ABOVE: 8 0.10 INCH OR MORE: 2
MIN 32 OR BELOW: 0 0.50 INCH OR MORE: 0
MIN 0 OR BELOW: 0 1.00 INCH OR MORE: 0
[HDD (BASE 65) ]
TOTAL THIS MO. 14 CLEAR (SCALE 0-3) 22
DPTR FM NORMAL -52 PTCLDY (SCALE 4-7) 7
TOTAL FM JUL 1 40 CLOUDY (SCALE 8-10) 2
DPTR FM NORMAL -76
[CDD (BASE 65) ]
TOTAL THIS MO. 144
DPTR FM NORMAL 24 [PRESSURE DATA]
TOTAL FM JAN 1 304 HIGHEST SLP 30.33 ON 25
DPTR FM NORMAL 21 LOWEST SLP 29.51 ON 18
[REMARKS]
#FINAL-08-23#