000
CXUS52 KFFC 011110
CF6GVL
PRELIMINARY LOCAL CLIMATOLOGICAL DATA (WS FORM: F-6)
STATION: GAINESVILLE
MONTH: FEBRUARY
YEAR: 2023
LATITUDE: 34 16 N
LONGITUDE: 83 50 W
TEMPERATURE IN F: :PCPN: SNOW: WIND :SUNSHINE: SKY :PK WND
================================================================================
1 2 3 4 5 6A 6B 7 8 9 10 11 12 13 14 15 16 17 18
12Z AVG MX 2MIN
DY MAX MIN AVG DEP HDD CDD WTR SNW DPTH SPD SPD DIR MIN PSBL S-S WX SPD DR
================================================================================
1 60 46 53 10 12 0 T M M 8.5 14 250 M M 8 1 20 290
2 48 45 47 4 18 0 0.79 M M 3.4 8 300 M M 10 1 14 290
3 50 34 42 -2 23 0 T M M 10.7 20 310 M M 3 29 320
4 47 28 38 -6 27 0 0.00 M M 5.6 14 80 M M 0 20 110
5 59 31 45 1 20 0 0.00 M M 3.0 9 300 M M 2 14 290
6 65 40 53 9 12 0 0.00 M M 5.2 12 250 M M 0 20 310
7 66 37 52 8 13 0 0.00 M M 3.5 9 140 M M 0 17 180
8 68 46 57 13 8 0 0.05 M M 3.1 10 100 M M 6 8 13 90
9 66 50 58 14 7 0 0.50 0.0 M 5.6 17 260 M M 8 1 24 260
10 64 47 56 11 9 0 0.02 0.0 M 7.0 13 260 M M 4 1 20 260
11 53 39 46 1 19 0 0.33 M M 13.8 26 70 M M 5 1 50 70
12 48 39 44 -1 21 0 0.19 M M 12.0 30 60 M M 8 1 51 70
13 64 38 51 6 14 0 0.00 M M 8.7 20 260 M M 0 28 260
14 68 38 53 8 12 0 0.00 M M 5.7 14 130 M M 0 21 140
15 57 47 52 6 13 0 0.21 M M 4.3 8 140 M M 8 1 11 140
16 72 53 63 17 2 0 T M M 5.2 12 170 M M 9 1 21 180
17 66 32 49 3 16 0 0.68 M M 14.7 26 310 M M 6 1 37 280
18 58 27 43 -3 22 0 0.00 M M 3.5 12 310 M M 0 17 310
19 62 40 51 5 14 0 0.00 M M 3.9 12 250 M M 2 18 250
20 73 44 59 12 6 0 0.00 M M 9.6 23 240 M M 1 34 260
21 75 59 67 20 0 2 T M M 9.2 18 260 M M 7 30 290
22 80 61 71 24 0 6 0.00 M M 6.5 14 220 M M 5 1 26 180
23 77 65 71 24 0 6 0.15 M M 6.9 18 300 M M 8 1 28 310
24 77 55 66 18 0 1 0.86 M M 6.4 15 80 M M 7 1 22 100
25 57 51 54 6 11 0 0.02 M M 6.0 15 80 M M 10 1 20 100
26 66 57 62 14 3 0 0.00 M M 8.2 16 260 M M 9 1 23 280
27 72 54 63 15 2 0 0.07 M M 6.3 22 240 M M 6 1 34 240
28 77 54 66 17 0 1 0.00 M M 7.7 17 260 M M 0 25 240
================================================================================
SM 1795 1257 304 16 3.87 0.0 194.2 M 132
================================================================================
AV 64.1 44.9 6.9 FASTST M M 5 MAX(MPH)
MISC ----> 30 60 51 70
================================================================================
NOTES:
# LAST OF SEVERAL OCCURRENCES
COLUMN 17 PEAK WIND IN M.P.H.
PRELIMINARY LOCAL CLIMATOLOGICAL DATA (WS FORM: F-6) , PAGE 2
STATION: GAINESVILLE
MONTH: FEBRUARY
YEAR: 2023
LATITUDE: 34 16 N
LONGITUDE: 83 50 W
[TEMPERATURE DATA] [PRECIPITATION DATA] SYMBOLS USED IN COLUMN 16
AVERAGE MONTHLY: 54.5 TOTAL FOR MONTH: 3.87 1 = FOG OR MIST
DPTR FM NORMAL: 8.8 DPTR FM NORMAL: -0.78 2 = FOG REDUCING VISIBILITY
HIGHEST: 80 ON 22 GRTST 24HR 0.86 ON 23-24 TO 1/4 MILE OR LESS
LOWEST: 27 ON 18 3 = THUNDER
SNOW, ICE PELLETS, HAIL 4 = ICE PELLETS
TOTAL MONTH: 0.0 INCH 5 = HAIL
GRTST 24HR 0.0 6 = FREEZING RAIN OR DRIZZLE
GRTST DEPTH: M ON M 7 = DUSTSTORM OR SANDSTORM:
VSBY 1/2 MILE OR LESS
8 = SMOKE OR HAZE
[NO. OF DAYS WITH] [WEATHER - DAYS WITH] 9 = BLOWING SNOW
X = TORNADO
MAX 32 OR BELOW: 0 0.01 INCH OR MORE: 12
MAX 90 OR ABOVE: 0 0.10 INCH OR MORE: 8
MIN 32 OR BELOW: 4 0.50 INCH OR MORE: 4
MIN 0 OR BELOW: 0 1.00 INCH OR MORE: 0
[HDD (BASE 65) ]
TOTAL THIS MO. 304 CLEAR (SCALE 0-3) 11
DPTR FM NORMAL -238 PTCLDY (SCALE 4-7) 12
TOTAL FM JUL 1 1928 CLOUDY (SCALE 8-10) 5
DPTR FM NORMAL -488
[CDD (BASE 65) ]
TOTAL THIS MO. 16
DPTR FM NORMAL 16 [PRESSURE DATA]
TOTAL FM JAN 1 16 HIGHEST SLP 30.62 ON 4
DPTR FM NORMAL 16 LOWEST SLP 29.62 ON 27
[REMARKS]
#FINAL-02-23#