382
CXUS54 KFWD 010731
CF6GVT
PRELIMINARY LOCAL CLIMATOLOGICAL DATA (WS FORM: F-6)
STATION: GREENVILLE
MONTH: APRIL
YEAR: 2020
LATITUDE: 33 4 N
LONGITUDE: 96 4 W
TEMPERATURE IN F: :PCPN: SNOW: WIND :SUNSHINE: SKY :PK WND
================================================================================
1 2 3 4 5 6A 6B 7 8 9 10 11 12 13 14 15 16 17 18
12Z AVG MX 2MIN
DY MAX MIN AVG DEP HDD CDD WTR SNW DPTH SPD SPD DIR MIN PSBL S-S WX SPD DR
================================================================================
1 72 46 59 -2 6 0 0.00 0.0 0 5.8 14 150 M M 0 20 180
2 70 55 63 2 2 0 0.09 0.0 0 10.4 16 140 M M 6 22 140
3 68 43 56 -5 9 0 0.05 0.0 0 8.6 17 320 M M 10 13 27 320
4 50 43 47 -15 18 0 0.04 0.0 0 6.7 15 340 M M 10 3 M M
5 68 48 58 -4 7 0 0.00 0.0 0 1.2 7 350 M M 9 18 M M
6 73 61 67 5 0 2 0.02 0.0 0 2.7 12 140 M M 6 18 M M
7 88 64 76 14 0 11 0.00 0.0 0 7.5 14 200 M M 4 18 20 200
8 95 70 83 20 0 18 0.00 0.0 0 6.3 10 230 M M 0 1 18 230
9 77 61 69 6 0 4 0.00 0.0 0 4.5 14 40 M M 1 22 70
10 72 54 63 0 2 0 0.00 0.0 0 5.3 12 70 M M 0 17 80
11 70 52 61 -2 4 0 0.04 0.0 0 5.8 14 160 M M 6 3 22 160
12 81 48 65 1 0 0 0.31 0.0 0 8.2 21 350 M M 8 13 31 350
13 57 41 49 -15 16 0 0.00 0.0 0 10.7 20 350 M M 3 29 360
14 57 41 49 -15 16 0 0.00 0.0 0 7.1 13 360 M M 6 18 360
15 64 37 51 -13 14 0 0.00 0.0 0 0.8 5 140 M M 0 8 M M
16 73 43 58 -7 7 0 0.00 0.0 0 7.8 16 160 M M 0 18 21 160
17 68 48 58 -7 7 0 0.00 0.0 0 9.4 16 170 M M 6 23 170
18 72 43 58 -7 7 0 0.01 0.0 0 3.0 7 130 M M 3 18 M M
19 72 63 68 2 0 3 0.21 0.0 0 4.7 14 360 M M 9 138 20 10
20 77 55 66 0 0 1 0.00 0.0 0 0.9 6 170 M M 4 8 M M
21 84 59 72 6 0 7 0.00 0.0 0 4.4 10 120 M M 5 1 M M
22 73 66 70 4 0 5 0.01 0.0 0 18.8117 150 M M 10 25 150
23 81 63 72 5 0 7 0.00 0.0 M 5.3 12 330 M M 1 8 16 330
24 84 59 72 5 0 7 0.00 0.0 0 8.6 20 190 M M 1 8 25 290
25 79 55 67 0 0 2 0.00 0.0 0 7.3 15 340 M M 0 23 340
26 81 48 65 -3 0 0 0.00 0.0 0 2.3 8 140 M M 0 8 M M
27 82 59 71 3 0 6 0.00 0.0 0 9.7 21 160 M M 1 8 29 180
28 86 64 75 7 0 10 0.69 0.0 0 11.1 20 10 M M 7 3 35 10
29 79 55 67 -1 0 2 0.00 0.0 0 8.1 23 320 M M 1 31 320
30 81 54 68 -1 0 3 0.00 0.0 0 1.2 5 160 M M 0 M M
================================================================================
SM 2234 1598 115 88 1.47 0.0 194.2 M 117
================================================================================
AV 74.5 53.3 6.5 FASTST M M 4 MAX(MPH)
MISC ----> #117 150 # 35 10
================================================================================
NOTES:
# LAST OF SEVERAL OCCURRENCES
COLUMN 17 PEAK WIND IN M.P.H.
PRELIMINARY LOCAL CLIMATOLOGICAL DATA (WS FORM: F-6) , PAGE 2
STATION: GREENVILLE
MONTH: APRIL
YEAR: 2020
LATITUDE: 33 4 N
LONGITUDE: 96 4 W
[TEMPERATURE DATA] [PRECIPITATION DATA] SYMBOLS USED IN COLUMN 16
AVERAGE MONTHLY: 63.9 TOTAL FOR MONTH: 1.47 1 = FOG OR MIST
DPTR FM NORMAL: -0.7 DPTR FM NORMAL: -2.01 2 = FOG REDUCING VISIBILITY
HIGHEST: 95 ON 8 GRTST 24HR 0.69 ON 28-28 TO 1/4 MILE OR LESS
LOWEST: 37 ON 15 3 = THUNDER
SNOW, ICE PELLETS, HAIL 4 = ICE PELLETS
TOTAL MONTH: 0.0 INCH 5 = HAIL
GRTST 24HR 0.0 6 = FREEZING RAIN OR DRIZZLE
GRTST DEPTH: 0 7 = DUSTSTORM OR SANDSTORM:
VSBY 1/2 MILE OR LESS
8 = SMOKE OR HAZE
[NO. OF DAYS WITH] [WEATHER - DAYS WITH] 9 = BLOWING SNOW
X = TORNADO
MAX 32 OR BELOW: 0 0.01 INCH OR MORE: 10
MAX 90 OR ABOVE: 1 0.10 INCH OR MORE: 3
MIN 32 OR BELOW: 0 0.50 INCH OR MORE: 1
MIN 0 OR BELOW: 0 1.00 INCH OR MORE: 0
[HDD (BASE 65) ]
TOTAL THIS MO. 115 CLEAR (SCALE 0-3) 13
DPTR FM NORMAL 16 PTCLDY (SCALE 4-7) 12
TOTAL FM JUL 1 1960 CLOUDY (SCALE 8-10) 5
DPTR FM NORMAL -433
[CDD (BASE 65) ]
TOTAL THIS MO. 88
DPTR FM NORMAL -1 [PRESSURE DATA]
TOTAL FM JAN 1 180 HIGHEST SLP M ON M
DPTR FM NORMAL 58 LOWEST SLP M ON M
[REMARKS]
#FINAL-04-20#