000
CXUS54 KEWX 011010
CF6GYB
PRELIMINARY LOCAL CLIMATOLOGICAL DATA (WS FORM: F-6)
STATION: GIDDINGS-LEE COUNTY AIRPORT
MONTH: JULY
YEAR: 2021
LATITUDE: 30 10 N
LONGITUDE: 96 59 W
TEMPERATURE IN F: :PCPN: SNOW: WIND :SUNSHINE: SKY :PK WND
================================================================================
1 2 3 4 5 6A 6B 7 8 9 10 11 12 13 14 15 16 17 18
12Z AVG MX 2MIN
DY MAX MIN AVG DEP HDD CDD WTR SNW DPTH SPD SPD DIR MIN PSBL S-S WX SPD DR
================================================================================
1 M 75 M M M M 0.00 M M 0.9 4 210 M M 0 1 M M
2 92 74 83 M 0 18 0.00 M M 3.1 7 240 M M 1 1 M M
3 88 75 82 M 0 17 0.30 M M 3.1 13 20 M M 2 24 20
4 86 74 80 M 0 15 1.14 M M 2.5 7 160 M M 5 1 M M
5 88 73 81 M 0 16 0.04 M M 2.1 9 150 M M 4 1 17 0
6 87 74 81 M 0 16 0.08 M M 5.5 9 140 M M 5 1 M M
7 85 72 79 M 0 14 0.00 M M 3.4 10 140 M M 3 1 16 140
8 84 73 79 M 0 14 0.19 M M 5.2 12 90 M M 7 21 80
9 80 74 77 M 0 12 0.38 M M 4.7 10 160 M M 7 16 150
10 91 75 83 M 0 18 0.00 M M 5.6 10 190 M M 5 1 20 170
11 90 74 82 M 0 17 0.00 M M 4.1 12 200 M M 3 18 18 200
12 87 72 80 M 0 15 0.00 M M 5.7 16 50 M M 3 18 22 50
13 90 70 80 M 0 15 0.00 M M 1.9 12 220 M M 2 32 160
14 90 70 80 M 0 15 0.04 M M 2.1 12 140 M M 2 25 140
15 89 74 82 M 0 17 0.00 M M 5.0 9 220 M M 2 1 20 200
16 91 76 84 M 0 19 0.00 M M 6.3 12 200 M M 4 20 180
17 91 75 83 M 0 18 0.00 M M 4.2 9 200 M M 3 1 M M
18 93 73 83 M 0 18 0.00 M M 2.8 7 200 M M 2 1 M M
19 92 74 83 M 0 18 0.09 M M 3.5 8 240 M M 2 1 16 50
20 87 73 80 M 0 15 0.00 M M 3.0 8 10 M M 3 12 M M
21 88 73 81 M 0 16 0.00 M M 2.3 6 150 M M 1 18 70
22 91 72 82 M 0 17 0.00 M M 2.9 10 210 M M 2 1 25 210
23 92 73 83 M 0 18 0.00 M M 5.6 13 200 M M 4 1 17 180
24 94 76 85 M 0 20 0.00 M M 6.8 13 200 M M 3 1 20 200
25 94 75 85 M 0 20 0.00 M M 5.0 10 220 M M 2 1 17 220
26 95 73 84 M 0 19 0.00 M M 3.8 8 280 M M 2 1 M M
27 94 73 84 M 0 19 0.00 M M 0.9 6 190 M M 0 1 M M
28 94 74 84 M 0 19 0.00 M M 1.3 6 110 M M 1 M M
29 94 74 84 M 0 19 0.00 M M 1.6 7 130 M M 1 16 130
30 95 74 85 M 0 20 0.00 M M 2.4 9 160 M M 1 1 M M
31 94 75 85 M 0 20 0.00 M M 3.3 8 240 M M 2 M M
================================================================================
SM 2706 2282 0 514 2.26 M 110.6 M 84
================================================================================
AV 90.2 73.6 3.6 FASTST M M 3 MAX(MPH)
MISC ----> 16 50 32 160
================================================================================
NOTES:
# LAST OF SEVERAL OCCURRENCES
COLUMN 17 PEAK WIND IN M.P.H.
PRELIMINARY LOCAL CLIMATOLOGICAL DATA (WS FORM: F-6) , PAGE 2
STATION: GIDDINGS-LEE COUNTY AIRPORT
MONTH: JULY
YEAR: 2021
LATITUDE: 30 10 N
LONGITUDE: 96 59 W
[TEMPERATURE DATA] [PRECIPITATION DATA] SYMBOLS USED IN COLUMN 16
AVERAGE MONTHLY: 81.9 TOTAL FOR MONTH: 2.26 1 = FOG OR MIST
DPTR FM NORMAL: 0.0 DPTR FM NORMAL: M 2 = FOG REDUCING VISIBILITY
HIGHEST: 95 ON 30,26 GRTST 24HR 1.14 ON 4- 4 TO 1/4 MILE OR LESS
LOWEST: 70 ON 14,13 3 = THUNDER
SNOW, ICE PELLETS, HAIL 4 = ICE PELLETS
TOTAL MONTH: 0.0 INCH 5 = HAIL
GRTST 24HR M ON M 6 = FREEZING RAIN OR DRIZZLE
GRTST DEPTH: 0 7 = DUSTSTORM OR SANDSTORM:
VSBY 1/2 MILE OR LESS
8 = SMOKE OR HAZE
[NO. OF DAYS WITH] [WEATHER - DAYS WITH] 9 = BLOWING SNOW
X = TORNADO
MAX 32 OR BELOW: 0 0.01 INCH OR MORE: 8
MAX 90 OR ABOVE: 19 0.10 INCH OR MORE: 4
MIN 32 OR BELOW: 0 0.50 INCH OR MORE: 1
MIN 0 OR BELOW: 0 1.00 INCH OR MORE: 1
[HDD (BASE 65) ]
TOTAL THIS MO. 0 CLEAR (SCALE 0-3) 20
DPTR FM NORMAL M PTCLDY (SCALE 4-7) 11
TOTAL FM JUL 1 0 CLOUDY (SCALE 8-10) 0
DPTR FM NORMAL M
[CDD (BASE 65) ]
TOTAL THIS MO. 514
DPTR FM NORMAL M [PRESSURE DATA]
TOTAL FM JAN 1 1476 HIGHEST SLP M ON M
DPTR FM NORMAL M LOWEST SLP M ON M
[REMARKS]
#FINAL-07-21#