000
CXUS54 KFWD 010732
CF6GYI
PRELIMINARY LOCAL CLIMATOLOGICAL DATA (WS FORM: F-6)
STATION: SHERMAN/DENISON
MONTH: AUGUST
YEAR: 2021
LATITUDE: 33 42 N
LONGITUDE: 96 40 W
TEMPERATURE IN F: :PCPN: SNOW: WIND :SUNSHINE: SKY :PK WND
================================================================================
1 2 3 4 5 6A 6B 7 8 9 10 11 12 13 14 15 16 17 18
12Z AVG MX 2MIN
DY MAX MIN AVG DEP HDD CDD WTR SNW DPTH SPD SPD DIR MIN PSBL S-S WX SPD DR
================================================================================
1 89 75 82 -2 0 17 0.00 M M 5.9 13 350 M M 2 3 M M
2 90 73 82 -2 0 17 0.00 M M 6.2 14 160 M M 4 18 20 160
3 90 69 80 -4 0 15 0.00 M M 2.9 8 330 M M 3 8 M M
4 89 70 80 -4 0 15 0.00 M M 4.9 9 100 M M 3 18 M M
5 91 70 81 -3 0 16 0.04 M M 8.2 25 350 M M 6 8 21 10
6 94 70 82 -2 0 17 0.00 M M 9.2 14 150 M M 1 18 140
7 94 74 84 0 0 19 0.00 M M 12.6 17 140 M M 1 25 160
8 97 76 87 3 0 22 0.00 M M 14.6 22 180 M M 2 26 190
9 98 77 88 4 0 23 0.00 M M 14.1 20 160 M M 1 26 180
10 98 76 87 4 0 22 0.00 M M 14.9 21 160 M M 0 26 170
11 98 75 87 4 0 22 0.00 M M 13.4 20 190 M M 0 26 190
12 99 78 89 6 0 24 0.00 M M 11.4 14 120 M M 0 21 200
13 98 76 87 4 0 22 0.00 M M 6.8 12 40 M M 3 17 160
14 82 10 46 -37 19 0 0.26 M M 3.9 15 350 M M 5 3 24 350
15 89 71 80 -3 0 15 0.01 M M 3.7 8 90 M M 6 M M
16 87 71 79 -4 0 14 M M M 4.8 12 50 M M 2 138 17 80
17 86 72 79 -4 0 14 M M M 6.5 16 120 M M 3 138 21 120
18 78 72 75 -8 0 10 M M M 6.7 13 130 M M 7 13 M M
19 86 13 50 -33 15 0 M M M 8.5 14 130 M M 6 13 21 130
20 94 76 85 3 0 20 0.00 M M 11.9 16 200 M M 1 23 200
21 94 77 86 4 0 21 T M M 9.1 12 140 M M 1 17 200
22 94 76 85 3 0 20 0.00 M M 8.3 12 120 M M 1 16 120
23 94 74 84 2 0 19 0.00 M M 8.6 13 140 M M 0 16 220
24 96 72 84 2 0 19 0.00 M M 9.7 14 200 M M 0 17 140
25 96 74 85 3 0 20 0.00 M M 6.2 12 140 M M 0 M M
26 95 75 85 3 0 20 0.00 M M 4.4 7 120 M M 0 M M
27 92 73 83 2 0 18 0.00 M M 7.1 10 110 M M 1 M M
28 90 71 81 0 0 16 0.00 M M 6.0 13 80 M M 1 17 80
29 89 71 80 -1 0 15 0.00 M M 3.5 7 90 M M 4 M M
30 92 73 83 3 0 18 0.00 M M 2.6 8 350 M M 1 M M
31 95 73 84 4 0 19 0.00 M M 2.1 8 150 M M 1 M M
================================================================================
SM 2854 2153 34 529 0.31 M 238.6 M 66
================================================================================
AV 92.1 69.5 7.7 FASTST M M 2 MAX(MPH)
MISC ----> 25 350 # 26 190
================================================================================
NOTES:
# LAST OF SEVERAL OCCURRENCES
COLUMN 17 PEAK WIND IN M.P.H.
PRELIMINARY LOCAL CLIMATOLOGICAL DATA (WS FORM: F-6) , PAGE 2
STATION: SHERMAN/DENISON
MONTH: AUGUST
YEAR: 2021
LATITUDE: 33 42 N
LONGITUDE: 96 40 W
[TEMPERATURE DATA] [PRECIPITATION DATA] SYMBOLS USED IN COLUMN 16
AVERAGE MONTHLY: 80.8 TOTAL FOR MONTH: 0.31 1 = FOG OR MIST
DPTR FM NORMAL: -1.8 DPTR FM NORMAL: -1.75 2 = FOG REDUCING VISIBILITY
HIGHEST: 99 ON 12 GRTST 24HR 0.26 ON 14-14 TO 1/4 MILE OR LESS
LOWEST: 10 ON 14 3 = THUNDER
SNOW, ICE PELLETS, HAIL 4 = ICE PELLETS
TOTAL MONTH: M 5 = HAIL
GRTST 24HR M ON M 6 = FREEZING RAIN OR DRIZZLE
GRTST DEPTH: M ON M 7 = DUSTSTORM OR SANDSTORM:
VSBY 1/2 MILE OR LESS
8 = SMOKE OR HAZE
[NO. OF DAYS WITH] [WEATHER - DAYS WITH] 9 = BLOWING SNOW
X = TORNADO
MAX 32 OR BELOW: 0 0.01 INCH OR MORE: 3
MAX 90 OR ABOVE: 22 0.10 INCH OR MORE: 1
MIN 32 OR BELOW: 2 0.50 INCH OR MORE: 0
MIN 0 OR BELOW: 0 1.00 INCH OR MORE: 0
[HDD (BASE 65) ]
TOTAL THIS MO. 34 CLEAR (SCALE 0-3) 23
DPTR FM NORMAL 34 PTCLDY (SCALE 4-7) 8
TOTAL FM JUL 1 34 CLOUDY (SCALE 8-10) 0
DPTR FM NORMAL 34
[CDD (BASE 65) ]
TOTAL THIS MO. 529
DPTR FM NORMAL -16 [PRESSURE DATA]
TOTAL FM JAN 1 1712 HIGHEST SLP M ON M
DPTR FM NORMAL -38 LOWEST SLP M ON M
[REMARKS]
#FINAL-08-21#