000
CXUS54 KJAN 030409
CF6HBG
PRELIMINARY LOCAL CLIMATOLOGICAL DATA (WS FORM: F-6)
STATION: HATTIESBURG
MONTH: JANUARY
YEAR: 2024
LATITUDE: 31 16 N
LONGITUDE: 89 15 W
TEMPERATURE IN F: :PCPN: SNOW: WIND :SUNSHINE: SKY :PK WND
================================================================================
1 2 3 4 5 6A 6B 7 8 9 10 11 12 13 14 15 16 17 18
12Z AVG MX 2MIN
DY MAX MIN AVG DEP HDD CDD WTR SNW DPTH SPD SPD DIR MIN PSBL S-S WX SPD DR
================================================================================
1 60 34 47 -3 18 0 0.00 0.0 0 3.9 14 340 M M 1 18 21 10
2 57 27 42 -7 23 0 0.00 0.0 0 1.7 10 80 M M 0 15 70
3 56 30 43 -6 22 0 T 0.0 0 4.0 16 100 M M 6 24 100
4 58 28 43 -6 22 0 0.00 0.0 0 1.8 12 30 M M 0 1 16 40
5 61 28 45 -4 20 0 1.12 0.0 0 5.3 18 130 M M 5 1 26 120
6 57 44 51 2 14 0 0.01 0.0 0 8.9 20 300 M M 9 1 27 270
7 57 35 46 -3 19 0 0.00 0.0 0 3.5 13 320 M M 0 17 320
8 72 41 57 8 8 0 1.53 0.0 0 11.2 29 180 M M 8 13 47 180
9 72 40 56 7 9 0 3.17 0.0 0 11.2 28 280 M M 5 13 41 320
10 58 32 45 -4 20 0 0.00 0.0 0 4.8 13 200 M M 0 17 230
11 68 41 55 6 10 0 T 0.0 0 6.5 17 130 M M 6 24 160
12 79 40 60 11 5 0 T 0.0 0 15.6 29 220 M M 5 47 280
13 57 29 43 -6 22 0 0.00 0.0 0 2.9 13 310 M M 0 21 320
14 66 29 48 -1 17 0 0.00 0.0 0 2.2 12 360 M M 0 15 360
15 56 31 44 -5 21 0 0.06 T 0 6.8 15 360 M M 6 1 24 10
16 32 19 26 -23 39 0 0.06 T T 10.5 21 350 M M 4 1 32 340
17 42 15 29 -20 36 0 0.00 0.0 0 1.8 8 340 M M 0 11 340
18 55 23 39 -10 26 0 0.05 0.0 0 2.9 14 310 M M 7 1 17 310
19 56 32 44 -5 21 0 0.00 0.0 0 9.8 18 350 M M 2 1 29 340
20 42 25 34 -15 31 0 0.00 0.0 0 8.6 15 30 M M 0 24 20
21 48 22 35 -14 30 0 0.00 0.0 0 3.6 13 60 M M 0 19 40
22 57 29 43 -6 22 0 0.00 0.0 0 5.8 14 120 M M 5 19 130
23 66 55 61 12 4 0 0.01 0.0 0 8.1 16 130 M M 10 18 20 110
24 74 64 69 20 0 4 1.69 0.0 0 7.9 20 250 M M 10 13 29 170
25 74 62 68 19 0 3 0.46 0.0 0 7.1 21 280 M M 9 13 38 250
26 66 62 64 15 1 0 0.06 0.0 0 2.3 8 110 M M 10 12 11 120
27 72 50 61 12 4 0 1.05 0.0 0 9.5 22 300 M M 7 1 30 260
28 56 39 48 -2 17 0 0.00 0.0 0 9.3 17 290 M M 6 26 310
29 61 33 47 -3 18 0 0.00 0.0 0 3.4 14 360 M M 0 12 22 330
30 72 33 53 3 12 0 0.00 0.0 0 5.1 15 250 M M 0 21 240
31 67 41 54 4 11 0 0.00 0.0 0 3.6 15 340 M M 0 21 340
================================================================================
SM 1874 1113 522 7 9.27 T 189.6 M 121
================================================================================
AV 60.5 35.9 6.1 FASTST M M 4 MAX(MPH)
MISC ----> # 29 180 # 47 180
================================================================================
NOTES:
# LAST OF SEVERAL OCCURRENCES
COLUMN 17 PEAK WIND IN M.P.H.
PRELIMINARY LOCAL CLIMATOLOGICAL DATA (WS FORM: F-6) , PAGE 2
STATION: HATTIESBURG
MONTH: JANUARY
YEAR: 2024
LATITUDE: 31 16 N
LONGITUDE: 89 15 W
[TEMPERATURE DATA] [PRECIPITATION DATA] SYMBOLS USED IN COLUMN 16
AVERAGE MONTHLY: 48.2 TOTAL FOR MONTH: 9.27 1 = FOG OR MIST
DPTR FM NORMAL: -0.9 DPTR FM NORMAL: 3.45 2 = FOG REDUCING VISIBILITY
HIGHEST: 79 ON 12 GRTST 24HR 3.17 ON 9- 9 TO 1/4 MILE OR LESS
LOWEST: 15 ON 17 3 = THUNDER
SNOW, ICE PELLETS, HAIL 4 = ICE PELLETS
TOTAL MONTH: T 5 = HAIL
GRTST 24HR T ON 15-15 6 = FREEZING RAIN OR DRIZZLE
GRTST DEPTH: T 7 = DUSTSTORM OR SANDSTORM:
VSBY 1/2 MILE OR LESS
8 = SMOKE OR HAZE
[NO. OF DAYS WITH] [WEATHER - DAYS WITH] 9 = BLOWING SNOW
X = TORNADO
MAX 32 OR BELOW: 1 0.01 INCH OR MORE: 12
MAX 90 OR ABOVE: 0 0.10 INCH OR MORE: 6
MIN 32 OR BELOW: 15 0.50 INCH OR MORE: 5
MIN 0 OR BELOW: 0 1.00 INCH OR MORE: 5
[HDD (BASE 65) ]
TOTAL THIS MO. 522 CLEAR (SCALE 0-3) 14
DPTR FM NORMAL 20 PTCLDY (SCALE 4-7) 12
TOTAL FM JUL 1 1189 CLOUDY (SCALE 8-10) 5
DPTR FM NORMAL -90
[CDD (BASE 65) ]
TOTAL THIS MO. 7
DPTR FM NORMAL -1 [PRESSURE DATA]
TOTAL FM JAN 1 7 HIGHEST SLP 30.60 ON 21
DPTR FM NORMAL -1 LOWEST SLP 29.43 ON 9
[REMARKS]
#FINAL-01-24#