000
CXUS54 KOUN 010910
CF6HBR
PRELIMINARY LOCAL CLIMATOLOGICAL DATA (WS FORM: F-6)
STATION: HOBART
MONTH: JANUARY
YEAR: 2023
LATITUDE: 35 0 N
LONGITUDE: 99 3 W
TEMPERATURE IN F: :PCPN: SNOW: WIND :SUNSHINE: SKY :PK WND
================================================================================
1 2 3 4 5 6A 6B 7 8 9 10 11 12 13 14 15 16 17 18
12Z AVG MX 2MIN
DY MAX MIN AVG DEP HDD CDD WTR SNW DPTH SPD SPD DIR MIN PSBL S-S WX SPD DR
================================================================================
1 73 39 56 17 9 0 0.00 M M 12.0 21 250 M M 0 8 24 250
2 69 40 55 16 10 0 T M M 15.5 25 220 M M 4 18 31 240
3 56 33 45 6 20 0 0.00 M M 8.2 24 240 M M 1 27 250
4 51 26 39 0 26 0 0.00 M M 7.9 15 250 M M 1 21 260
5 55 22 39 0 26 0 0.00 M M 7.6 15 210 M M 0 18 220
6 64 40 52 13 13 0 0.00 M M 16.7 29 190 M M 0 34 190
7 55 32 44 5 21 0 0.00 M M 10.1 21 360 M M 0 24 10
8 57 22 40 1 25 0 0.00 M M 9.8 18 220 M M 0 27 210
9 66 34 50 11 15 0 0.00 M M 12.7 25 220 M M 0 30 210
10 77 31 54 15 11 0 0.00 M M 15.6 25 230 M M 0 31 240
11 74 39 57 18 8 0 0.00 M M 16.1 41 260 M M 1 8 51 250
12 56 28 42 3 23 0 0.00 M M 17.8 41 340 M M 0 50 350
13 57 23 40 1 25 0 0.00 M M 8.4 16 180 M M 0 25 220
14 63 34 49 10 16 0 0.00 M M 20.6 32 180 M M 0 39 180
15 62 44 53 14 12 0 T M M 21.1 33 210 M M 0 41 210
16 68 41 55 16 10 0 0.00 0.0 M 13.3 30 240 M M 0 37 240
17 65 35 50 11 15 0 0.00 0.0 0 10.5 17 160 M M 2 22 220
18 62 36 49 10 16 0 0.10 0.0 M 15.4 35 250 M M 3 1 39 250
19 55 28 42 2 23 0 0.00 M M 8.9 20 280 M M 0 23 340
20 59 25 42 2 23 0 0.00 M M 9.8 21 150 M M 2 26 150
21 55 37 46 6 19 0 0.02 M M 16.4 28 340 M M 3 34 230
22 51 24 38 -2 27 0 0.00 M M 9.0 22 350 M M 2 29 350
23 50 21 36 -4 29 0 0.00 M M 6.7 16 110 M M 3 19 110
24 41 32 37 -3 28 0 0.32 M M 8.7 15 50 M M 10 1 18 40
25 47 27 37 -3 28 0 T M M 11.6 23 350 M M 3 1 28 350
26 50 22 36 -4 29 0 0.00 M M 10.7 18 290 M M 0 28 300
27 55 27 41 1 24 0 0.00 M M 15.3 24 220 M M 0 34 230
28 62 33 48 8 17 0 0.00 M M 19.6 29 220 M M 0 37 220
29 33 19 26 -14 39 0 0.00 M M 19.3 29 30 M M 10 1 34 20
30 24 16 20 -21 45 0 T M M 15.5 23 20 M M 10 26 30
31 28 18 23 -18 42 0 0.00 M M 10.5 24 20 M M 7 28 30
================================================================================
SM 1740 928 674 0 0.44 0.0 401.3 M 62
================================================================================
AV 56.1 29.9 12.9 FASTST M M 2 MAX(MPH)
MISC ----> # 41 260 51 250
================================================================================
NOTES:
# LAST OF SEVERAL OCCURRENCES
COLUMN 17 PEAK WIND IN M.P.H.
PRELIMINARY LOCAL CLIMATOLOGICAL DATA (WS FORM: F-6) , PAGE 2
STATION: HOBART
MONTH: JANUARY
YEAR: 2023
LATITUDE: 35 0 N
LONGITUDE: 99 3 W
[TEMPERATURE DATA] [PRECIPITATION DATA] SYMBOLS USED IN COLUMN 16
AVERAGE MONTHLY: 43.0 TOTAL FOR MONTH: 0.44 1 = FOG OR MIST
DPTR FM NORMAL: 3.6 DPTR FM NORMAL: -0.23 2 = FOG REDUCING VISIBILITY
HIGHEST: 77 ON 10 GRTST 24HR 1.00 ON 24-24 TO 1/4 MILE OR LESS
LOWEST: 16 ON 30 3 = THUNDER
SNOW, ICE PELLETS, HAIL 4 = ICE PELLETS
TOTAL MONTH: 0.0 INCH 5 = HAIL
GRTST 24HR 0.0 6 = FREEZING RAIN OR DRIZZLE
GRTST DEPTH: 0 7 = DUSTSTORM OR SANDSTORM:
VSBY 1/2 MILE OR LESS
8 = SMOKE OR HAZE
[NO. OF DAYS WITH] [WEATHER - DAYS WITH] 9 = BLOWING SNOW
X = TORNADO
MAX 32 OR BELOW: 2 0.01 INCH OR MORE: 3
MAX 90 OR ABOVE: 0 0.10 INCH OR MORE: 2
MIN 32 OR BELOW: 18 0.50 INCH OR MORE: 0
MIN 0 OR BELOW: 0 1.00 INCH OR MORE: 0
[HDD (BASE 65) ]
TOTAL THIS MO. 674 CLEAR (SCALE 0-3) 24
DPTR FM NORMAL -118 PTCLDY (SCALE 4-7) 4
TOTAL FM JUL 1 2087 CLOUDY (SCALE 8-10) 3
DPTR FM NORMAL -63
[CDD (BASE 65) ]
TOTAL THIS MO. 0
DPTR FM NORMAL 0 [PRESSURE DATA]
TOTAL FM JAN 1 0 HIGHEST SLP 30.52 ON 31
DPTR FM NORMAL 0 LOWEST SLP 29.54 ON 15
[REMARKS]
#FINAL-01-23#