000
CXUS54 KOUN 061451
CF6HBR
PRELIMINARY LOCAL CLIMATOLOGICAL DATA (WS FORM: F-6)
STATION: HOBART
MONTH: DECEMBER
YEAR: 2021
LATITUDE: 35 0 N
LONGITUDE: 99 3 W
TEMPERATURE IN F: :PCPN: SNOW: WIND :SUNSHINE: SKY :PK WND
================================================================================
1 2 3 4 5 6A 6B 7 8 9 10 11 12 13 14 15 16 17 18
12Z AVG MX 2MIN
DY MAX MIN AVG DEP HDD CDD WTR SNW DPTH SPD SPD DIR MIN PSBL S-S WX SPD DR
================================================================================
1 72 34 53 9 12 0 0.00 0.0 0 5.2 13 210 M M 0 14 220
2 77 36 57 13 8 0 0.00 0.0 0 8.4 15 180 M M 0 17 190
3 73 44 59 15 6 0 0.00 0.0 0 8.7 16 190 M M 0 18 50
4 57 44 51 7 14 0 0.00 0.0 0 9.4 21 40 M M 7 23 30
5 82 39 61 18 4 0 0.00 0.0 0 17.7 40 40 M M 0 18 53 50
6 48 25 37 -6 28 0 0.00 0.0 0 15.2 36 30 M M 0 45 30
7 51 23 37 -6 28 0 0.00 0.0 0 7.7 20 190 M M 0 23 170
8 58 25 42 0 23 0 0.00 0.0 0 9.9 26 190 M M 0 33 190
9 71 40 56 14 9 0 0.00 0.0 0 10.9 22 200 M M 0 8 27 200
10 77 42 60 18 5 0 T 0.0 0 20.6 45 250 M M 3 53 240
11 52 29 41 -1 24 0 0.00 0.0 0 13.5 28 340 M M 0 34 340
12 63 29 46 5 19 0 0.00 0.0 0 19.8 33 200 M M 0 38 200
13 67 38 53 12 12 0 0.00 0.0 0 15.6 23 170 M M 0 27 160
14 75 47 61 20 4 0 0.00 0.0 0 17.6 26 200 M M 0 32 200
15 79 51 65 24 0 0 0.00 0.0 0 20.8 41 200 M M 4 8 56 200
16 58 33 46 6 19 0 0.00 0.0 0 11.5 23 50 M M 0 28 50
17 65 33 49 9 16 0 0.00 0.0 0 7.5 21 20 M M 4 26 10
18 47 21 34 -6 31 0 0.00 0.0 0 15.7 29 20 M M 0 37 20
19 45 13 29 -11 36 0 0.00 0.0 0 9.3 16 200 M M 0 19 200
20 56 26 41 1 24 0 0.00 0.0 0 8.9 16 210 M M 0 20 190
21 62 25 44 4 21 0 0.00 0.0 0 8.3 16 210 M M 0 18 20 190
22 64 24 44 4 21 0 0.00 0.0 0 7.6 17 90 M M 0 36 90
23 68 31 50 11 15 0 0.00 0.0 0 9.2 16 200 M M 2 12 19 200
24 81 48 65 26 0 0 0.00 0.0 0 17.0 30 270 M M 0 36 260
25 77 47 62 23 3 0 0.00 0.0 0 13.3 29 270 M M 0 35 260
26 82 44 63 24 2 0 0.00 0.0 0 10.9 29 230 M M 0 34 220
27 60 35 48 9 17 0 0.00 0.0 0 11.4 25 70 M M 0 33 70
28 69 39 54 15 11 0 T 0.0 0 12.5 32 270 M M 1 41 300
29 69 35 52 13 13 0 0.00 0.0 0 10.3 25 250 M M 2 30 250
30 66 26 46 7 19 0 0.00 0.0 0 11.8 31 240 M M 0 37 240
31 66 48 57 18 8 0 0.08 0.0 0 14.4 29 180 M M 3 1 37 190
================================================================================
SM 2037 1074 452 0 0.08 0.0 380.6 M 26
================================================================================
AV 65.7 34.6 12.3 FASTST M M 1 MAX(MPH)
MISC ----> 45 250 56 200
================================================================================
NOTES:
# LAST OF SEVERAL OCCURRENCES
COLUMN 17 PEAK WIND IN M.P.H.
PRELIMINARY LOCAL CLIMATOLOGICAL DATA (WS FORM: F-6) , PAGE 2
STATION: HOBART
MONTH: DECEMBER
YEAR: 2021
LATITUDE: 35 0 N
LONGITUDE: 99 3 W
[TEMPERATURE DATA] [PRECIPITATION DATA] SYMBOLS USED IN COLUMN 16
AVERAGE MONTHLY: 50.2 TOTAL FOR MONTH: 0.08 1 = FOG OR MIST
DPTR FM NORMAL: 9.3 DPTR FM NORMAL: -1.22 2 = FOG REDUCING VISIBILITY
HIGHEST: 82 ON 26, 5 GRTST 24HR 0.08 ON 31-31 TO 1/4 MILE OR LESS
LOWEST: 13 ON 19 3 = THUNDER
SNOW, ICE PELLETS, HAIL 4 = ICE PELLETS
TOTAL MONTH: 0.0 INCH 5 = HAIL
GRTST 24HR 0.0 6 = FREEZING RAIN OR DRIZZLE
GRTST DEPTH: 0 7 = DUSTSTORM OR SANDSTORM:
VSBY 1/2 MILE OR LESS
8 = SMOKE OR HAZE
[NO. OF DAYS WITH] [WEATHER - DAYS WITH] 9 = BLOWING SNOW
X = TORNADO
MAX 32 OR BELOW: 0 0.01 INCH OR MORE: 1
MAX 90 OR ABOVE: 0 0.10 INCH OR MORE: 0
MIN 32 OR BELOW: 12 0.50 INCH OR MORE: 0
MIN 0 OR BELOW: 0 1.00 INCH OR MORE: 0
[HDD (BASE 65) ]
TOTAL THIS MO. 452 CLEAR (SCALE 0-3) 27
DPTR FM NORMAL -295 PTCLDY (SCALE 4-7) 4
TOTAL FM JUL 1 891 CLOUDY (SCALE 8-10) 0
DPTR FM NORMAL -468
[CDD (BASE 65) ]
TOTAL THIS MO. 0
DPTR FM NORMAL 0 [PRESSURE DATA]
TOTAL FM JAN 1 2166 HIGHEST SLP 30.45 ON 19
DPTR FM NORMAL -140 LOWEST SLP 29.46 ON 10
[REMARKS]
#FINAL-12-21#