000
CXUS54 KHGX 011510
CF6HGX
PRELIMINARY LOCAL CLIMATOLOGICAL DATA (WS FORM: F-6)
STATION: DICKINSON WFO
MONTH: DECEMBER
YEAR: 2021
LATITUDE: 29 28 N
LONGITUDE: 95 5 W
TEMPERATURE IN F: :PCPN: SNOW: WIND :SUNSHINE: SKY :PK WND
================================================================================
1 2 3 4 5 6A 6B 7 8 9 10 11 12 13 14 15 16 17 18
12Z AVG MX 2MIN
DY MAX MIN AVG DEP HDD CDD WTR SNW DPTH SPD SPD DIR MIN PSBL S-S WX SPD DR
================================================================================
1 80 51 66 7 0 1 0.00 0.0 0 M M M M M M 12 M M
2 78 53 66 7 0 1 0.00 0.0 0 M M M M M M M M
3 79 63 71 12 0 6 0.00 0.0 0 M M M M M M M M
4 80 59 70 12 0 5 T 0.0 0 M M M M M M M M
5 78 62 70 12 0 5 0.00 0.0 0 M M M M M M M M
6 79 59 69 11 0 4 0.33 0.0 0 M M M M M M M M
7 64 42 53 -5 12 0 0.01 0.0 0 M M M M M M M M
8 67 60 64 6 1 0 0.00 0.0 0 M M M M M M 1 M M
9 85 67 76 18 0 11 0.00 0.0 0 M M M M M M M M
10 80 74 77 20 0 12 0.00 0.0 0 M M M M M M M M
11 75 49 62 5 3 0 0.05 0.0 0 M M M M M M M M
12 59 43 51 -6 14 0 0.00 0.0 0 M M M M M M M M
13 72 47 60 3 5 0 T 0.0 0 M M M M M M M M
14 80 69 75 18 0 10 0.00 0.0 0 M M M M M M 1 M M
15 79 71 75 18 0 10 0.00 0.0 0 M M M M M M 1 M M
16 81 70 76 20 0 11 0.00 0.0 0 M M M M M M M M
17 80 69 75 19 0 10 0.00 0.0 0 M M M M M M M M
18 77 52 65 9 0 0 1.61 0.0 0 M M M M M M 3 M M
19 59 49 54 -2 11 0 T 0.0 0 M M M M M M M M
20 56 45 51 -5 14 0 0.00 0.0 0 M M M M M M M M
21 63 41 52 -4 13 0 0.00 0.0 0 M M M M M M M M
22 71 43 57 1 8 0 0.00 0.0 0 M M M M M M M M
23 74 57 66 10 0 1 0.00 0.0 0 M M M M M M M M
24 77 65 71 16 0 6 0.00 0.0 0 M M M M M M M M
25 80 67 74 19 0 9 0.00 0.0 0 M M M M M M M M
26 79 65 72 17 0 7 0.00 0.0 0 M M M M M M M M
27 78 66 72 17 0 7 0.00 0.0 0 M M M M M M M M
28 82 70 76 21 0 11 0.00 0.0 0 M M M M M M M M
29 81 69 75 20 0 10 T 0.0 0 M M M M M M M M
30 80 64 72 17 0 7 0.00 0.0 0 M M M M M M 1 M M
31 80 71 76 21 0 11 0.00 0.0 0 M M M M M M M M
================================================================================
SM 2333 1832 81 155 2.00 0.0 M M M
================================================================================
AV 75.3 59.1 M FASTST M M M MAX(MPH)
MISC ----> M M M M
================================================================================
NOTES:
# LAST OF SEVERAL OCCURRENCES
COLUMN 17 PEAK WIND IN M.P.H.
PRELIMINARY LOCAL CLIMATOLOGICAL DATA (WS FORM: F-6) , PAGE 2
STATION: DICKINSON WFO
MONTH: DECEMBER
YEAR: 2021
LATITUDE: 29 28 N
LONGITUDE: 95 5 W
[TEMPERATURE DATA] [PRECIPITATION DATA] SYMBOLS USED IN COLUMN 16
AVERAGE MONTHLY: 67.2 TOTAL FOR MONTH: 2.00 1 = FOG OR MIST
DPTR FM NORMAL: 10.6 DPTR FM NORMAL: -2.53 2 = FOG REDUCING VISIBILITY
HIGHEST: 85 ON 9 GRTST 24HR 1.61 ON 18-18 TO 1/4 MILE OR LESS
LOWEST: 41 ON 21 3 = THUNDER
SNOW, ICE PELLETS, HAIL 4 = ICE PELLETS
TOTAL MONTH: 0.0 INCH 5 = HAIL
GRTST 24HR 0.0 6 = FREEZING RAIN OR DRIZZLE
GRTST DEPTH: 0 7 = DUSTSTORM OR SANDSTORM:
VSBY 1/2 MILE OR LESS
8 = SMOKE OR HAZE
[NO. OF DAYS WITH] [WEATHER - DAYS WITH] 9 = BLOWING SNOW
X = TORNADO
MAX 32 OR BELOW: 0 0.01 INCH OR MORE: 4
MAX 90 OR ABOVE: 0 0.10 INCH OR MORE: 2
MIN 32 OR BELOW: 0 0.50 INCH OR MORE: 1
MIN 0 OR BELOW: 0 1.00 INCH OR MORE: 1
[HDD (BASE 65) ]
TOTAL THIS MO. 81 CLEAR (SCALE 0-3) 0
DPTR FM NORMAL -213 PTCLDY (SCALE 4-7) 0
TOTAL FM JUL 1 214 CLOUDY (SCALE 8-10) 31
DPTR FM NORMAL -244
[CDD (BASE 65) ]
TOTAL THIS MO. 155
DPTR FM NORMAL 121 [PRESSURE DATA]
TOTAL FM JAN 1 3324 HIGHEST SLP M ON M
DPTR FM NORMAL 124 LOWEST SLP M ON M
[REMARKS]
#FINAL-12-21#