000
CXUS56 KHNX 011201
CF6HJO
PRELIMINARY LOCAL CLIMATOLOGICAL DATA (WS FORM: F-6)
STATION: HANFORD CA AIRPORT
MONTH: AUGUST
YEAR: 2022
LATITUDE: 36 19 N
LONGITUDE: 119 38 W
TEMPERATURE IN F: :PCPN: SNOW: WIND :SUNSHINE: SKY :PK WND
================================================================================
1 2 3 4 5 6A 6B 7 8 9 10 11 12 13 14 15 16 17 18
12Z AVG MX 2MIN
DY MAX MIN AVG DEP HDD CDD WTR SNW DPTH SPD SPD DIR MIN PSBL S-S WX SPD DR
================================================================================
1 101 77 89 8 0 24 0.00 0.0 0 9.7 18 330 M M 0 24 320
2 102 69 86 5 0 21 0.00 0.0 0 5.8 16 320 M M 0 8 23 310
3 104 74 89 8 0 24 0.00 0.0 0 7.8 16 320 M M 0 20 320
4 105 77 91 10 0 26 0.00 0.0 0 5.8 15 320 M M 0 8 20 320
5 90 75 83 2 0 18 0.02 0.0 0 5.5 15 320 M M 2 8 20 330
6 97 67 82 1 0 17 0.00 0.0 0 9.4 15 300 M M 0 8 18 330
7 99 67 83 2 0 18 0.00 0.0 0 9.0 16 310 M M 0 20 310
8 98 69 84 3 0 19 0.00 0.0 0 10.1 15 310 M M 0 19 300
9 99 70 85 4 0 20 0.00 0.0 0 8.7 17 310 M M 0 8 23 310
10 96 66 81 1 0 16 0.00 0.0 0 8.5 17 310 M M 0 22 300
11 99 66 83 3 0 18 0.00 0.0 0 8.8 16 320 M M 0 22 320
12 100 66 83 3 0 18 0.00 0.0 0 9.5 16 320 M M 0 21 310
13 101 60 81 1 0 16 0.00 0.0 0 7.5 16 320 M M 0 19 310
14 101 60 81 1 0 16 0.00 0.0 0 6.8 14 320 M M 0 8 18 310
15 105 61 83 3 0 18 0.00 0.0 0 5.5 13 330 M M 0 16 310
16 107 62 85 5 0 20 0.00 0.0 0 4.2 10 300 M M 0 15 330
17 108 72 90 10 0 25 0.00 0.0 0 5.8 20 320 M M 0 8 23 320
18 104 66 85 5 0 20 0.00 0.0 0 5.8 16 320 M M 0 8 20 310
19 106 65 86 6 0 21 0.00 0.0 0 6.4 13 330 M M 0 8 16 320
20 108 63 86 6 0 21 0.00 0.0 0 3.0 9 320 M M 0 8 11 320
21 106 64 85 5 0 20 0.00 0.0 0 4.3 15 320 M M 0 8 19 320
22 101 65 83 4 0 18 0.00 0.0 0 7.2 16 310 M M 0 19 300
23 103 63 83 4 0 18 0.00 0.0 0 4.5 12 330 M M 0 16 330
24 106 67 87 8 0 22 0.00 0.0 0 4.2 12 320 M M 0 8 16 170
25 104 67 86 7 0 21 0.00 0.0 0 4.9 14 310 M M 0 18 310
26 103 68 86 7 0 21 0.00 0.0 0 4.8 14 320 M M 0 18 320
27 102 64 83 4 0 18 0.00 0.0 0 5.4 17 320 M M 0 21 320
28 99 64 82 3 0 17 0.00 0.0 0 5.1 14 310 M M 0 17 330
29 100 67 84 6 0 19 0.00 0.0 0 6.9 13 310 M M 0 16 310
30 103 68 86 8 0 21 0.00 0.0 0 7.0 13 330 M M 1 17 320
31 103 67 85 7 0 20 0.00 0.0 0 7.1 14 310 M M 1 17 320
================================================================================
SM 3160 2076 0 611 0.02 0.0 205.0 M 4
================================================================================
AV101.9 67.0 6.6 FASTST M M 0 MAX(MPH)
MISC ----> 20 320 24 320
================================================================================
NOTES:
# LAST OF SEVERAL OCCURRENCES
COLUMN 17 PEAK WIND IN M.P.H.
PRELIMINARY LOCAL CLIMATOLOGICAL DATA (WS FORM: F-6) , PAGE 2
STATION: HANFORD CA AIRPORT
MONTH: AUGUST
YEAR: 2022
LATITUDE: 36 19 N
LONGITUDE: 119 38 W
[TEMPERATURE DATA] [PRECIPITATION DATA] SYMBOLS USED IN COLUMN 16
AVERAGE MONTHLY: 84.5 TOTAL FOR MONTH: 0.02 1 = FOG OR MIST
DPTR FM NORMAL: 4.6 DPTR FM NORMAL: 0.02 2 = FOG REDUCING VISIBILITY
HIGHEST: 108 ON 20,17 GRTST 24HR 0.02 ON 5- 5 TO 1/4 MILE OR LESS
LOWEST: 60 ON 14,13 3 = THUNDER
SNOW, ICE PELLETS, HAIL 4 = ICE PELLETS
TOTAL MONTH: 0.0 INCH 5 = HAIL
GRTST 24HR 0.0 6 = FREEZING RAIN OR DRIZZLE
GRTST DEPTH: 0 7 = DUSTSTORM OR SANDSTORM:
VSBY 1/2 MILE OR LESS
8 = SMOKE OR HAZE
[NO. OF DAYS WITH] [WEATHER - DAYS WITH] 9 = BLOWING SNOW
X = TORNADO
MAX 32 OR BELOW: 0 0.01 INCH OR MORE: 1
MAX 90 OR ABOVE: 31 0.10 INCH OR MORE: 0
MIN 32 OR BELOW: 0 0.50 INCH OR MORE: 0
MIN 0 OR BELOW: 0 1.00 INCH OR MORE: 0
[HDD (BASE 65) ]
TOTAL THIS MO. 0 CLEAR (SCALE 0-3) 31
DPTR FM NORMAL 0 PTCLDY (SCALE 4-7) 0
TOTAL FM JUL 1 0 CLOUDY (SCALE 8-10) 0
DPTR FM NORMAL 0
[CDD (BASE 65) ]
TOTAL THIS MO. 611
DPTR FM NORMAL 149 [PRESSURE DATA]
TOTAL FM JAN 1 1845 HIGHEST SLP 30.07 ON 10
DPTR FM NORMAL 344 LOWEST SLP 29.66 ON 27
[REMARKS]
#FINAL-08-22#