000
CXUS56 KHNX 051440
CF6HJO
PRELIMINARY LOCAL CLIMATOLOGICAL DATA (WS FORM: F-6)
STATION: HANFORD CA AIRPORT
MONTH: SEPTEMBER
YEAR: 2023
LATITUDE: 36 19 N
LONGITUDE: 119 38 W
TEMPERATURE IN F: :PCPN: SNOW: WIND :SUNSHINE: SKY :PK WND
================================================================================
1 2 3 4 5 6A 6B 7 8 9 10 11 12 13 14 15 16 17 18
12Z AVG MX 2MIN
DY MAX MIN AVG DEP HDD CDD WTR SNW DPTH SPD SPD DIR MIN PSBL S-S WX SPD DR
================================================================================
1 95 57 76 -2 0 11 0.00 0.0 0 7.2 18 310 M M 0 8 25 300
2 85 66 76 -2 0 11 0.00 0.0 0 8.2 14 320 M M 6 20 310
3 82 67 75 -3 0 10 0.00 0.0 0 9.2 16 330 M M 5 21 350
4 86 62 74 -4 0 9 0.00 0.0 0 4.9 14 320 M M 0 19 320
5 92 61 77 0 0 12 0.00 0.0 0 3.5 12 320 M M 0 16 310
6 94 62 78 1 0 13 0.00 0.0 0 5.9 13 330 M M 0 18 310
7 96 63 80 3 0 15 0.00 0.0 0 4.5 13 320 M M 0 8 16 320
8 99 61 80 3 0 15 0.00 0.0 0 4.3 12 310 M M 0 8 16 300
9 100 73 87 10 0 22 0.00 0.0 0 7.6 15 320 M M 0 38 19 320
10 96 73 85 9 0 20 0.00 0.0 0 7.1 13 320 M M 1 20 310
11 95 63 79 3 0 14 0.00 0.0 0 5.8 14 320 M M 0 8 17 320
12 96 59 78 2 0 13 0.00 0.0 0 5.6 14 330 M M 0 8 18 320
13 96 59 78 2 0 13 0.00 0.0 0 3.8 13 320 M M 0 18 320
14 97 61 79 4 0 14 0.00 0.0 0 4.2 13 320 M M 0 16 320
15 96 67 82 7 0 17 0.00 0.0 0 6.6 13 300 M M 0 18 300
16 93 67 80 5 0 15 0.00 0.0 0 8.0 14 330 M M 0 20 300
17 87 63 75 0 0 10 0.00 0.0 0 7.8 15 320 M M 0 21 300
18 83 63 73 -1 0 8 0.00 0.0 0 7.0 15 320 M M 5 20 320
19 87 63 75 1 0 10 0.00 0.0 0 6.5 14 320 M M 2 18 320
20 90 63 77 3 0 12 0.00 0.0 0 4.5 10 330 M M 1 8 14 270
21 81 59 70 -3 0 5 0.00 0.0 0 4.6 14 320 M M 0 8 22 320
22 85 52 69 -4 0 4 0.00 0.0 0 2.8 10 310 M M 0 18 14 330
23 88 63 76 3 0 11 0.00 0.0 0 5.8 14 310 M M 0 8 17 300
24 89 58 74 2 0 9 0.00 0.0 0 4.5 10 310 M M 0 8 M M
25 87 59 73 1 0 8 0.00 0.0 0 8.2 17 320 M M 0 24 320
26 86 56 71 -1 0 6 0.00 0.0 0 7.1 15 320 M M 0 21 320
27 85 62 74 2 0 9 0.00 0.0 0 9.3 14 330 M M 0 M M
28 86 59 73 2 0 8 0.00 0.0 0 7.5 17 310 M M 0 8 22 320
29 89 52 71 0 0 6 0.00 0.0 0 5.8 20 320 M M 0 26 320
30 77 61 69 -1 0 4 T 0.0 0 5.2 14 320 M M 7 18 310
================================================================================
SM 2698 1854 0 334 T 0.0 183.0 M 27
================================================================================
AV 89.9 61.8 6.1 FASTST M M 1 MAX(MPH)
MISC ----> 20 320 26 320
================================================================================
NOTES:
# LAST OF SEVERAL OCCURRENCES
COLUMN 17 PEAK WIND IN M.P.H.
PRELIMINARY LOCAL CLIMATOLOGICAL DATA (WS FORM: F-6) , PAGE 2
STATION: HANFORD CA AIRPORT
MONTH: SEPTEMBER
YEAR: 2023
LATITUDE: 36 19 N
LONGITUDE: 119 38 W
[TEMPERATURE DATA] [PRECIPITATION DATA] SYMBOLS USED IN COLUMN 16
AVERAGE MONTHLY: 75.9 TOTAL FOR MONTH: T 1 = FOG OR MIST
DPTR FM NORMAL: 1.2 DPTR FM NORMAL: -0.04 2 = FOG REDUCING VISIBILITY
HIGHEST: 100 ON 9 GRTST 24HR T ON 30-30 TO 1/4 MILE OR LESS
LOWEST: 52 ON 29,22 3 = THUNDER
SNOW, ICE PELLETS, HAIL 4 = ICE PELLETS
TOTAL MONTH: 0.0 INCH 5 = HAIL
GRTST 24HR 0.0 6 = FREEZING RAIN OR DRIZZLE
GRTST DEPTH: 0 7 = DUSTSTORM OR SANDSTORM:
VSBY 1/2 MILE OR LESS
8 = SMOKE OR HAZE
[NO. OF DAYS WITH] [WEATHER - DAYS WITH] 9 = BLOWING SNOW
X = TORNADO
MAX 32 OR BELOW: 0 0.01 INCH OR MORE: 0
MAX 90 OR ABOVE: 14 0.10 INCH OR MORE: 0
MIN 32 OR BELOW: 0 0.50 INCH OR MORE: 0
MIN 0 OR BELOW: 0 1.00 INCH OR MORE: 0
[HDD (BASE 65) ]
TOTAL THIS MO. 0 CLEAR (SCALE 0-3) 26
DPTR FM NORMAL -4 PTCLDY (SCALE 4-7) 4
TOTAL FM JUL 1 0 CLOUDY (SCALE 8-10) 0
DPTR FM NORMAL -1
[CDD (BASE 65) ]
TOTAL THIS MO. 334
DPTR FM NORMAL 37 [PRESSURE DATA]
TOTAL FM JAN 1 2028 HIGHEST SLP 30.15 ON 26
DPTR FM NORMAL 230 LOWEST SLP 29.71 ON 1
[REMARKS]
#FINAL-09-23#