000
CXUS52 KGSP 010817
CF6HKY
PRELIMINARY LOCAL CLIMATOLOGICAL DATA (WS FORM: F-6)
STATION: HICKORY NC
MONTH: SEPTEMBER
YEAR: 2021
LATITUDE: 35 45 N
LONGITUDE: 81 23 W
TEMPERATURE IN F: :PCPN: SNOW: WIND :SUNSHINE: SKY :PK WND
================================================================================
1 2 3 4 5 6A 6B 7 8 9 10 11 12 13 14 15 16 17 18
12Z AVG MX 2MIN
DY MAX MIN AVG DEP HDD CDD WTR SNW DPTH SPD SPD DIR MIN PSBL S-S WX SPD DR
================================================================================
1 85 67 76 2 0 11 0.21 M M 7.2 18 250 M M 8 1 24 240
2 82 61 72 -2 0 7 0.00 M M 4.5 12 30 M M 0 18 20
3 81 58 70 -4 0 5 0.00 M M 2.2 9 270 M M 0 12 310
4 81 59 70 -4 0 5 0.00 M M 2.6 9 200 M M 3 12 12 200
5 84 62 73 -1 0 8 0.00 M M 2.9 10 200 M M 2 14 210
6 85 67 76 3 0 11 0.02 M M 2.3 9 70 M M 6 12 90
7 84 63 74 1 0 9 0.00 M M 2.2 9 220 M M 7 12 200
8 85 69 77 4 0 12 0.00 M M 3.0 16 210 M M 5 3 22 200
9 82 60 71 -1 0 6 0.00 M M 4.4 14 360 M M 5 19 10
10 80 55 68 -4 0 3 0.00 M M 2.2 9 20 M M 2 1 14 20
11 81 57 69 -3 0 4 0.00 M M 3.9 13 240 M M 1 17 230
12 86 59 73 1 0 8 0.00 M M 2.2 9 230 M M 0 12 240
13 89 63 76 5 0 11 0.00 M M 1.9 8 360 M M 0 11 350
14 87 66 77 6 0 12 0.00 M M 2.6 10 200 M M 1 1 14 190
15 86 63 75 4 0 10 0.02 M M 3.6 12 210 M M 2 1 14 220
16 79 66 73 3 0 8 0.09 M M 1.9 7 360 M M 7 1 10 290
17 83 68 76 6 0 11 0.00 M M 2.7 10 60 M M 5 12 60
18 88 66 77 7 0 12 0.00 M M 2.0 7 320 M M 3 12 12 100
19 88 66 77 8 0 12 0.00 M M 1.9 10 70 M M 3 12 16 50
20 80 67 74 5 0 9 0.03 M M 4.8 9 60 M M 6 1 14 80
21 70 66 68 -1 0 3 0.18 M M 5.4 13 50 M M 10 1 17 60
22 80 56 68 0 0 3 0.05 M M 4.5 20 300 M M 8 12 27 260
23 74 51 63 -5 2 0 0.00 M M 5.8 15 320 M M 0 21 330
24 74 47 61 -7 4 0 0.00 M M 2.6 9 290 M M 0 14 280
25 78 50 64 -3 1 0 0.00 M M 3.2 14 330 M M 0 17 340
26 78 51 65 -2 0 0 0.00 M M 3.2 10 240 M M 0 1 14 250
27 83 52 68 1 0 3 0.00 M M 3.4 10 220 M M 0 14 230
28 86 56 71 5 0 6 0.00 M M 3.2 12 220 M M 0 16 200
29 86 60 73 7 0 8 0.00 M M 4.7 12 270 M M 0 16 340
30 80 60 70 4 0 5 0.00 M M 2.4 7 80 M M 3 18 10 90
================================================================================
SM 2465 1811 7 202 0.60 M 99.4 M 87
================================================================================
AV 82.2 60.4 3.3 FASTST M M 3 MAX(MPH)
MISC ----> 20 300 27 260
================================================================================
NOTES:
# LAST OF SEVERAL OCCURRENCES
COLUMN 17 PEAK WIND IN M.P.H.
PRELIMINARY LOCAL CLIMATOLOGICAL DATA (WS FORM: F-6) , PAGE 2
STATION: HICKORY NC
MONTH: SEPTEMBER
YEAR: 2021
LATITUDE: 35 45 N
LONGITUDE: 81 23 W
[TEMPERATURE DATA] [PRECIPITATION DATA] SYMBOLS USED IN COLUMN 16
AVERAGE MONTHLY: 71.3 TOTAL FOR MONTH: 0.60 1 = FOG OR MIST
DPTR FM NORMAL: 0.9 DPTR FM NORMAL: -3.33 2 = FOG REDUCING VISIBILITY
HIGHEST: 89 ON 13 GRTST 24HR 0.24 ON 31- 1 TO 1/4 MILE OR LESS
LOWEST: 47 ON 24 3 = THUNDER
SNOW, ICE PELLETS, HAIL 4 = ICE PELLETS
TOTAL MONTH: M 5 = HAIL
GRTST 24HR M ON M 6 = FREEZING RAIN OR DRIZZLE
GRTST DEPTH: M ON M 7 = DUSTSTORM OR SANDSTORM:
VSBY 1/2 MILE OR LESS
8 = SMOKE OR HAZE
[NO. OF DAYS WITH] [WEATHER - DAYS WITH] 9 = BLOWING SNOW
X = TORNADO
MAX 32 OR BELOW: 0 0.01 INCH OR MORE: 7
MAX 90 OR ABOVE: 0 0.10 INCH OR MORE: 2
MIN 32 OR BELOW: 0 0.50 INCH OR MORE: 0
MIN 0 OR BELOW: 0 1.00 INCH OR MORE: 0
[HDD (BASE 65) ]
TOTAL THIS MO. 7 CLEAR (SCALE 0-3) 20
DPTR FM NORMAL -16 PTCLDY (SCALE 4-7) 9
TOTAL FM JUL 1 7 CLOUDY (SCALE 8-10) 1
DPTR FM NORMAL -13
[CDD (BASE 65) ]
TOTAL THIS MO. 202
DPTR FM NORMAL 18 [PRESSURE DATA]
TOTAL FM JAN 1 1482 HIGHEST SLP 30.27 ON 12
DPTR FM NORMAL 118 LOWEST SLP 29.56 ON 1
[REMARKS]
#FINAL-09-21#