000
CXUS51 KPBZ 010730
CF6HLG
PRELIMINARY LOCAL CLIMATOLOGICAL DATA (WS FORM: F-6)
STATION: WHEELING WV
MONTH: AUGUST
YEAR: 2022
LATITUDE: 40 10 N
LONGITUDE: 80 39 W
TEMPERATURE IN F: :PCPN: SNOW: WIND :SUNSHINE: SKY :PK WND
================================================================================
1 2 3 4 5 6A 6B 7 8 9 10 11 12 13 14 15 16 17 18
12Z AVG MX 2MIN
DY MAX MIN AVG DEP HDD CDD WTR SNW DPTH SPD SPD DIR MIN PSBL S-S WX SPD DR
================================================================================
1 80 63 72 -1 0 7 0.81 M M 5.8 15 210 M M 7 123 18 220
2 83 68 76 3 0 11 0.00 M M 5.6 16 260 M M 4 20 270
3 87 64 76 3 0 11 0.00 M M 6.9 15 220 M M 1 21 220
4 88 70 79 6 0 14 0.26 M M 5.7 22 350 M M 3 138 28 360
5 85 69 77 4 0 12 0.27 M M 4.1 12 220 M M 3 13 14 230
6 81 70 76 3 0 11 0.12 M M 5.2 16 190 M M 7 1 21 190
7 84 71 78 5 0 13 0.39 M M 5.7 21 220 M M 5 138 30 210
8 86 71 79 6 0 14 0.04 M M 7.3 15 220 M M 4 22 210
9 83 72 78 5 0 13 T M M 6.8 12 360 M M 6 17 240
10 74 68 71 -2 0 6 0.00 M M 4.5 10 360 M M 10 13 350
11 81 62 72 0 0 7 0.37 M M 4.5 15 350 M M 5 128 18 340
12 77 56 67 -5 0 2 0.00 M M 5.8 13 340 M M 0 19 350
13 76 53 65 -7 0 0 T M M 2.3 7 360 M M 1 1 10 20
14 68 61 65 -7 0 0 0.01 M M 2.6 9 230 M M 9 12 230
15 77 57 67 -5 0 2 0.00 M M 6.9 16 40 M M 5 12 20 40
16 76 63 70 -2 0 5 0.00 M M 8.9 15 100 M M 9 20 90
17 79 61 70 -2 0 5 0.26 M M 5.0 30 340 M M 5 3 36 350
18 80 57 69 -3 0 4 0.00 M M 3.5 9 250 M M 0 1 13 250
19 85 58 72 0 0 7 T M M 2.0 8 160 M M 1 1 11 240
20 85 64 75 4 0 10 0.58 M M 5.2 20 280 M M 3 13 29 280
21 81 63 72 1 0 7 0.44 M M 4.3 24 180 M M 6 123 34 190
22 79 64 72 1 0 7 0.45 M M 5.6 18 290 M M 7 123 24 290
23 79 64 72 1 0 7 0.00 M M 3.5 12 240 M M 5 12 15 260
24 82 60 71 0 0 6 0.00 M M 2.2 8 300 M M 3 12 11 220
25 84 60 72 1 0 7 0.00 M M 2.3 8 250 M M 1 1 10 230
26 84 67 76 6 0 11 T M M 5.7 15 320 M M 5 13 21 330
27 82 64 73 3 0 8 0.00 M M 4.6 9 100 M M 4 1 12 320
28 88 58 73 3 0 8 0.00 M M 3.0 9 210 M M 0 1 11 270
29 88 68 78 8 0 13 0.87 M M 8.1 24 270 M M 2 1238 31 270
30 78 65 72 2 0 7 0.11 M M 8.1 17 290 M M 6 1 25 280
31 78 59 69 0 0 4 0.00 M M 7.4 14 250 M M 1 22 290
================================================================================
SM 2518 1970 0 239 4.98 M 159.1 M 128
================================================================================
AV 81.2 63.5 5.1 FASTST M M 4 MAX(MPH)
MISC ----> 30 340 36 350
================================================================================
NOTES:
# LAST OF SEVERAL OCCURRENCES
COLUMN 17 PEAK WIND IN M.P.H.
PRELIMINARY LOCAL CLIMATOLOGICAL DATA (WS FORM: F-6) , PAGE 2
STATION: WHEELING WV
MONTH: AUGUST
YEAR: 2022
LATITUDE: 40 10 N
LONGITUDE: 80 39 W
[TEMPERATURE DATA] [PRECIPITATION DATA] SYMBOLS USED IN COLUMN 16
AVERAGE MONTHLY: 72.4 TOTAL FOR MONTH: 4.98 1 = FOG OR MIST
DPTR FM NORMAL: 0.7 DPTR FM NORMAL: 1.24 2 = FOG REDUCING VISIBILITY
HIGHEST: 88 ON 29,28 GRTST 24HR 1.02 ON 20-21 TO 1/4 MILE OR LESS
LOWEST: 53 ON 13 3 = THUNDER
SNOW, ICE PELLETS, HAIL 4 = ICE PELLETS
TOTAL MONTH: M 5 = HAIL
GRTST 24HR M ON M 6 = FREEZING RAIN OR DRIZZLE
GRTST DEPTH: M ON M 7 = DUSTSTORM OR SANDSTORM:
VSBY 1/2 MILE OR LESS
8 = SMOKE OR HAZE
[NO. OF DAYS WITH] [WEATHER - DAYS WITH] 9 = BLOWING SNOW
X = TORNADO
MAX 32 OR BELOW: 0 0.01 INCH OR MORE: 14
MAX 90 OR ABOVE: 0 0.10 INCH OR MORE: 12
MIN 32 OR BELOW: 0 0.50 INCH OR MORE: 3
MIN 0 OR BELOW: 0 1.00 INCH OR MORE: 0
[HDD (BASE 65) ]
TOTAL THIS MO. 0 CLEAR (SCALE 0-3) 13
DPTR FM NORMAL -7 PTCLDY (SCALE 4-7) 15
TOTAL FM JUL 1 0 CLOUDY (SCALE 8-10) 3
DPTR FM NORMAL -5
[CDD (BASE 65) ]
TOTAL THIS MO. 239
DPTR FM NORMAL 24 [PRESSURE DATA]
TOTAL FM JAN 1 785 HIGHEST SLP 30.22 ON 6
DPTR FM NORMAL 103 LOWEST SLP 29.85 ON 30
[REMARKS]
#FINAL-08-22#