000
CXHW50 PHFO 011250
CF6HNL
PRELIMINARY LOCAL CLIMATOLOGICAL DATA (WS FORM: F-6)
STATION: HONOLULU HI
MONTH: AUGUST
YEAR: 2022
LATITUDE: 21 21 N
LONGITUDE: 157 56 W
TEMPERATURE IN F: :PCPN: SNOW: WIND :SUNSHINE: SKY :PK WND
================================================================================
1 2 3 4 5 6A 6B 7 8 9 10 11 12 13 14 15 16 17 18
12Z AVG MX 2MIN
DY MAX MIN AVG DEP HDD CDD WTR SNW DPTH SPD SPD DIR MIN PSBL S-S WX SPD DR
================================================================================
1 87 73 80 -2 0 15 0.01 M M 13.5 24 70 M M 6 32 80
2 87 74 81 -1 0 16 0.01 M M 12.9 22 50 M M 5 33 50
3 87 72 80 -2 0 15 0.00 M M 9.1 21 40 M M 3 25 50
4 86 73 80 -2 0 15 T M M 6.7 18 140 M M 3 25 150
5 85 72 79 -3 0 14 0.00 M M 5.7 15 150 M M 3 21 170
6 88 74 81 -1 0 16 0.00 M M 8.4 20 140 M M 4 23 140
7 89 77 83 1 0 18 0.00 M M 12.8 20 70 M M 3 23 70
8 89 75 82 0 0 17 0.00 M M 13.6 23 70 M M 3 8 28 80
9 89 77 83 1 0 18 0.00 M M 15.8 25 70 M M 4 32 80
10 90 78 84 2 0 19 0.00 M M 15.6 26 70 M M 4 36 80
11 89 78 84 2 0 19 0.00 M M 16.3 26 70 M M 5 34 60
12 89 75 82 0 0 17 0.00 M M 11.3 22 70 M M 4 33 80
13 88 73 81 -1 0 16 0.00 M M 10.8 21 60 M M 4 26 60
14 89 76 83 1 0 18 0.00 M M 13.3 22 70 M M 4 26 40
15 90 75 83 1 0 18 0.00 M M 7.6 18 20 M M 5 26 10
16 86 73 80 -2 0 15 0.00 M M 5.8 13 200 M M 3 16 200
17 89 74 82 0 0 17 0.00 M M 8.2 18 140 M M 3 23 140
18 91 75 83 1 0 18 0.00 M M 10.5 21 80 M M 2 26 50
19 89 78 84 2 0 19 0.00 M M 13.6 22 50 M M 3 29 50
20 89 77 83 1 0 18 0.00 M M 12.7 23 60 M M 3 29 80
21 88 76 82 0 0 17 0.00 M M 12.5 23 70 M M 2 29 50
22 87 74 81 -1 0 16 0.00 M M 10.3 23 60 M M 5 34 50
23 85 74 80 -2 0 15 0.04 M M 6.1 12 180 M M 5 1 17 160
24 88 74 81 -1 0 16 0.00 M M 8.1 20 150 M M 4 25 150
25 88 74 81 -1 0 16 0.00 M M 8.4 21 170 M M 3 30 160
26 90 75 83 1 0 18 0.00 M M 10.9 24 70 M M 4 30 70
27 89 77 83 1 0 18 T M M 14.1 28 80 M M 3 38 80
28 88 73 81 -1 0 16 0.01 M M 10.9 21 70 M M 4 1 27 60
29 90 75 83 1 0 18 0.00 M M 10.3 17 30 M M 4 26 70
30 89 75 82 0 0 17 0.00 M M 7.9 17 60 M M 3 25 60
31 90 72 81 -1 0 16 T M M 11.1 22 70 M M 3 29 30
================================================================================
SM 2738 2318 0 521 0.07 M 334.8 M 114
================================================================================
AV 88.3 74.8 10.8 FASTST M M 4 MAX(MPH)
MISC ----> 28 80 38 80
================================================================================
NOTES:
# LAST OF SEVERAL OCCURRENCES
COLUMN 17 PEAK WIND IN M.P.H.
PRELIMINARY LOCAL CLIMATOLOGICAL DATA (WS FORM: F-6) , PAGE 2
STATION: HONOLULU HI
MONTH: AUGUST
YEAR: 2022
LATITUDE: 21 21 N
LONGITUDE: 157 56 W
[TEMPERATURE DATA] [PRECIPITATION DATA] SYMBOLS USED IN COLUMN 16
AVERAGE MONTHLY: 81.5 TOTAL FOR MONTH: 0.07 1 = FOG OR MIST
DPTR FM NORMAL: -0.7 DPTR FM NORMAL: -0.77 2 = FOG REDUCING VISIBILITY
HIGHEST: 91 ON 18 GRTST 24HR 0.04 ON 23-23 TO 1/4 MILE OR LESS
LOWEST: 72 ON 31, 5 3 = THUNDER
SNOW, ICE PELLETS, HAIL 4 = ICE PELLETS
TOTAL MONTH: M 5 = HAIL
GRTST 24HR M ON M 6 = FREEZING RAIN OR DRIZZLE
GRTST DEPTH: M ON M 7 = DUSTSTORM OR SANDSTORM:
VSBY 1/2 MILE OR LESS
8 = SMOKE OR HAZE
[NO. OF DAYS WITH] [WEATHER - DAYS WITH] 9 = BLOWING SNOW
X = TORNADO
MAX 32 OR BELOW: 0 0.01 INCH OR MORE: 4
MAX 90 OR ABOVE: 6 0.10 INCH OR MORE: 0
MIN 32 OR BELOW: 0 0.50 INCH OR MORE: 0
MIN 0 OR BELOW: 0 1.00 INCH OR MORE: 0
[HDD (BASE 65) ]
TOTAL THIS MO. 0 CLEAR (SCALE 0-3) 6
DPTR FM NORMAL 0 PTCLDY (SCALE 4-7) 25
TOTAL FM JUL 1 0 CLOUDY (SCALE 8-10) 0
DPTR FM NORMAL 0
[CDD (BASE 65) ]
TOTAL THIS MO. 521
DPTR FM NORMAL -12 [PRESSURE DATA]
TOTAL FM JAN 1 3209 HIGHEST SLP 30.12 ON 11
DPTR FM NORMAL 132 LOWEST SLP 29.90 ON 29
[REMARKS]
#FINAL-08-22#