000
CXHW50 PHFO 011250
CF6HNL
PRELIMINARY LOCAL CLIMATOLOGICAL DATA (WS FORM: F-6)
STATION: HONOLULU HI
MONTH: JUNE
YEAR: 2022
LATITUDE: 21 21 N
LONGITUDE: 157 56 W
TEMPERATURE IN F: :PCPN: SNOW: WIND :SUNSHINE: SKY :PK WND
================================================================================
1 2 3 4 5 6A 6B 7 8 9 10 11 12 13 14 15 16 17 18
12Z AVG MX 2MIN
DY MAX MIN AVG DEP HDD CDD WTR SNW DPTH SPD SPD DIR MIN PSBL S-S WX SPD DR
================================================================================
1 86 73 80 1 0 15 0.00 M M 11.0 18 80 M M 4 26 50
2 86 73 80 1 0 15 T M M 9.5 20 70 M M 5 8 27 60
3 86 70 78 -2 0 13 0.00 M M 8.0 17 50 M M 3 23 50
4 86 71 79 -1 0 14 0.00 M M 6.1 18 130 M M 3 24 150
5 88 69 79 -1 0 14 0.00 M M 5.8 17 90 M M 4 21 90
6 88 71 80 0 0 15 0.00 M M 8.5 20 70 M M 3 26 60
7 87 74 81 1 0 16 0.00 M M 10.3 20 80 M M 3 25 70
8 87 72 80 0 0 15 0.00 M M 10.2 17 70 M M 3 8 23 60
9 88 70 79 -1 0 14 0.00 M M 9.8 20 80 M M 3 8 27 70
10 88 73 81 1 0 16 0.00 M M 12.2 21 20 M M 3 27 70
11 88 75 82 2 0 17 T M M 14.4 24 70 M M 3 32 70
12 87 76 82 2 0 17 0.00 M M 16.1 28 70 M M 4 32 80
13 86 76 81 1 0 16 0.00 M M 16.0 26 70 M M 4 35 70
14 87 75 81 1 0 16 T M M 13.7 23 50 M M 3 30 30
15 86 74 80 0 0 15 0.01 M M 9.2 18 60 M M 5 8 24 10
16 86 73 80 0 0 15 T M M 12.1 24 80 M M 4 28 60
17 87 74 81 1 0 16 0.00 M M 13.9 24 70 M M 3 31 80
18 87 74 81 0 0 16 0.00 M M 13.3 22 80 M M 3 29 70
19 87 75 81 0 0 16 0.00 M M 12.7 21 70 M M 3 26 70
20 88 75 82 1 0 17 T M M 12.2 23 70 M M 4 30 70
21 87 74 81 0 0 16 T M M 12.4 23 70 M M 3 31 30
22 87 75 81 0 0 16 0.00 M M 11.9 24 80 M M 4 30 80
23 86 74 80 -1 0 15 0.00 M M 10.5 20 30 M M 5 26 30
24 86 73 80 -1 0 15 T M M 8.2 17 30 M M 4 8 24 30
25 87 70 79 -2 0 14 0.00 M M 9.8 21 40 M M 3 26 30
26 88 73 81 0 0 16 0.00 M M 9.3 21 140 M M 4 33 140
27 87 71 79 -2 0 14 0.00 M M 11.1 24 80 M M 4 32 80
28 87 74 81 0 0 16 T M M 14.7 25 60 M M 4 32 70
29 86 73 80 -1 0 15 T M M 14.5 29 70 M M 5 35 60
30 88 76 82 1 0 17 0.00 M M 15.8 30 70 M M 4 36 70
================================================================================
SM 2608 2196 0 462 0.01 M 343.2 M 110
================================================================================
AV 86.9 73.2 11.4 FASTST M M 4 MAX(MPH)
MISC ----> 30 70 36 70
================================================================================
NOTES:
# LAST OF SEVERAL OCCURRENCES
COLUMN 17 PEAK WIND IN M.P.H.
PRELIMINARY LOCAL CLIMATOLOGICAL DATA (WS FORM: F-6) , PAGE 2
STATION: HONOLULU HI
MONTH: JUNE
YEAR: 2022
LATITUDE: 21 21 N
LONGITUDE: 157 56 W
[TEMPERATURE DATA] [PRECIPITATION DATA] SYMBOLS USED IN COLUMN 16
AVERAGE MONTHLY: 80.1 TOTAL FOR MONTH: 0.01 1 = FOG OR MIST
DPTR FM NORMAL: -0.2 DPTR FM NORMAL: -0.49 2 = FOG REDUCING VISIBILITY
HIGHEST: 88 ON 30,26 GRTST 24HR 0.01 ON 14-15 TO 1/4 MILE OR LESS
LOWEST: 69 ON 5 3 = THUNDER
SNOW, ICE PELLETS, HAIL 4 = ICE PELLETS
TOTAL MONTH: M 5 = HAIL
GRTST 24HR M ON M 6 = FREEZING RAIN OR DRIZZLE
GRTST DEPTH: M ON M 7 = DUSTSTORM OR SANDSTORM:
VSBY 1/2 MILE OR LESS
8 = SMOKE OR HAZE
[NO. OF DAYS WITH] [WEATHER - DAYS WITH] 9 = BLOWING SNOW
X = TORNADO
MAX 32 OR BELOW: 0 0.01 INCH OR MORE: 1
MAX 90 OR ABOVE: 0 0.10 INCH OR MORE: 0
MIN 32 OR BELOW: 0 0.50 INCH OR MORE: 0
MIN 0 OR BELOW: 0 1.00 INCH OR MORE: 0
[HDD (BASE 65) ]
TOTAL THIS MO. 0 CLEAR (SCALE 0-3) 6
DPTR FM NORMAL 0 PTCLDY (SCALE 4-7) 24
TOTAL FM JUL 1 0 CLOUDY (SCALE 8-10) 0
DPTR FM NORMAL 0
[CDD (BASE 65) ]
TOTAL THIS MO. 462
DPTR FM NORMAL 2 [PRESSURE DATA]
TOTAL FM JAN 1 2181 HIGHEST SLP 30.13 ON 14
DPTR FM NORMAL 152 LOWEST SLP 29.94 ON 25
[REMARKS]
#FINAL-06-22#