000
CXUS53 KFSD 011804
CF6HON
PRELIMINARY LOCAL CLIMATOLOGICAL DATA (WS FORM: F-6)
STATION: HURON
MONTH: MARCH
YEAR: 2022
LATITUDE: 44 22 N
LONGITUDE: 98 13 W
TEMPERATURE IN F: :PCPN: SNOW: WIND :SUNSHINE: SKY :PK WND
================================================================================
1 2 3 4 5 6A 6B 7 8 9 10 11 12 13 14 15 16 17 18
12Z AVG MX 2MIN
DY MAX MIN AVG DEP HDD CDD WTR SNW DPTH SPD SPD DIR MIN PSBL S-S WX SPD DR
================================================================================
1 55 28 42 16 23 0 T 0.0 0 5.5 13 330 M M 6 1 17 330
2 37 23 30 4 35 0 0.00 0.0 0 10.2 21 20 M M 7 12 27 30
3 32 18 25 -2 40 0 0.01 T T 11.2 17 120 M M 10 24 120
4 46 26 36 9 29 0 0.00 0.0 0 11.5 22 130 M M 4 29 130
5 33 22 28 0 37 0 0.26 2.8 0 17.8 30 320 M M 9 1 37 320
6 26 12 19 -9 46 0 0.01 0.2 3 15.7 31 330 M M 7 1 40 320
7 33 3 18 -11 47 0 0.00 0.0 2 10.4 15 190 M M 0 20 180
8 36 13 25 -4 40 0 T T 1 13.2 29 320 M M 5 1 37 320
9 22 6 14 -16 51 0 T T 1 12.5 23 360 M M 6 32 360
10 31 4 18 -12 47 0 T T T 12.5 28 350 M M 1 36 360
11 16 -1 8 -23 57 0 0.00 0.0 T 16.2 30 320 M M 2 40 340
12 44 -1 22 -9 43 0 0.00 0.0 T 12.6 24 190 M M 1 35 180
13 53 20 37 5 28 0 T 0.0 T 8.9 18 70 M M 1 27 70
14 50 26 38 6 27 0 T 0.0 0 9.5 18 30 M M 1 26 80
15 69 29 49 17 16 0 0.00 0.0 0 13.0 25 190 M M 0 35 190
16 68 30 49 16 16 0 0.00 0.0 0 9.4 23 320 M M 1 30 340
17 58 22 40 6 25 0 0.00 0.0 0 8.6 24 350 M M 0 34 350
18 56 18 37 3 28 0 0.00 0.0 0 6.4 15 30 M M 0 1 21 20
19 61 25 43 9 22 0 0.00 0.0 0 8.0 17 310 M M 1 25 330
20 74 31 53 18 12 0 0.00 0.0 0 12.5 25 160 M M 0 35 170
21 52 25 39 4 26 0 0.00 0.0 0 17.3 37 350 M M 4 48 340
22 53 23 38 2 27 0 0.00 0.0 0 18.7 37 350 M M 1 48 350
23 45 32 39 3 26 0 0.00 0.0 0 21.9 36 350 M M 10 48 350
24 54 22 38 1 27 0 T 0.0 0 8.6 31 350 M M 6 44 350
25 52 26 39 2 26 0 0.00 0.0 0 22.4 41 320 M M 1 56 340
26 38 13 26 -12 39 0 0.00 0.0 0 10.9 18 350 M M 0 27 20
27 40 17 29 -9 36 0 0.00 0.0 0 8.3 15 130 M M 4 20 130
28 50 25 38 0 27 0 0.00 0.0 0 19.0 31 150 M M 0 43 140
29 51 33 42 3 23 0 0.01 T 0 14.9 25 150 M M 5 1 36 150
30 33 28 31 -8 34 0 0.14 0.8 1 20.1 32 350 M M 10 1 43 340
31 39 20 30 -10 35 0 0.00 0.0 1 11.2 23 360 M M 3 32 360
================================================================================
SM 1407 618 995 0 0.43 3.8 398.9 M 106
================================================================================
AV 45.4 19.9 12.9 FASTST M M 3 MAX(MPH)
MISC ----> 41 320 56 340
================================================================================
NOTES:
# LAST OF SEVERAL OCCURRENCES
-COLUMN 17 PEAK WIND IN M.P.H.
-PRECIPITATION AMOUNTS IN COLUMNS 7,8 AND 9 ARE THE OFFICIAL
PRECIPITATION AMOUNTS FOR HURON, SD.
-SNOW DEPTH IN COLUMN 9 IS RECORDED AT 6 AM CST (12Z).
PRELIMINARY LOCAL CLIMATOLOGICAL DATA (WS FORM: F-6) , PAGE 2
STATION: HURON
MONTH: MARCH
YEAR: 2022
LATITUDE: 44 22 N
LONGITUDE: 98 13 W
[TEMPERATURE DATA] [PRECIPITATION DATA] SYMBOLS USED IN COLUMN 16
AVERAGE MONTHLY: 32.7 TOTAL FOR MONTH: 0.43 1 = FOG OR MIST
DPTR FM NORMAL: -0.2 DPTR FM NORMAL: -0.72 2 = FOG REDUCING VISIBILITY
HIGHEST: 74 ON 20 GRTST 24HR 0.27 ON 5- 6 TO 1/4 MILE OR LESS
LOWEST: -1 ON 12,11 3 = THUNDER
SNOW, ICE PELLETS, HAIL 4 = ICE PELLETS
TOTAL MONTH: 3.8 INCHES 5 = HAIL
GRTST 24HR 3.0 ON 5- 6 6 = FREEZING RAIN OR DRIZZLE
GRTST DEPTH: 3 ON 6 7 = DUSTSTORM OR SANDSTORM:
VSBY 1/2 MILE OR LESS
8 = SMOKE OR HAZE
[NO. OF DAYS WITH] [WEATHER - DAYS WITH] 9 = BLOWING SNOW
X = TORNADO
MAX 32 OR BELOW: 5 0.01 INCH OR MORE: 5
MAX 90 OR ABOVE: 0 0.10 INCH OR MORE: 2
MIN 32 OR BELOW: 30 0.50 INCH OR MORE: 0
MIN 0 OR BELOW: 2 1.00 INCH OR MORE: 0
[HDD (BASE 65) ]
TOTAL THIS MO. 995 CLEAR (SCALE 0-3) 17
DPTR FM NORMAL -1 PTCLDY (SCALE 4-7) 10
TOTAL FM JUL 1 6328 CLOUDY (SCALE 8-10) 4
DPTR FM NORMAL -478
[CDD (BASE 65) ]
TOTAL THIS MO. 0
DPTR FM NORMAL 0 [PRESSURE DATA]
TOTAL FM JAN 1 0 HIGHEST SLP 30.51 ON 3
DPTR FM NORMAL 0 LOWEST SLP 29.50 ON 29
[REMARKS]
#FINAL-03-22#