000
CXUS53 KFSD 020212 RRA
CLMHON
CLIMATE REPORT
NATIONAL WEATHER SERVICE SIOUX FALLS SD
912 PM CDT SAT JUL 01 2023
...................................
...THE HURON CLIMATE SUMMARY FOR THE MONTH OF JUNE 2023...
CLIMATE NORMAL PERIOD: 1991 TO 2020
CLIMATE RECORD PERIOD: 1881 TO 2023
WEATHER OBSERVED NORMAL DEPART LAST YEAR`S
VALUE DATE(S) VALUE FROM VALUE DATE(S)
NORMAL
................................................................
TEMPERATURE (F)
RECORD
HIGH 109 06/24/1988
06/21/1988
06/25/1936
LOW 31 06/05/1894
HIGHEST 99 06/19 MM MM 105 06/29
LOWEST 48 06/12 MM MM 38 06/03
AVG. MAXIMUM 86.4 80.0 6.4 83.2
AVG. MINIMUM 60.8 56.7 4.1 58.5
MEAN 73.6 68.3 5.3 70.9
DAYS MAX >= 90 12 3.2 8.8 6
DAYS MAX <= 32 0 0.0 0.0 0
DAYS MIN <= 32 0 0.0 0.0 0
DAYS MIN <= 0 0 0.0 0.0 0
PRECIPITATION (INCHES)
RECORD
MAXIMUM 11.56 1914
MINIMUM 0.67 1950
TOTALS 3.79 3.89 -0.10 1.36
DAILY AVG. 0.13 0.13 0.00 0.05
DAYS >= .01 7 11.6 -4.6 13
DAYS >= .10 6 6.8 -0.8 3
DAYS >= .50 3 2.8 0.2 1
DAYS >= 1.00 1 1.0 0.0 0
GREATEST
24 HR. TOTAL 1.35 06/22 TO 06/22
DEGREE DAYS
HEATING TOTAL 0 44 -44 31
SINCE 7/1 7947 7683 264 MM
COOLING TOTAL 265 145 120 214
SINCE 1/1 365 180 185 MM
................................................................
WIND (MPH)
AVERAGE WIND SPEED 8.1
HIGHEST WIND SPEED/DIRECTION 39/310 DATE 06/25
HIGHEST GUST SPEED/DIRECTION 55/310 DATE 06/25
SKY COVER
POSSIBLE SUNSHINE (PERCENT) MM
AVERAGE SKY COVER 0.19
NUMBER OF DAYS FAIR 24
NUMBER OF DAYS PC 6
NUMBER OF DAYS CLOUDY 0
AVERAGE RH (PERCENT) 63
WEATHER CONDITIONS. NUMBER OF DAYS WITH
THUNDERSTORM 9 MIXED PRECIP 0
HEAVY RAIN 5 RAIN 6
LIGHT RAIN 11 FREEZING RAIN 0
LT FREEZING RAIN 0 HAIL 0
HEAVY SNOW 0 SNOW 0
LIGHT SNOW 0 SLEET 0
FOG 14 FOG W/VIS <= 1/4 MILE 1
HAZE 5
- INDICATES NEGATIVE NUMBERS.
R INDICATES RECORD WAS SET OR TIED.
MM INDICATES DATA IS MISSING.
T INDICATES TRACE AMOUNT.
$$