000
CXUS54 KLZK 011130
CF6HOT
PRELIMINARY LOCAL CLIMATOLOGICAL DATA (WS FORM: F-6)
STATION: HOT SPRINGS MEMORIAL FIELD
MONTH: APRIL
YEAR: 2021
LATITUDE: 34 28 N
LONGITUDE: 93 6 W
TEMPERATURE IN F: :PCPN: SNOW: WIND :SUNSHINE: SKY :PK WND
================================================================================
1 2 3 4 5 6A 6B 7 8 9 10 11 12 13 14 15 16 17 18
12Z AVG MX 2MIN
DY MAX MIN AVG DEP HDD CDD WTR SNW DPTH SPD SPD DIR MIN PSBL S-S WX SPD DR
================================================================================
1 63 34 49 -10 16 0 0.00 M M 4.9 15 60 M M 0 21 60
2 62 31 47 -12 18 0 0.00 M M 4.9 12 150 M M 0 15 150
3 68 41 55 -5 10 0 0.00 M M 4.5 12 200 M M 5 8 16 200
4 77 39 58 -2 7 0 0.00 M M 2.9 12 200 M M 2 1 17 200
5 78 53 66 6 0 1 0.00 M M 4.1 15 190 M M 7 8 20 190
6 77 55 66 6 0 1 0.00 0.0 0 6.2 15 180 M M 6 8 21 180
7 73 56 65 5 0 0 0.01 0.0 0 6.5 17 200 M M 7 138 23 190
8 78 43 61 0 4 0 0.00 0.0 0 7.6 21 230 M M 0 28 240
9 78 51 65 4 0 0 0.08 0.0 0 5.2 18 320 M M 2 138 36 340
10 66 46 56 -5 9 0 0.09 M M 7.3 24 270 M M 2 13 35 280
11 80 42 61 -1 4 0 0.00 0.0 0 4.8 16 230 M M 0 21 240
12 85 48 67 5 0 2 0.00 0.0 0 3.4 13 160 M M 0 18 250
13 77 57 67 5 0 2 0.00 M M 7.7 18 60 M M 1 23 60
14 65 50 58 -4 7 0 0.39 M M 7.5 23 80 M M 7 13 31 90
15 69 50 60 -3 5 0 0.01 0.0 0 6.6 20 60 M M 4 1 24 60
16 59 50 55 -8 10 0 0.16 0.0 0 5.1 15 120 M M 10 1 19 120
17 65 50 58 -5 7 0 0.00 0.0 0 4.0 14 270 M M 8 1 20 280
18 66 46 56 -7 9 0 0.00 0.0 0 4.3 14 270 M M 5 22 340
19 73 39 56 -8 9 0 0.00 0.0 0 2.6 12 240 M M 0 16 230
20 76 38 57 -7 8 0 0.00 0.0 0 6.4 22 240 M M 2 8 28 230
21 63 32 48 -16 17 0 0.00 M M 3.0 13 280 M M 0 18 19 270
22 61 38 50 -14 15 0 T M M 4.1 12 70 M M 8 15 70
23 58 52 55 -10 10 0 1.88 0.0 0 7.2 14 80 M M 10 138 18 80
24 69 50 60 -5 5 0 0.08 M M 5.8 24 90 M M 6 13 29 90
25 77 44 61 -4 4 0 0.00 0.0 0 4.1 12 130 M M 1 12 17 180
26 82 57 70 5 0 5 0.00 0.0 0 6.9 14 180 M M 0 20 190
27 77 65 71 5 0 6 0.00 0.0 0 6.2 10 190 M M 5 18 200
28 81 70 76 10 0 11 T M M 6.9 12 150 M M 8 1 18 170
29 77 64 71 5 0 6 T M M 3.7 20 280 M M 6 13 30 320
30 79 55 67 1 0 2 0.00 0.0 0 4.9 16 60 M M 0 24 10
================================================================================
SM 2159 1446 174 36 2.70 0.0 159.3 M 112
================================================================================
AV 72.0 48.2 5.3 FASTST M M 4 MAX(MPH)
MISC ----> # 24 270 36 340
================================================================================
NOTES:
# LAST OF SEVERAL OCCURRENCES
COLUMN 17 PEAK WIND IN M.P.H.
PRELIMINARY LOCAL CLIMATOLOGICAL DATA (WS FORM: F-6) , PAGE 2
STATION: HOT SPRINGS MEMORIAL FIELD
MONTH: APRIL
YEAR: 2021
LATITUDE: 34 28 N
LONGITUDE: 93 6 W
[TEMPERATURE DATA] [PRECIPITATION DATA] SYMBOLS USED IN COLUMN 16
AVERAGE MONTHLY: 60.1 TOTAL FOR MONTH: 2.70 1 = FOG OR MIST
DPTR FM NORMAL: -2.6 DPTR FM NORMAL: -2.03 2 = FOG REDUCING VISIBILITY
HIGHEST: 85 ON 12 GRTST 24HR 1.88 ON 23-23 TO 1/4 MILE OR LESS
LOWEST: 31 ON 2 3 = THUNDER
SNOW, ICE PELLETS, HAIL 4 = ICE PELLETS
TOTAL MONTH: 0.0 INCH 5 = HAIL
GRTST 24HR 0.0 6 = FREEZING RAIN OR DRIZZLE
GRTST DEPTH: 0 7 = DUSTSTORM OR SANDSTORM:
VSBY 1/2 MILE OR LESS
8 = SMOKE OR HAZE
[NO. OF DAYS WITH] [WEATHER - DAYS WITH] 9 = BLOWING SNOW
X = TORNADO
MAX 32 OR BELOW: 0 0.01 INCH OR MORE: 8
MAX 90 OR ABOVE: 0 0.10 INCH OR MORE: 3
MIN 32 OR BELOW: 2 0.50 INCH OR MORE: 1
MIN 0 OR BELOW: 0 1.00 INCH OR MORE: 1
[HDD (BASE 65) ]
TOTAL THIS MO. 174 CLEAR (SCALE 0-3) 15
DPTR FM NORMAL 42 PTCLDY (SCALE 4-7) 12
TOTAL FM JUL 1 2943 CLOUDY (SCALE 8-10) 3
DPTR FM NORMAL 32
[CDD (BASE 65) ]
TOTAL THIS MO. 36
DPTR FM NORMAL -27 [PRESSURE DATA]
TOTAL FM JAN 1 55 HIGHEST SLP 30.56 ON 1
DPTR FM NORMAL -26 LOWEST SLP 29.48 ON 10
[REMARKS]
#FINAL-04-21#