000
CXUS54 KLZK 011230
CF6HOT
PRELIMINARY LOCAL CLIMATOLOGICAL DATA (WS FORM: F-6)
STATION: HOT SPRINGS MEMORIAL FIELD
MONTH: OCTOBER
YEAR: 2023
LATITUDE: 34 28 N
LONGITUDE: 93 6 W
TEMPERATURE IN F: :PCPN: SNOW: WIND :SUNSHINE: SKY :PK WND
================================================================================
1 2 3 4 5 6A 6B 7 8 9 10 11 12 13 14 15 16 17 18
12Z AVG MX 2MIN
DY MAX MIN AVG DEP HDD CDD WTR SNW DPTH SPD SPD DIR MIN PSBL S-S WX SPD DR
================================================================================
1 94 64 79 9 0 14 0.00 M M 3.1 14 150 M M 1 20 150
2 91 62 77 8 0 12 0.00 M M 2.9 14 110 M M 3 1 19 120
3 90 66 78 9 0 13 0.00 M M 6.2 14 160 M M 0 23 120
4 77 65 71 3 0 6 1.24 M M 5.5 15 140 M M 9 138 24 170
5 80 64 72 4 0 7 0.52 M M 3.0 13 70 M M 2 1 15 70
6 83 59 71 3 0 6 0.00 M M 5.4 17 70 M M 4 12 23 80
7 70 49 60 -7 5 0 0.00 M M 4.6 15 70 M M 0 24 20
8 75 44 60 -7 5 0 0.00 M M 3.8 10 230 M M 0 1 15 230
9 84 50 67 0 0 2 0.00 M M 2.2 10 220 M M 0 17 200
10 84 56 70 4 0 5 0.00 M M 3.6 12 190 M M 0 17 200
11 78 59 69 3 0 4 0.00 M M 4.4 13 160 M M 0 21 150
12 66 55 61 -4 4 0 0.00 M M 5.9 14 180 M M 8 24 170
13 72 54 63 -2 2 0 T M M 4.6 12 240 M M 7 18 19 320
14 67 53 60 -5 5 0 0.00 M M 7.6 15 310 M M 3 29 310
15 66 52 59 -5 6 0 0.08 M M 5.6 16 20 M M 9 1 25 330
16 69 46 58 -6 7 0 0.00 M M 4.4 12 310 M M 2 22 320
17 73 43 58 -5 7 0 0.00 M M 2.2 8 330 M M 0 18 14 270
18 76 43 60 -3 5 0 0.00 M M 2.9 14 190 M M 0 22 230
19 83 51 67 4 0 2 0.00 M M 3.5 13 270 M M 0 24 280
20 87 50 69 7 0 4 0.00 M M 3.5 13 20 M M 0 21 50
21 87 48 68 6 0 3 0.00 M M 3.4 16 240 M M 0 23 240
22 78 58 68 7 0 3 0.00 M M 5.8 17 90 M M 0 25 90
23 81 61 71 10 0 6 0.00 M M 4.0 10 190 M M 1 8 13 200
24 84 63 74 13 0 9 0.00 M M 5.8 16 150 M M 1 27 140
25 82 69 76 16 0 11 0.00 M M 6.9 14 150 M M 3 18 22 140
26 75 68 72 12 0 7 0.35 M M 5.2 15 140 M M 9 18 23 140
27 79 67 73 13 0 8 0.28 M M 2.0 7 210 M M 8 1 11 200
28 72 64 68 9 0 3 2.48 M M 4.0 12 60 M M 9 13 16 70
29 65 45 55 -4 10 0 1.02 M M 5.3 14 80 M M 10 1 20 10
30 52 37 45 -13 20 0 0.18 M M 5.4 14 360 M M 5 1 27 350
31 59 32 46 -12 19 0 0.00 M M 4.4 14 350 M M 0 25 360
================================================================================
SM 2379 1697 95 125 6.15 M 137.1 M 94
================================================================================
AV 76.7 54.7 4.4 FASTST M M 3 MAX(MPH)
MISC ----> # 17 90 29 310
================================================================================
NOTES:
# LAST OF SEVERAL OCCURRENCES
COLUMN 17 PEAK WIND IN M.P.H.
PRELIMINARY LOCAL CLIMATOLOGICAL DATA (WS FORM: F-6) , PAGE 2
STATION: HOT SPRINGS MEMORIAL FIELD
MONTH: OCTOBER
YEAR: 2023
LATITUDE: 34 28 N
LONGITUDE: 93 6 W
[TEMPERATURE DATA] [PRECIPITATION DATA] SYMBOLS USED IN COLUMN 16
AVERAGE MONTHLY: 65.7 TOTAL FOR MONTH: 6.15 1 = FOG OR MIST
DPTR FM NORMAL: 1.9 DPTR FM NORMAL: 1.26 2 = FOG REDUCING VISIBILITY
HIGHEST: 94 ON 1 GRTST 24HR 2.54 ON 28-29 TO 1/4 MILE OR LESS
LOWEST: 32 ON 31 3 = THUNDER
SNOW, ICE PELLETS, HAIL 4 = ICE PELLETS
TOTAL MONTH: M 5 = HAIL
GRTST 24HR M ON M 6 = FREEZING RAIN OR DRIZZLE
GRTST DEPTH: M ON M 7 = DUSTSTORM OR SANDSTORM:
VSBY 1/2 MILE OR LESS
8 = SMOKE OR HAZE
[NO. OF DAYS WITH] [WEATHER - DAYS WITH] 9 = BLOWING SNOW
X = TORNADO
MAX 32 OR BELOW: 0 0.01 INCH OR MORE: 8
MAX 90 OR ABOVE: 3 0.10 INCH OR MORE: 7
MIN 32 OR BELOW: 1 0.50 INCH OR MORE: 4
MIN 0 OR BELOW: 0 1.00 INCH OR MORE: 3
[HDD (BASE 65) ]
TOTAL THIS MO. 95 CLEAR (SCALE 0-3) 19
DPTR FM NORMAL -28 PTCLDY (SCALE 4-7) 6
TOTAL FM JUL 1 95 CLOUDY (SCALE 8-10) 6
DPTR FM NORMAL -37
[CDD (BASE 65) ]
TOTAL THIS MO. 125
DPTR FM NORMAL 39 [PRESSURE DATA]
TOTAL FM JAN 1 2406 HIGHEST SLP 30.46 ON 31
DPTR FM NORMAL 210 LOWEST SLP 29.72 ON 11
[REMARKS]
#FINAL-10-23#