000
CXUS54 KHGX 011510
CF6HOU
PRELIMINARY LOCAL CLIMATOLOGICAL DATA (WS FORM: F-6)
STATION: HOUSTON/HOBBY AIRPORT
MONTH: NOVEMBER
YEAR: 2023
LATITUDE: 29 38 N
LONGITUDE: 95 17 W
TEMPERATURE IN F: :PCPN: SNOW: WIND :SUNSHINE: SKY :PK WND
================================================================================
1 2 3 4 5 6A 6B 7 8 9 10 11 12 13 14 15 16 17 18
12Z AVG MX 2MIN
DY MAX MIN AVG DEP HDD CDD WTR SNW DPTH SPD SPD DIR MIN PSBL S-S WX SPD DR
================================================================================
1 62 44 53 -15 12 0 0.00 0.0 0 8.3 20 40 M M 0 25 40
2 67 42 55 -12 10 0 0.00 0.0 0 5.5 12 90 M M 3 15 80
3 76 50 63 -4 2 0 0.00 0.0 0 5.3 13 120 M M 2 19 120
4 80 58 69 2 0 4 0.00 0.0 0 7.2 16 120 M M 3 1 20 100
5 83 61 72 6 0 7 0.00 0.0 0 5.5 14 160 M M 6 128 19 170
6 83 64 74 8 0 9 0.00 0.0 0 7.9 15 210 M M 8 21 220
7 86 66 76 10 0 11 0.00 0.0 0 10.3 22 190 M M 5 29 190
8 86 69 78 13 0 13 0.00 0.0 0 9.6 16 170 M M 6 26 210
9 82 67 75 10 0 10 0.90 0.0 0 5.5 17 110 M M 8 1 21 90
10 70 57 64 -1 1 0 0.37 0.0 0 11.5 21 340 M M 10 1 28 330
11 61 56 59 -5 6 0 T 0.0 0 8.5 15 10 M M 10 1 26 140
12 67 59 63 -1 2 0 0.17 0.0 0 8.8 15 40 M M 10 1 21 50
13 63 61 62 -2 3 0 0.86 0.0 0 12.2 18 40 M M 10 1 26 20
14 72 60 66 2 0 1 0.00 0.0 0 8.8 16 40 M M 9 24 340
15 75 55 65 2 0 0 0.00 0.0 0 9.8 17 40 M M 3 26 20
16 65 59 62 -1 3 0 0.00 0.0 0 5.0 13 20 M M 10 18 17 130
17 78 59 69 6 0 4 0.00 0.0 0 4.2 14 350 M M 7 1 19 110
18 77 59 68 6 0 3 0.00 0.0 0 7.5 15 40 M M 6 1 22 60
19 75 56 66 4 0 1 T 0.0 0 7.7 18 130 M M 6 12 23 120
20 79 65 72 10 0 7 0.29 0.0 0 8.6 23 330 M M 7 1 31 330
21 65 50 58 -4 7 0 0.00 0.0 0 15.9 26 350 M M 8 43 360
22 59 45 52 -9 13 0 0.00 0.0 0 6.3 15 340 M M 5 19 310
23 58 44 51 -10 14 0 0.02 0.0 0 2.6 9 80 M M 9 11 90
24 68 52 60 -1 5 0 0.00 0.0 0 6.9 14 40 M M 7 18 30
25 66 50 58 -3 7 0 0.00 0.0 0 9.0 17 90 M M 7 23 70
26 63 47 55 -5 10 0 0.08 0.0 0 13.4 25 350 M M 8 37 350
27 59 43 51 -9 14 0 0.00 0.0 0 9.0 16 40 M M 7 25 30
28 62 46 54 -6 11 0 0.00 0.0 0 7.5 14 90 M M 6 19 80
29 68 43 56 -4 9 0 0.00 0.0 0 7.7 17 110 M M 8 8 22 120
30 72 62 67 7 0 2 1.67 0.0 0 10.2 24 160 M M 10 13 37 150
================================================================================
SM 2127 1649 129 72 4.36 0.0 246.2 M 204
================================================================================
AV 70.9 55.0 8.2 FASTST M M 7 MAX(MPH)
MISC ----> 26 350 43 360
================================================================================
NOTES:
# LAST OF SEVERAL OCCURRENCES
COLUMN 17 PEAK WIND IN M.P.H.
PRELIMINARY LOCAL CLIMATOLOGICAL DATA (WS FORM: F-6) , PAGE 2
STATION: HOUSTON/HOBBY AIRPORT
MONTH: NOVEMBER
YEAR: 2023
LATITUDE: 29 38 N
LONGITUDE: 95 17 W
[TEMPERATURE DATA] [PRECIPITATION DATA] SYMBOLS USED IN COLUMN 16
AVERAGE MONTHLY: 62.9 TOTAL FOR MONTH: 4.36 1 = FOG OR MIST
DPTR FM NORMAL: -0.4 DPTR FM NORMAL: 0.46 2 = FOG REDUCING VISIBILITY
HIGHEST: 86 ON 8, 7 GRTST 24HR 1.67 ON 30-30 TO 1/4 MILE OR LESS
LOWEST: 42 ON 2 3 = THUNDER
SNOW, ICE PELLETS, HAIL 4 = ICE PELLETS
TOTAL MONTH: 0.0 INCH 5 = HAIL
GRTST 24HR 0.0 6 = FREEZING RAIN OR DRIZZLE
GRTST DEPTH: 0 7 = DUSTSTORM OR SANDSTORM:
VSBY 1/2 MILE OR LESS
8 = SMOKE OR HAZE
[NO. OF DAYS WITH] [WEATHER - DAYS WITH] 9 = BLOWING SNOW
X = TORNADO
MAX 32 OR BELOW: 0 0.01 INCH OR MORE: 8
MAX 90 OR ABOVE: 0 0.10 INCH OR MORE: 6
MIN 32 OR BELOW: 0 0.50 INCH OR MORE: 3
MIN 0 OR BELOW: 0 1.00 INCH OR MORE: 1
[HDD (BASE 65) ]
TOTAL THIS MO. 129 CLEAR (SCALE 0-3) 5
DPTR FM NORMAL -5 PTCLDY (SCALE 4-7) 16
TOTAL FM JUL 1 158 CLOUDY (SCALE 8-10) 9
DPTR FM NORMAL 5
[CDD (BASE 65) ]
TOTAL THIS MO. 72
DPTR FM NORMAL -11 [PRESSURE DATA]
TOTAL FM JAN 1 4224 HIGHEST SLP 30.48 ON 1
DPTR FM NORMAL 896 LOWEST SLP 29.69 ON 20
[REMARKS]
#FINAL-11-23#