000
CXUS55 KSEW 011522
CF6HQM
PRELIMINARY LOCAL CLIMATOLOGICAL DATA (WS FORM: F-6)
STATION: HOQUIAM WA AIRPORT
MONTH: JULY
YEAR: 2023
LATITUDE: 46 58 N
LONGITUDE: 123 56 W
TEMPERATURE IN F: :PCPN: SNOW: WIND :SUNSHINE: SKY :PK WND
================================================================================
1 2 3 4 5 6A 6B 7 8 9 10 11 12 13 14 15 16 17 18
12Z AVG MX 2MIN
DY MAX MIN AVG DEP HDD CDD WTR SNW DPTH SPD SPD DIR MIN PSBL S-S WX SPD DR
================================================================================
1 70 52 61 2 4 0 0.00 M M 9.8 22 290 M M 0 30 300
2 70 51 61 2 4 0 0.00 M M 7.2 16 290 M M 0 20 280
3 72 53 63 4 2 0 0.00 M M 7.5 17 260 M M 4 1 20 260
4 83 51 67 8 0 2 0.00 M M 7.2 18 220 M M 0 18 24 220
5 78 55 67 7 0 2 0.00 M M 9.2 20 260 M M 1 18 23 250
6 62 56 59 -1 6 0 0.00 M M 8.9 13 290 M M 10 1 16 270
7 64 57 61 1 4 0 T M M 7.7 15 270 M M 10 1 19 270
8 67 56 62 2 3 0 0.00 M M 6.0 14 280 M M 6 19 280
9 67 52 60 0 5 0 0.00 M M 7.7 18 270 M M 6 24 270
10 68 56 62 2 3 0 0.00 M M 7.3 16 240 M M 7 18 20 230
11 69 59 64 4 1 0 0.00 M M 5.9 14 270 M M 7 20 280
12 67 58 63 3 2 0 T M M 7.4 16 260 M M 7 20 260
13 72 54 63 3 2 0 0.00 M M 7.6 18 260 M M 1 23 260
14 77 53 65 5 0 0 0.00 M M 6.0 17 260 M M 0 20 260
15 74 54 64 4 1 0 0.00 M M 7.8 18 260 M M 2 12 23 270
16 68 56 62 2 3 0 T M M 10.4 17 260 M M 8 1 23 280
17 70 57 64 3 1 0 0.03 M M 10.7 18 260 M M 5 1 23 260
18 74 53 64 3 1 0 0.00 M M 6.9 16 300 M M 0 24 310
19 75 54 65 4 0 0 0.00 M M 7.3 15 260 M M 1 1 19 260
20 68 58 63 2 2 0 0.01 M M 9.8 17 240 M M 10 1 21 240
21 68 58 63 2 2 0 0.00 M M 8.9 18 260 M M 8 23 270
22 70 59 65 4 0 0 0.00 M M 8.2 16 240 M M 6 1 23 270
23 72 56 64 3 1 0 0.00 M M 7.2 20 250 M M 0 23 240
24 66 59 63 2 2 0 0.69 M M 10.1 30 220 M M 8 1 37 210
25 71 56 64 3 1 0 0.00 M M 7.8 16 270 M M 2 21 260
26 72 51 62 1 3 0 0.00 M M 6.7 16 320 M M 0 27 310
27 69 55 62 1 3 0 0.00 M M 7.0 17 260 M M 8 12 22 260
28 69 58 64 3 1 0 0.00 M M 8.6 18 270 M M 5 25 270
29 71 58 65 4 0 0 0.00 M M 9.7 17 260 M M 3 22 280
30 71 56 64 3 1 0 0.00 M M 8.7 17 250 M M 0 25 300
31 72 53 63 2 2 0 0.00 M M 7.2 18 290 M M 0 26 320
================================================================================
SM 2186 1714 60 4 0.73 M 248.4 M 125
================================================================================
AV 70.5 55.3 8.0 FASTST M M 4 MAX(MPH)
MISC ----> 30 220 37 210
================================================================================
NOTES:
# LAST OF SEVERAL OCCURRENCES
COLUMN 17 PEAK WIND IN M.P.H.
PRELIMINARY LOCAL CLIMATOLOGICAL DATA (WS FORM: F-6) , PAGE 2
STATION: HOQUIAM WA AIRPORT
MONTH: JULY
YEAR: 2023
LATITUDE: 46 58 N
LONGITUDE: 123 56 W
[TEMPERATURE DATA] [PRECIPITATION DATA] SYMBOLS USED IN COLUMN 16
AVERAGE MONTHLY: 62.9 TOTAL FOR MONTH: 0.73 1 = FOG OR MIST
DPTR FM NORMAL: 2.6 DPTR FM NORMAL: -0.12 2 = FOG REDUCING VISIBILITY
HIGHEST: 83 ON 4 GRTST 24HR 0.69 ON 24-24 TO 1/4 MILE OR LESS
LOWEST: 51 ON 26, 4 3 = THUNDER
SNOW, ICE PELLETS, HAIL 4 = ICE PELLETS
TOTAL MONTH: M 5 = HAIL
GRTST 24HR M ON M 6 = FREEZING RAIN OR DRIZZLE
GRTST DEPTH: M ON M 7 = DUSTSTORM OR SANDSTORM:
VSBY 1/2 MILE OR LESS
8 = SMOKE OR HAZE
[NO. OF DAYS WITH] [WEATHER - DAYS WITH] 9 = BLOWING SNOW
X = TORNADO
MAX 32 OR BELOW: 0 0.01 INCH OR MORE: 3
MAX 90 OR ABOVE: 0 0.10 INCH OR MORE: 1
MIN 32 OR BELOW: 0 0.50 INCH OR MORE: 1
MIN 0 OR BELOW: 0 1.00 INCH OR MORE: 0
[HDD (BASE 65) ]
TOTAL THIS MO. 60 CLEAR (SCALE 0-3) 14
DPTR FM NORMAL -90 PTCLDY (SCALE 4-7) 14
TOTAL FM JUL 1 60 CLOUDY (SCALE 8-10) 3
DPTR FM NORMAL -88
[CDD (BASE 65) ]
TOTAL THIS MO. 4
DPTR FM NORMAL -2 [PRESSURE DATA]
TOTAL FM JAN 1 22 HIGHEST SLP 30.25 ON 25
DPTR FM NORMAL 13 LOWEST SLP 29.92 ON 5
[REMARKS]
#FINAL-07-23#
CORRECTED