000
CXUS56 KSEW 012042
CLMHQM
CLIMATE REPORT
NATIONAL WEATHER SERVICE SEATTLE
142 PM PDT WED NOV 01 2023
...................................
...THE HOQUIAM WA AIRPORT CLIMATE SUMMARY FOR THE MONTH OF OCTOBER 2023...
CLIMATE NORMAL PERIOD 1991 TO 2020
CLIMATE RECORD PERIOD 1953 TO 2023
WEATHER OBSERVED NORMAL DEPART LAST YEAR`S
VALUE DATE(S) VALUE FROM VALUE DATE(S)
NORMAL
................................................................
TEMPERATURE (F)
RECORD
HIGH 82 10/09/1996
LOW 27 10/28/2023
HIGHEST 81 10/06 MM MM 82 10/15
LOWEST 27R 10/28 MM MM 38 10/23
AVG. MAXIMUM 61.0 59.5 1.5 65.7
AVG. MINIMUM 47.0 45.5 1.5 49.8
MEAN 54.0 52.5 1.5 57.7
DAYS MAX >= 90 0 0.0 0.0 0
DAYS MAX <= 32 0 0.0 0.0 0
DAYS MIN <= 32 3 0.6 2.4 0
DAYS MIN <= 0 0 0.0 0.0 0
PRECIPITATION (INCHES)
RECORD
MAXIMUM 15.85 2016
MINIMUM 0.90 2002
TOTALS 2.43 6.91 -4.48 3.68
DAILY AVG. 0.11 0.22 -0.11 0.12
DAYS >= .01 5 16.9 -11.9 10
DAYS >= .10 2 11.8 -9.8 6
DAYS >= .50 2 4.7 -2.7 3
DAYS >= 1.00 1 1.7 -0.7 1
GREATEST
24 HR. TOTAL 1.69 10/24 TO 10/25
DEGREE DAYS
HEATING TOTAL 335 388 -53 220
SINCE 7/1 586 855 -269 MM
COOLING TOTAL 3 0 3 4
SINCE 1/1 111 25 86 MM
................................................................
WIND (MPH)
AVERAGE WIND SPEED 7.6
HIGHEST WIND SPEED/DIRECTION 30/210 DATE 10/11
HIGHEST GUST SPEED/DIRECTION 40/240 DATE 10/11
SKY COVER
POSSIBLE SUNSHINE (PERCENT) MM
AVERAGE SKY COVER 0.55
NUMBER OF DAYS FAIR 8
NUMBER OF DAYS PC 12
NUMBER OF DAYS CLOUDY 11
AVERAGE RH (PERCENT) 83
WEATHER CONDITIONS. NUMBER OF DAYS WITH
THUNDERSTORM 0 MIXED PRECIP 0
HEAVY RAIN 4 RAIN 3
LIGHT RAIN 13 FREEZING RAIN 0
LT FREEZING RAIN 0 HAIL 0
HEAVY SNOW 0 SNOW 0
LIGHT SNOW 0 SLEET 0
FOG 22 FOG W/VIS <= 1/4 MILE 4
HAZE 1
- INDICATES NEGATIVE NUMBERS.
R INDICATES RECORD WAS SET OR TIED.
MM INDICATES DATA IS MISSING.
T INDICATES TRACE AMOUNT.
$$