000
CXUS54 KBRO 040844
CF6HRL
PRELIMINARY LOCAL CLIMATOLOGICAL DATA (WS FORM: F-6)
STATION: HARLINGEN
MONTH: JANUARY
YEAR: 2023
LATITUDE: 26 13 N
LONGITUDE: 97 40 W
TEMPERATURE IN F: :PCPN: SNOW: WIND :SUNSHINE: SKY :PK WND
================================================================================
1 2 3 4 5 6A 6B 7 8 9 10 11 12 13 14 15 16 17 18
12Z AVG MX 2MIN
DY MAX MIN AVG DEP HDD CDD WTR SNW DPTH SPD SPD DIR MIN PSBL S-S WX SPD DR
================================================================================
1 84 60 72 12 0 7 0.00 0.0 0 14.1 24 160 M M 6 12 32 180
2 85 73 79 19 0 14 0.00 0.0 0 23.8 39 170 M M 8 18 52 170
3 86 56 71 11 0 6 0.00 0.0 0 9.2 28 170 M M 4 18 38 180
4 80 50 65 5 0 0 0.00 0.0 0 8.0 18 70 M M 0 26 60
5 82 48 65 5 0 0 0.00 0.0 0 5.8 16 100 M M 0 22 90
6 83 56 70 10 0 5 0.00 0.0 0 11.6 24 170 M M 1 1 32 160
7 85 66 76 16 0 11 0.00 0.0 0 14.6 26 160 M M 3 1 33 160
8 71 62 67 7 0 2 0.00 0.0 0 9.2 21 30 M M 9 1 26 20
9 81 60 71 11 0 6 0.00 0.0 0 5.3 14 100 M M 6 1 17 80
10 84 54 69 9 0 4 0.00 0.0 0 8.5 17 200 M M 4 12 23 210
11 85 60 73 13 0 8 0.00 0.0 0 16.6 29 170 M M 1 12 36 160
12 81 49 65 5 0 0 T 0.0 0 14.6 26 180 M M 4 1 36 350
13 69 40 55 -5 10 0 0.00 0.0 0 8.8 18 10 M M 0 24 360
14 74 36 55 -5 10 0 0.00 0.0 0 6.3 17 140 M M 0 22 140
15 79 49 64 4 1 0 0.00 0.0 0 19.8 36 170 M M 0 46 180
16 89 62 76 16 0 11 0.00 0.0 0 14.3 30 190 M M 1 12 39 190
17 84 61 73 13 0 8 0.00 0.0 0 11.1 22 160 M M 7 12 29 170
18 88 63 76 15 0 11 0.00 0.0 0 12.9 26 180 M M 6 12 35 180
19 77 64 71 10 0 6 0.00 0.0 0 10.1 22 50 M M 8 12 28 40
20 78 64 71 10 0 6 0.01 0.0 0 10.0 20 30 M M 10 1 25 20
21 76 55 66 5 0 1 0.00 0.0 0 6.9 12 50 M M 8 128 17 320
22 76 45 61 0 4 0 0.00 0.0 0 8.1 20 360 M M 2 25 350
23 72 46 59 -2 6 0 T 0.0 0 13.9 25 110 M M 7 32 100
24 87 58 73 12 0 8 0.02 0.0 0 20.0 44 180 M M 7 62 160
25 71 47 59 -2 6 0 0.00 0.0 0 11.0 23 350 M M 3 30 340
26 65 38 52 -10 13 0 0.00 0.0 0 9.0 22 30 M M 5 27 40
27 65 54 60 -2 5 0 0.02 0.0 0 6.6 14 100 M M 10 1 18 90
28 77 57 67 5 0 2 0.01 0.0 0 11.9 26 160 M M 10 1 33 160
29 85 68 77 15 0 12 0.00 0.0 0 14.9 30 190 M M 5 1 39 180
30 85 49 67 5 0 2 0.00 0.0 0 13.6 22 360 M M 9 1 29 10
31 49 39 44 -18 21 0 0.01 0.0 0 14.5 20 350 M M 10 1 25 340
================================================================================
SM 2433 1689 76 130 0.07 0.0 365.0 M 154
================================================================================
AV 78.5 54.5 11.8 FASTST M M 5 MAX(MPH)
MISC ----> 44 180 62 160
================================================================================
NOTES:
# LAST OF SEVERAL OCCURRENCES
COLUMN 17 PEAK WIND IN M.P.H.
PRELIMINARY LOCAL CLIMATOLOGICAL DATA (WS FORM: F-6) , PAGE 2
STATION: HARLINGEN
MONTH: JANUARY
YEAR: 2023
LATITUDE: 26 13 N
LONGITUDE: 97 40 W
[TEMPERATURE DATA] [PRECIPITATION DATA] SYMBOLS USED IN COLUMN 16
AVERAGE MONTHLY: 66.5 TOTAL FOR MONTH: 0.07 1 = FOG OR MIST
DPTR FM NORMAL: 5.7 DPTR FM NORMAL: -0.98 2 = FOG REDUCING VISIBILITY
HIGHEST: 89 ON 16 GRTST 24HR 0.03 ON 27-28 TO 1/4 MILE OR LESS
LOWEST: 36 ON 14 3 = THUNDER
SNOW, ICE PELLETS, HAIL 4 = ICE PELLETS
TOTAL MONTH: 0.0 INCH 5 = HAIL
GRTST 24HR 0.0 6 = FREEZING RAIN OR DRIZZLE
GRTST DEPTH: 0 7 = DUSTSTORM OR SANDSTORM:
VSBY 1/2 MILE OR LESS
8 = SMOKE OR HAZE
[NO. OF DAYS WITH] [WEATHER - DAYS WITH] 9 = BLOWING SNOW
X = TORNADO
MAX 32 OR BELOW: 0 0.01 INCH OR MORE: 5
MAX 90 OR ABOVE: 0 0.10 INCH OR MORE: 0
MIN 32 OR BELOW: 0 0.50 INCH OR MORE: 0
MIN 0 OR BELOW: 0 1.00 INCH OR MORE: 0
[HDD (BASE 65) ]
TOTAL THIS MO. 76 CLEAR (SCALE 0-3) 10
DPTR FM NORMAL -114 PTCLDY (SCALE 4-7) 15
TOTAL FM JUL 1 370 CLOUDY (SCALE 8-10) 6
DPTR FM NORMAL -50
[CDD (BASE 65) ]
TOTAL THIS MO. 130
DPTR FM NORMAL 72 [PRESSURE DATA]
TOTAL FM JAN 1 130 HIGHEST SLP 30.47 ON 13
DPTR FM NORMAL 72 LOWEST SLP 29.62 ON 18
[REMARKS]
#FINAL-01-23#