329
CXUS54 KBRO 021040
CF6HRL
PRELIMINARY LOCAL CLIMATOLOGICAL DATA (WS FORM: F-6)
STATION: HARLINGEN
MONTH: JULY
YEAR: 2020
LATITUDE: 26 13 N
LONGITUDE: 97 40 W
TEMPERATURE IN F: :PCPN: SNOW: WIND :SUNSHINE: SKY :PK WND
================================================================================
1 2 3 4 5 6A 6B 7 8 9 10 11 12 13 14 15 16 17 18
12Z AVG MX 2MIN
DY MAX MIN AVG DEP HDD CDD WTR SNW DPTH SPD SPD DIR MIN PSBL S-S WX SPD DR
================================================================================
1 96 79 88 3 0 23 0.00 0.0 0 16.2 28 170 M M 5 32 170
2 96 76 86 1 0 21 0.00 0.0 0 13.3 23 180 M M 4 18 28 170
3 98 73 86 1 0 21 0.00 0.0 0 10.2 21 110 M M 1 1 26 110
4 98 73 86 1 0 21 0.00 0.0 0 10.0 21 150 M M 0 26 130
5 98 76 87 2 0 22 0.00 0.0 0 14.1 23 150 M M 0 31 160
6 98 80 89 4 0 24 0.00 0.0 0 15.5 24 160 M M 2 33 160
7 99 79 89 4 0 24 0.00 0.0 0 15.2 25 150 M M 4 33 130
8 98 79 89 4 0 24 0.00 0.0 0 17.4 30 160 M M 6 36 160
9 97 80 89 4 0 24 0.00 0.0 0 16.7 26 160 M M 4 36 170
10 99 80 90 5 0 25 0.00 0.0 0 14.6 23 140 M M 4 29 150
11 100 77 89 4 0 24 0.00 0.0 0 11.8 22 120 M M 1 27 120
12 101 77 89 4 0 24 0.00 0.0 0 11.0 22 130 M M 1 26 200
13 102 74 88 3 0 23 0.00 0.0 0 14.2 25 150 M M 1 30 150
14 100 78 89 4 0 24 0.00 0.0 0 16.0 24 150 M M 2 18 36 160
15 99 80 90 5 0 25 0.00 0.0 0 16.1 28 160 M M 2 36 160
16 100 79 90 5 0 25 0.00 0.0 0 14.6 25 140 M M 3 8 30 160
17 99 78 89 4 0 24 0.00 0.0 0 11.7 24 110 M M 3 28 120
18 96 74 85 0 0 20 0.00 0.0 0 10.7 30 120 M M 2 3 36 130
19 96 72 84 -1 0 19 0.00 0.0 0 6.9 20 80 M M 1 1 24 80
20 98 74 86 1 0 21 0.00 0.0 0 7.2 21 90 M M 1 26 80
21 99 73 86 1 0 21 0.00 0.0 0 9.4 24 130 M M 1 31 110
22 99 75 87 2 0 22 0.00 0.0 0 9.6 24 110 M M 1 28 110
23 98 76 87 2 0 22 0.00 0.0 0 6.7 21 90 M M 1 3 25 90
24 99 75 87 2 0 22 0.01 0.0 0 8.7 21 40 M M 3 25 30
25 97 78 88 3 0 23 M M 0 21.3 44 240 M M 7 1 63 250
26 90 75 83 -2 0 1810.64 M M M M M M M M M M
27 95 75 85 0 0 20 0.90 0.0 M M M M M M 5 M M
28 99 84 92 6 0 27 0.18 0.0 0 9.3 22 140 M M 3 28 140
29 92 79 86 0 0 21 0.04 0.0 0 7.8 12 150 M M 2 13 M M
30 89 76 83 -3 0 18 0.46 0.0 0 13.3 20 150 M M 3 24 150
31 94 77 86 0 0 21 0.00 0.0 0 12.5 22 160 M M 2 25 160
================================================================================
SM 3019 2381 0 693 12.23 0.0 362.0 M 75
================================================================================
AV 97.4 76.8 12.5 FASTST M M 3 MAX(MPH)
MISC ----> # 44 240 # 63 250
================================================================================
NOTES:
# LAST OF SEVERAL OCCURRENCES
COLUMN 17 PEAK WIND IN M.P.H.
PRELIMINARY LOCAL CLIMATOLOGICAL DATA (WS FORM: F-6) , PAGE 2
STATION: HARLINGEN
MONTH: JULY
YEAR: 2020
LATITUDE: 26 13 N
LONGITUDE: 97 40 W
[TEMPERATURE DATA] [PRECIPITATION DATA] SYMBOLS USED IN COLUMN 16
AVERAGE MONTHLY: 87.1 TOTAL FOR MONTH: 12.23 1 = FOG OR MIST
DPTR FM NORMAL: 2.0 DPTR FM NORMAL: 10.30 2 = FOG REDUCING VISIBILITY
HIGHEST: 102 ON 13 GRTST 24HR 10.64 ON 26-26 TO 1/4 MILE OR LESS
LOWEST: 72 ON 19 3 = THUNDER
SNOW, ICE PELLETS, HAIL 4 = ICE PELLETS
TOTAL MONTH: 0.0 INCH 5 = HAIL
GRTST 24HR 0.0 6 = FREEZING RAIN OR DRIZZLE
GRTST DEPTH: 0 7 = DUSTSTORM OR SANDSTORM:
VSBY 1/2 MILE OR LESS
8 = SMOKE OR HAZE
[NO. OF DAYS WITH] [WEATHER - DAYS WITH] 9 = BLOWING SNOW
X = TORNADO
MAX 32 OR BELOW: 0 0.01 INCH OR MORE: 6
MAX 90 OR ABOVE: 30 0.10 INCH OR MORE: 4
MIN 32 OR BELOW: 0 0.50 INCH OR MORE: 2
MIN 0 OR BELOW: 0 1.00 INCH OR MORE: 1
[HDD (BASE 65) ]
TOTAL THIS MO. 0 CLEAR (SCALE 0-3) 21
DPTR FM NORMAL 0 PTCLDY (SCALE 4-7) 9
TOTAL FM JUL 1 0 CLOUDY (SCALE 8-10) 0
DPTR FM NORMAL 0
[CDD (BASE 65) ]
TOTAL THIS MO. 693
DPTR FM NORMAL 70 [PRESSURE DATA]
TOTAL FM JAN 1 2739 HIGHEST SLP 30.02 ON 16
DPTR FM NORMAL 447 LOWEST SLP 29.27 ON 25
[REMARKS]
#FINAL-07-20#