000
CXUS53 KAPX 010830
CF6HTL
PRELIMINARY LOCAL CLIMATOLOGICAL DATA (WS FORM: F-6)
STATION: HOUGHTON LAKE MI
MONTH: FEBRUARY
YEAR: 2024
LATITUDE: 44 22 N
LONGITUDE: 84 41 W
TEMPERATURE IN F: :PCPN: SNOW: WIND :SUNSHINE: SKY :PK WND
================================================================================
1 2 3 4 5 6A 6B 7 8 9 10 11 12 13 14 15 16 17 18
12Z AVG MX 2MIN
DY MAX MIN AVG DEP HDD CDD WTR SNW DPTH SPD SPD DIR MIN PSBL S-S WX SPD DR
================================================================================
1 41 32 37 19 28 0 0.02 0.0 T 8.3 15 330 M M 10 1 23 310
2 37 23 30 12 35 0 T 0.0 T 5.3 13 40 M M 5 1 19 30
3 40 20 30 12 35 0 T T T 2.1 7 90 M M 5 1 9 250
4 50 16 33 15 32 0 0.00 0.0 0 2.4 7 340 M M 0 1 9 300
5 44 24 34 16 31 0 0.00 0.0 0 3.8 8 130 M M 6 1 12 10
6 39 29 34 16 31 0 0.00 0.0 0 5.0 9 150 M M 6 12 140
7 47 29 38 19 27 0 0.00 0.0 0 4.2 9 160 M M 0 13 150
8 57 32 45 26 20 0 0.00 0.0 0 9.8 20 180 M M M 31 180
9 49 37 43 24 22 0 0.08 0.0 0 15.0 25 240 M M M 44 240
10 37 28 33 14 32 0 0.01 T 0 12.1 20 270 M M M 1 30 260
11 30 23 27 8 38 0 0.00 0.0 0 7.1 15 310 M M M 22 310
12 40 19 30 11 35 0 0.00 0.0 0 5.4 10 210 M M 8 16 230
13 32 24 28 8 37 0 T T 0 8.6 17 330 M M 10 26 340
14 35 17 26 6 39 0 0.00 0.0 0 4.9 9 180 M M 10 13 200
15 33 22 28 8 37 0 0.37 4.3 1 10.2 29 320 M M 10 12 40 310
16 23 16 20 0 45 0 0.04 1.0 4 7.4 15 300 M M 10 1 23 310
17 21 9 15 -5 50 0 0.01 0.2 5 10.3 21 210 M M 8 18 35 220
18 30 15 23 2 42 0 T T 5 12.0 22 320 M M M 33 270
19 35 3 19 -2 46 0 0.00 0.0 4 3.2 12 170 M M M 15 170
20 44 12 28 7 37 0 0.00 0.0 3 5.8 17 190 M M M 25 190
21 52 26 39 17 26 0 T 0.0 3 6.3 17 220 M M 4 25 210
22 54 23 39 17 26 0 0.00 0.0 T 2.1 7 290 M M 3 12 9 170
23 35 12 24 2 41 0 0.00 0.0 T 10.0 17 20 M M 4 26 30
24 30 7 19 -3 46 0 0.00 0.0 T 5.9 15 220 M M 0 23 220
25 45 23 34 11 31 0 0.00 0.0 T 9.3 16 230 M M 3 24 220
26 48 18 33 10 32 0 0.00 0.0 T 7.0 15 140 M M 0 1 24 150
27 69 44 57 33 8 0 0.00 0.0 T 8.8 17 210 M M 2 28 210
28 56 16 36 12 29 0 0.93 0.3 T 19.6 33 310 M M 9 13 47 300
29 29 14 22 -2 43 0 T T 1 10.3 20 300 M M 3 27 280
================================================================================
SM 1182 613 981 0 1.46 5.8 222.2 M 116
================================================================================
AV 40.8 21.1 7.7 FASTST M M 5 MAX(MPH)
MISC ----> 33 310 47 300
================================================================================
NOTES:
# LAST OF SEVERAL OCCURRENCES
COLUMN 17 PEAK WIND IN M.P.H.
PRELIMINARY LOCAL CLIMATOLOGICAL DATA (WS FORM: F-6) , PAGE 2
STATION: HOUGHTON LAKE MI
MONTH: FEBRUARY
YEAR: 2024
LATITUDE: 44 22 N
LONGITUDE: 84 41 W
[TEMPERATURE DATA] [PRECIPITATION DATA] SYMBOLS USED IN COLUMN 16
AVERAGE MONTHLY: 30.9 TOTAL FOR MONTH: 1.46 1 = FOG OR MIST
DPTR FM NORMAL: 10.6 DPTR FM NORMAL: 0.05 2 = FOG REDUCING VISIBILITY
HIGHEST: 69 ON 27 GRTST 24HR 0.93 ON 28-28 TO 1/4 MILE OR LESS
LOWEST: 3 ON 19 3 = THUNDER
SNOW, ICE PELLETS, HAIL 4 = ICE PELLETS
TOTAL MONTH: 5.8 INCHES 5 = HAIL
GRTST 24HR 4.3 ON 15-15 6 = FREEZING RAIN OR DRIZZLE
GRTST DEPTH: 5 ON 18,17 7 = DUSTSTORM OR SANDSTORM:
VSBY 1/2 MILE OR LESS
8 = SMOKE OR HAZE
[NO. OF DAYS WITH] [WEATHER - DAYS WITH] 9 = BLOWING SNOW
X = TORNADO
MAX 32 OR BELOW: 7 0.01 INCH OR MORE: 7
MAX 90 OR ABOVE: 0 0.10 INCH OR MORE: 2
MIN 32 OR BELOW: 27 0.50 INCH OR MORE: 1
MIN 0 OR BELOW: 0 1.00 INCH OR MORE: 0
[HDD (BASE 65) ]
TOTAL THIS MO. 981 CLEAR (SCALE 0-3) 7
DPTR FM NORMAL -271 PTCLDY (SCALE 4-7) 8
TOTAL FM JUL 1 4838 CLOUDY (SCALE 8-10) 14
DPTR FM NORMAL -925
[CDD (BASE 65) ]
TOTAL THIS MO. 0
DPTR FM NORMAL 0 [PRESSURE DATA]
TOTAL FM JAN 1 0 HIGHEST SLP 30.43 ON 29
DPTR FM NORMAL 0 LOWEST SLP 29.14 ON 28
[REMARKS]
#FINAL-02-24#