000
CXUS53 KAPX 010523
CLMHTL
CLIMATE REPORT
NATIONAL WEATHER SERVICE
123 AM EDT SAT APR 01 2023
...................................
...THE HOUGHTON LAKE MI CLIMATE SUMMARY FOR THE MONTH OF MARCH 2023...
CLIMATE NORMAL PERIOD: 1991 TO 2020
CLIMATE RECORD PERIOD: 1913 TO 2023
WEATHER OBSERVED NORMAL DEPART LAST YEAR`S
VALUE DATE(S) VALUE FROM VALUE
NORMAL
..............................................................
TEMPERATURE (F)
HIGHEST 50 03/16 MM MM
LOWEST 5 03/15 MM MM
AVG. MAXIMUM 39.1 40.4 -1.3
AVG. MINIMUM 21.7 19.1 2.6
MEAN 30.4 29.7 0.7
DAYS MAX >= 90 0 0.0 0.0
DAYS MAX <= 32 4 8.0 -4.0
DAYS MIN <= 32 30 27.3 2.7
DAYS MIN <= 0 0 2.5 -2.5
PRECIPITATION (INCHES)
TOTALS 3.31 1.78 1.53
DAYS >= .01 15 10.5 4.5
DAYS >= .10 7 4.8 2.2
DAYS >= .50 2 1.0 1.0
DAYS >= 1.00 1 0.1 0.9
GREATEST
24 HR. TOTAL 1.14 03/31 TO 03/31
SNOWFALL (INCHES)
RECORDS
24 HR TOTAL MM
TOTALS 13.2 8.3 4.9
DAYS >= TRACE 15 6.0 9.0
DAYS >= 1.0 4 3.0 1.0
GREATEST
SNOW DEPTH 10 03/01
03/13
03/14
24 HR TOTAL MM
DEGREE DAYS
HEATING TOTAL 1065 1093 -28
SINCE 7/1 6067 6774 -707
COOLING TOTAL 0 0 0
SINCE 1/1 0 0 0
..............................................................
WIND (MPH)
AVERAGE WIND SPEED 8.3
HIGHEST WIND SPEED/DIRECTION 30/050 DATE 03/25
HIGHEST GUST SPEED/DIRECTION 46/300 DATE 03/29
SKY COVER
AVERAGE SKY COVER 0.54
AVERAGE RH (PERCENT) 69
- INDICATES NEGATIVE NUMBERS.
R INDICATES RECORD WAS SET OR TIED.
MM INDICATES DATA IS MISSING.
T INDICATES TRACE AMOUNT.
$$