000
CXUS53 KIND 010600
CF6HUF
PRELIMINARY LOCAL CLIMATOLOGICAL DATA (WS FORM: F-6)
STATION: TERRE HAUTE IN
MONTH: JULY
YEAR: 2022
LATITUDE: 39 27 N
LONGITUDE: 87 18 W
TEMPERATURE IN F: :PCPN: SNOW: WIND :SUNSHINE: SKY :PK WND
================================================================================
1 2 3 4 5 6A 6B 7 8 9 10 11 12 13 14 15 16 17 18
12Z AVG MX 2MIN
DY MAX MIN AVG DEP HDD CDD WTR SNW DPTH SPD SPD DIR MIN PSBL S-S WX SPD DR
================================================================================
1 96 68 82 7 0 17 0.09 M M 7.0 17 250 M M 2 13 25 230
2 87 71 79 4 0 14 0.19 M M 6.0 12 30 M M 3 1 16 290
3 90 68 79 4 0 14 0.00 M M 4.6 13 70 M M 2 25 60
4 93 64 79 4 0 14 0.00 M M 5.9 15 180 M M 1 1 24 160
5 101 79 90 14 0 25 0.00 M M 8.1 15 260 M M 1 21 270
6 92 78 85 9 0 20 0.04 M M 7.2 21 280 M M 3 27 280
7 84 75 80 4 0 15 0.53 M M 4.9 14 90 M M 5 138 23 330
8 83 72 78 2 0 13 0.84 M M 4.9 14 60 M M 7 13 18 60
9 85 68 77 1 0 12 T M M 10.0 17 60 M M 7 1 24 60
10 86 61 74 -2 0 9 0.00 M M 5.0 12 50 M M 0 17 60
11 89 61 75 -1 0 10 0.00 M M 5.8 16 210 M M 0 22 260
12 85 67 76 0 0 11 T M M 7.7 17 330 M M 2 25 330
13 89 62 76 0 0 11 0.08 M M 4.9 18 10 M M 1 1 26 10
14 87 63 75 -1 0 10 0.00 M M 3.0 10 360 M M 1 12 14 360
15 81 63 72 -4 0 7 0.01 M M 4.0 12 150 M M 5 16 160
16 92 72 82 6 0 17 0.52 M M 8.6 24 180 M M 6 13 31 180
17 78 68 73 -3 0 8 0.85 M M 5.7 15 220 M M 6 123 21 240
18 85 68 77 2 0 12 0.00 M M 2.2 8 60 M M 7 128 12 50
19 89 68 79 4 0 14 0.00 M M 3.6 13 200 M M 3 12 19 170
20 94 72 83 8 0 18 0.00 M M 9.1 18 260 M M 2 26 250
21 91 66 79 4 0 14 0.00 M M 6.1 13 260 M M 0 19 290
22 91 70 81 6 0 16 0.00 M M 3.7 10 350 M M 0 1 16 360
23 89 74 82 7 0 17 0.00 M M 8.2 17 100 M M 1 24 90
24 92 74 83 8 0 18 0.28 M M 8.1 17 190 M M 3 138 27 200
25 78 70 74 -1 0 9 0.00 M M 3.3 7 360 M M 4 12 10 220
26 75 65 70 -5 0 5 0.44 M M 2.8 10 250 M M 9 1 13 250
27 84 71 78 3 0 13 0.11 M M 7.5 17 260 M M 5 13 22 240
28 89 67 78 3 0 13 0.03 M M 5.1 10 240 M M 2 12 16 240
29 82 62 72 -3 0 7 0.00 M M 5.9 16 300 M M 3 25 300
30 83 58 71 -4 0 6 0.00 M M 1.8 9 170 M M 0 1 13 180
31 83 62 73 -2 0 8 0.00 M M 4.4 12 190 M M 3 1 16 200
================================================================================
SM 2703 2107 0 397 4.01 M 175.1 M 94
================================================================================
AV 87.2 68.0 5.6 FASTST M M 3 MAX(MPH)
MISC ----> 24 180 31 180
================================================================================
NOTES:
# LAST OF SEVERAL OCCURRENCES
COLUMN 17 PEAK WIND IN M.P.H.
PRELIMINARY LOCAL CLIMATOLOGICAL DATA (WS FORM: F-6) , PAGE 2
STATION: TERRE HAUTE IN
MONTH: JULY
YEAR: 2022
LATITUDE: 39 27 N
LONGITUDE: 87 18 W
[TEMPERATURE DATA] [PRECIPITATION DATA] SYMBOLS USED IN COLUMN 16
AVERAGE MONTHLY: 77.6 TOTAL FOR MONTH: 4.01 1 = FOG OR MIST
DPTR FM NORMAL: 2.3 DPTR FM NORMAL: -0.33 2 = FOG REDUCING VISIBILITY
HIGHEST: 101 ON 5 GRTST 24HR 1.37 ON 16-17 TO 1/4 MILE OR LESS
LOWEST: 58 ON 30 3 = THUNDER
SNOW, ICE PELLETS, HAIL 4 = ICE PELLETS
TOTAL MONTH: M 5 = HAIL
GRTST 24HR M ON M 6 = FREEZING RAIN OR DRIZZLE
GRTST DEPTH: M ON M 7 = DUSTSTORM OR SANDSTORM:
VSBY 1/2 MILE OR LESS
8 = SMOKE OR HAZE
[NO. OF DAYS WITH] [WEATHER - DAYS WITH] 9 = BLOWING SNOW
X = TORNADO
MAX 32 OR BELOW: 0 0.01 INCH OR MORE: 13
MAX 90 OR ABOVE: 10 0.10 INCH OR MORE: 8
MIN 32 OR BELOW: 0 0.50 INCH OR MORE: 4
MIN 0 OR BELOW: 0 1.00 INCH OR MORE: 0
[HDD (BASE 65) ]
TOTAL THIS MO. 0 CLEAR (SCALE 0-3) 19
DPTR FM NORMAL -1 PTCLDY (SCALE 4-7) 11
TOTAL FM JUL 1 0 CLOUDY (SCALE 8-10) 1
DPTR FM NORMAL 0
[CDD (BASE 65) ]
TOTAL THIS MO. 397
DPTR FM NORMAL 75 [PRESSURE DATA]
TOTAL FM JAN 1 855 HIGHEST SLP M ON M
DPTR FM NORMAL 182 LOWEST SLP 29.66 ON 20
[REMARKS]
#FINAL-07-22#