000
CXUS56 KMTR 010900
CF6HWD
PRELIMINARY LOCAL CLIMATOLOGICAL DATA (WS FORM: F-6)
STATION: HAYWARD AIRPORT
MONTH: MARCH
YEAR: 2022
LATITUDE: 37 39 N
LONGITUDE: 122 7 W
TEMPERATURE IN F: :PCPN: SNOW: WIND :SUNSHINE: SKY :PK WND
================================================================================
1 2 3 4 5 6A 6B 7 8 9 10 11 12 13 14 15 16 17 18
12Z AVG MX 2MIN
DY MAX MIN AVG DEP HDD CDD WTR SNW DPTH SPD SPD DIR MIN PSBL S-S WX SPD DR
================================================================================
1 69 44 57 2 8 0 0.00 M M 4.2 10 280 M M 0 1 14 270
2 70 47 59 4 6 0 0.00 M M 3.9 15 280 M M 3 128 20 280
3 57 49 53 -2 12 0 0.05 M M 2.9 8 290 M M 7 38 13 280
4 58 47 53 -2 12 0 0.04 M M 12.5 33 280 M M 7 18 53 290
5 60 41 51 -4 14 0 T M M 7.9 21 290 M M 3 27 300
6 61 39 50 -5 15 0 0.00 M M 5.7 17 290 M M 0 24 280
7 69 40 55 0 10 0 0.00 M M 6.0 18 350 M M 0 29 20
8 72 41 57 2 8 0 0.00 M M 4.0 14 280 M M 0 18 280
9 63 44 54 -1 11 0 0.00 M M 8.2 22 270 M M 0 30 280
10 70 43 57 1 8 0 0.00 M M 7.3 20 10 M M 0 28 360
11 71 40 56 0 9 0 0.00 M M 5.1 14 310 M M 0 18 290
12 65 42 54 -2 11 0 T M M 6.6 22 290 M M 2 29 290
13 64 47 56 0 9 0 T M M 7.3 15 290 M M 5 8 23 280
14 70 43 57 1 8 0 0.00 M M 4.9 18 290 M M 2 22 290
15 66 51 59 3 6 0 0.08 M M 7.4 17 290 M M 7 18 22 280
16 65 49 57 1 8 0 0.00 M M 5.2 17 280 M M 1 22 280
17 60 48 54 -2 11 0 0.00 M M 5.8 16 300 M M 2 20 290
18 68 44 56 0 9 0 0.00 M M 5.8 20 290 M M 0 25 300
19 56 47 52 -4 13 0 M M M 6.5 14 260 M M 6 18 250
20 M M M M M M 0.00 M M 7.7 20 270 M M 0 28 260
21 M M M M M M 0.00 M M 5.4 17 270 M M 0 22 280
22 82 51 67 11 0 2 0.00 M M 5.3 17 280 M M 0 21 280
23 64 49 57 1 8 0 0.00 M M 5.4 16 290 M M 2 20 290
24 65 46 56 0 9 0 0.00 M M 6.1 17 300 M M 2 22 300
25 64 48 56 0 9 0 0.00 M M 5.3 14 290 M M 5 17 280
26 66 44 55 -2 10 0 0.00 M M 5.9 15 290 M M 1 19 290
27 66 50 58 1 7 0 0.08 M M 8.0 22 200 M M 6 30 200
28 63 49 56 -1 9 0 0.43 M M 8.5 20 280 M M 6 1 24 260
29 57 51 54 -3 11 0 T M M 9.1 16 260 M M 10 22 270
30 58 50 54 -3 11 0 T M M 10.2 17 260 M M 8 24 250
31 64 47 56 -1 9 0 0.00 M M 5.9 17 280 M M 4 1 24 280
================================================================================
SM 1883 1331 271 2 0.68 M 200.0 M 89
================================================================================
AV 64.9 45.9 6.5 FASTST M M 3 MAX(MPH)
MISC ----> 33 280 53 290
================================================================================
NOTES:
# LAST OF SEVERAL OCCURRENCES
COLUMN 17 PEAK WIND IN M.P.H.
PRELIMINARY LOCAL CLIMATOLOGICAL DATA (WS FORM: F-6) , PAGE 2
STATION: HAYWARD AIRPORT
MONTH: MARCH
YEAR: 2022
LATITUDE: 37 39 N
LONGITUDE: 122 7 W
[TEMPERATURE DATA] [PRECIPITATION DATA] SYMBOLS USED IN COLUMN 16
AVERAGE MONTHLY: 55.4 TOTAL FOR MONTH: 0.68 1 = FOG OR MIST
DPTR FM NORMAL: -0.5 DPTR FM NORMAL: -1.67 2 = FOG REDUCING VISIBILITY
HIGHEST: 82 ON 22 GRTST 24HR 0.51 ON 27-28 TO 1/4 MILE OR LESS
LOWEST: 39 ON 6 3 = THUNDER
SNOW, ICE PELLETS, HAIL 4 = ICE PELLETS
TOTAL MONTH: M 5 = HAIL
GRTST 24HR M ON M 6 = FREEZING RAIN OR DRIZZLE
GRTST DEPTH: M ON M 7 = DUSTSTORM OR SANDSTORM:
VSBY 1/2 MILE OR LESS
8 = SMOKE OR HAZE
[NO. OF DAYS WITH] [WEATHER - DAYS WITH] 9 = BLOWING SNOW
X = TORNADO
MAX 32 OR BELOW: 0 0.01 INCH OR MORE: 5
MAX 90 OR ABOVE: 0 0.10 INCH OR MORE: 1
MIN 32 OR BELOW: 0 0.50 INCH OR MORE: 0
MIN 0 OR BELOW: 0 1.00 INCH OR MORE: 0
[HDD (BASE 65) ]
TOTAL THIS MO. 271 CLEAR (SCALE 0-3) 20
DPTR FM NORMAL -13 PTCLDY (SCALE 4-7) 10
TOTAL FM JUL 1 1745 CLOUDY (SCALE 8-10) 1
DPTR FM NORMAL -144
[CDD (BASE 65) ]
TOTAL THIS MO. 2
DPTR FM NORMAL 0 [PRESSURE DATA]
TOTAL FM JAN 1 2 HIGHEST SLP M ON M
DPTR FM NORMAL 0 LOWEST SLP 29.68 ON 27
[REMARKS]
#FINAL-03-22#