000
CXUS54 KEWX 011011
CF6HYI
PRELIMINARY LOCAL CLIMATOLOGICAL DATA (WS FORM: F-6)
STATION: SAN MARCOS
MONTH: MAY
YEAR: 2023
LATITUDE: 29 53 N
LONGITUDE: 97 52 W
TEMPERATURE IN F: :PCPN: SNOW: WIND :SUNSHINE: SKY :PK WND
================================================================================
1 2 3 4 5 6A 6B 7 8 9 10 11 12 13 14 15 16 17 18
12Z AVG MX 2MIN
DY MAX MIN AVG DEP HDD CDD WTR SNW DPTH SPD SPD DIR MIN PSBL S-S WX SPD DR
================================================================================
1 85 52 69 M 0 4 0.00 M M 7.0 13 160 M M 0 M M
2 80 64 72 M 0 7 0.00 M M 5.8 15 150 M M 5 1 M M
3 85 61 73 M 0 8 0.00 M M 5.8 14 140 M M 3 18 150
4 84 62 73 M 0 8 0.00 M M 6.7 16 160 M M 6 12 M M
5 92 71 82 M 0 17 0.00 M M 9.1 16 30 M M 5 18 21 170
6 89 68 79 M 0 14 0.00 M M 10.1 22 130 M M 7 31 130
7 82 68 75 M 0 10 0.00 M M 8.0 15 130 M M 5 1 20 140
8 91 69 80 M 0 15 0.00 M M 9.2 20 90 M M 5 1 33 110
9 75 66 71 M 0 6 0.41 M M 6.2 13 280 M M 6 12 M M
10 81 66 74 M 0 9 0.07 M M 6.1 12 120 M M 8 M M
11 89 71 80 M 0 15 0.00 M M 8.2 16 130 M M 3 18 16 170
12 87 71 79 M 0 14 0.00 M M 10.4 18 150 M M 6 18 22 130
13 78 64 71 M 0 6 1.11 M M 7.9 26 80 M M 5 13 37 100
14 83 64 74 M 0 9 0.21 M M 3.7 12 210 M M 4 12 M M
15 83 67 75 M 0 10 0.35 M M 5.3 17 160 M M 6 138 23 330
16 84 65 75 M 0 10 0.03 M M 4.8 14 240 M M 4 3 M M
17 87 62 75 M 0 10 0.00 M M 3.4 7 80 M M 1 M M
18 89 61 75 M 0 10 0.00 M M 4.5 8 180 M M 1 M M
19 90 69 80 M 0 15 0.00 M M 7.6 12 170 M M 2 M M
20 83 68 76 M 0 11 0.08 M M 8.6 22 10 M M 5 26 30
21 72 64 68 M 0 3 0.13 M M 3.9 9 10 M M 7 18 M M
22 86 62 74 M 0 9 0.00 M M 3.7 7 200 M M 4 M M
23 90 63 77 M 0 12 0.00 M M 5.5 12 170 M M 1 8 M M
24 88 65 77 M 0 12 0.36 M M 7.3 17 360 M M 2 13 33 10
25 86 65 76 M 0 11 0.00 M M 6.2 13 70 M M 2 1 M M
26 87 63 75 M 0 10 0.00 M M 5.8 10 90 M M 3 M M
27 87 65 76 M 0 11 0.00 M M 4.5 9 110 M M 2 M M
28 84 67 76 M 0 11 0.00 M M 7.2 16 160 M M 2 21 190
29 86 66 76 M 0 11 0.00 M M 3.9 10 130 M M 1 M M
30 89 63 76 M 0 11 0.00 M M 4.2 9 120 M M 1 M M
31 89 64 77 M 0 12 0.00 M M 5.9 12 140 M M 3 1 M M
================================================================================
SM 2641 2016 0 321 2.75 M 196.5 M 115
================================================================================
AV 85.2 65.0 6.3 FASTST M M 4 MAX(MPH)
MISC ----> 26 80 37 100
================================================================================
NOTES:
# LAST OF SEVERAL OCCURRENCES
COLUMN 17 PEAK WIND IN M.P.H.
PRELIMINARY LOCAL CLIMATOLOGICAL DATA (WS FORM: F-6) , PAGE 2
STATION: SAN MARCOS
MONTH: MAY
YEAR: 2023
LATITUDE: 29 53 N
LONGITUDE: 97 52 W
[TEMPERATURE DATA] [PRECIPITATION DATA] SYMBOLS USED IN COLUMN 16
AVERAGE MONTHLY: 75.1 TOTAL FOR MONTH: 2.75 1 = FOG OR MIST
DPTR FM NORMAL: 0.0 DPTR FM NORMAL: M 2 = FOG REDUCING VISIBILITY
HIGHEST: 92 ON 5 GRTST 24HR 1.11 ON 13-13 TO 1/4 MILE OR LESS
LOWEST: 52 ON 1 3 = THUNDER
SNOW, ICE PELLETS, HAIL 4 = ICE PELLETS
TOTAL MONTH: M 5 = HAIL
GRTST 24HR M ON M 6 = FREEZING RAIN OR DRIZZLE
GRTST DEPTH: M ON M 7 = DUSTSTORM OR SANDSTORM:
VSBY 1/2 MILE OR LESS
8 = SMOKE OR HAZE
[NO. OF DAYS WITH] [WEATHER - DAYS WITH] 9 = BLOWING SNOW
X = TORNADO
MAX 32 OR BELOW: 0 0.01 INCH OR MORE: 9
MAX 90 OR ABOVE: 4 0.10 INCH OR MORE: 6
MIN 32 OR BELOW: 0 0.50 INCH OR MORE: 1
MIN 0 OR BELOW: 0 1.00 INCH OR MORE: 1
[HDD (BASE 65) ]
TOTAL THIS MO. 0 CLEAR (SCALE 0-3) 13
DPTR FM NORMAL M PTCLDY (SCALE 4-7) 18
TOTAL FM JUL 1 1154 CLOUDY (SCALE 8-10) 0
DPTR FM NORMAL M
[CDD (BASE 65) ]
TOTAL THIS MO. 321
DPTR FM NORMAL M [PRESSURE DATA]
TOTAL FM JAN 1 678 HIGHEST SLP 30.19 ON 15
DPTR FM NORMAL M LOWEST SLP 29.73 ON 11
[REMARKS]
#FINAL-05-23#