000
CXUS54 KEWX 011110
CF6HYI
PRELIMINARY LOCAL CLIMATOLOGICAL DATA (WS FORM: F-6)
STATION: SAN MARCOS
MONTH: DECEMBER
YEAR: 2021
LATITUDE: 29 53 N
LONGITUDE: 97 52 W
TEMPERATURE IN F: :PCPN: SNOW: WIND :SUNSHINE: SKY :PK WND
================================================================================
1 2 3 4 5 6A 6B 7 8 9 10 11 12 13 14 15 16 17 18
12Z AVG MX 2MIN
DY MAX MIN AVG DEP HDD CDD WTR SNW DPTH SPD SPD DIR MIN PSBL S-S WX SPD DR
================================================================================
1 77 44 61 M 4 0 0.00 M M 5.3 14 210 M M 3 12 M M
2 77 48 63 M 2 0 0.00 M M 0.0 0 0 M M 4 12 M M
3 79 58 69 M 0 4 0.00 M M 10.4 13 130 M M 6 1 M M
4 76 61 69 M 0 4 0.00 M M M M M M M 9 1 M M
5 79 63 71 M 0 6 0.00 M M M M M M M 9 1 M M
6 71 48 60 M 5 0 0.00 M M M M M M M 6 1 M M
7 69 43 56 M 9 0 0.00 M M 3.7 6 200 M M 0 M M
8 79 41 60 M 5 0 0.00 M M 4.7 9 150 M M 0 1 M M
9 79 61 70 M 0 5 0.00 M M 7.5 15 210 M M 8 12 M M
10 86 64 75 M 0 10 0.00 M M 9.4 22 190 M M 5 128 25 200
11 70 39 55 M 10 0 0.00 M M 14.5 28 10 M M 4 12 41 360
12 62 29 46 M 19 0 0.00 M M 4.7 8 80 M M 0 M M
13 63 41 52 M 13 0 0.00 M M 1.7 6 60 M M 8 12 M M
14 75 58 67 M 0 2 0.00 M M 4.0 17 160 M M 10 12 M M
15 81 68 75 M 0 10 0.00 M M 14.5 22 180 M M 8 30 180
16 82 70 76 M 0 11 0.00 M M 10.8 20 170 M M 9 23 190
17 79 70 75 M 0 10 0.00 M M 12.9 22 180 M M 9 26 180
18 72 47 60 M 5 0 0.00 M M 14.1 24 350 M M 8 123 32 350
19 55 40 48 M 17 0 0.00 M M 10.9 23 20 M M 6 28 20
20 59 40 50 M 15 0 0.00 M M 4.0 7 60 M M 5 M M
21 66 35 51 M 14 0 0.00 M M 4.5 10 190 M M 0 M M
22 75 43 59 M 6 0 0.00 M M 8.1 17 170 M M 0 1 M M
23 73 47 60 M 5 0 0.00 M M 8.4 20 210 M M 6 12 25 210
24 82 54 68 M 0 3 0.00 M M 10.9 24 210 M M 4 12 32 220
25 M M M M M M 0.00 M M M M M M M 0 M M
26 M 64 M M M M 0.00 M M 15.0 15 190 M M 0 1 M M
27 M 72 M M M M 0.00 M M 14.6 22 180 M M 1 M M
28 M 70 M M M M 0.00 M M 7.2 8 210 M M 5 M M
29 83 56 70 M 0 5 0.00 M M 5.3 10 190 M M 3 8 M M
30 83 55 69 M 0 4 0.00 M M 5.5 13 140 M M 0 8 M M
31 84 62 73 M 0 8 0.00 M M 9.8 20 200 M M 8 1 25 200
================================================================================
SM 2016 1591 129 82 0.00 M 222.5 M 144
================================================================================
AV 74.7 53.0 8.2 FASTST M M 5 MAX(MPH)
MISC ----> 28 10 41 360
================================================================================
NOTES:
# LAST OF SEVERAL OCCURRENCES
COLUMN 17 PEAK WIND IN M.P.H.
PRELIMINARY LOCAL CLIMATOLOGICAL DATA (WS FORM: F-6) , PAGE 2
STATION: SAN MARCOS
MONTH: DECEMBER
YEAR: 2021
LATITUDE: 29 53 N
LONGITUDE: 97 52 W
[TEMPERATURE DATA] [PRECIPITATION DATA] SYMBOLS USED IN COLUMN 16
AVERAGE MONTHLY: 63.9 TOTAL FOR MONTH: 0.00 1 = FOG OR MIST
DPTR FM NORMAL: 0.0 DPTR FM NORMAL: M 2 = FOG REDUCING VISIBILITY
HIGHEST: 86 ON 10 GRTST 24HR 0.00 ON 1- 1 TO 1/4 MILE OR LESS
LOWEST: 29 ON 12 3 = THUNDER
SNOW, ICE PELLETS, HAIL 4 = ICE PELLETS
TOTAL MONTH: M 5 = HAIL
GRTST 24HR M ON M 6 = FREEZING RAIN OR DRIZZLE
GRTST DEPTH: M ON M 7 = DUSTSTORM OR SANDSTORM:
VSBY 1/2 MILE OR LESS
8 = SMOKE OR HAZE
[NO. OF DAYS WITH] [WEATHER - DAYS WITH] 9 = BLOWING SNOW
X = TORNADO
MAX 32 OR BELOW: 0 0.01 INCH OR MORE: 0
MAX 90 OR ABOVE: 0 0.10 INCH OR MORE: 0
MIN 32 OR BELOW: 1 0.50 INCH OR MORE: 0
MIN 0 OR BELOW: 0 1.00 INCH OR MORE: 0
[HDD (BASE 65) ]
TOTAL THIS MO. 129 CLEAR (SCALE 0-3) 11
DPTR FM NORMAL M PTCLDY (SCALE 4-7) 13
TOTAL FM JUL 1 330 CLOUDY (SCALE 8-10) 7
DPTR FM NORMAL M
[CDD (BASE 65) ]
TOTAL THIS MO. 82
DPTR FM NORMAL M [PRESSURE DATA]
TOTAL FM JAN 1 3012 HIGHEST SLP 30.37 ON 19
DPTR FM NORMAL M LOWEST SLP 29.67 ON 10
[REMARKS]
#FINAL-12-21#