000
CXUS53 KUNR 022218
CF6ICR
PRELIMINARY LOCAL CLIMATOLOGICAL DATA (WS FORM: F-6)
STATION: WINNER REGIONAL AIRPORT SD
MONTH: JANUARY
YEAR: 2024
LATITUDE: 43 23 N
LONGITUDE: 99 50 W
TEMPERATURE IN F: :PCPN: SNOW: WIND :SUNSHINE: SKY :PK WND
================================================================================
1 2 3 4 5 6A 6B 7 8 9 10 11 12 13 14 15 16 17 18
12Z AVG MX 2MIN
DY MAX MIN AVG DEP HDD CDD WTR SNW DPTH SPD SPD DIR MIN PSBL S-S WX SPD DR
================================================================================
1 37 11 24 -1 41 0 0.00 M M 9.6 23 190 M M 0 28 190
2 32 18 25 0 40 0 0.00 M M 7.3 14 280 M M 0 19 280
3 28 11 20 -5 45 0 0.00 M M 3.6 9 100 M M 6 12 12 110
4 34 24 29 4 36 0 0.00 M M 11.8 21 170 M M 10 1 28 170
5 36 29 33 8 32 0 T M M 8.9 20 180 M M 9 18 24 180
6 34 21 28 3 37 0 0.03 M M 14.1 30 310 M M 10 16 38 310
7 24 13 19 -6 46 0 0.01 M M 14.4 23 110 M M 8 16 27 120
8 21 13 17 -8 48 0 0.08 M M 14.7 23 330 M M 10 189 28 340
9 28 14 21 -4 44 0 T M M 10.3 22 320 M M 7 1 26 320
10 37 6 22 -3 43 0 0.01 M M 10.1 21 290 M M 7 1 28 290
11 7 1 4 -20 61 0 0.01 M M 13.6 22 320 M M 8 8 25 320
12 1 -7 -3 -27 68 0 T M M 19.9 31 320 M M 9 8 38 320
13 -8 -19 -13 -37 78 0 T M M 25.1 40 310 M M 6 8 51 300
14 -8 -21 -14 -38 79 0 0.00 M M 12.9 23 290 M M 0 30 290
15 -3 -12 -7 -31 72 0 0.00 M M 18.4 31 290 M M 0 8 41 290
16 24 -7 9 -15 56 0 0.00 M M 12.7 22 260 M M 3 29 270
17 25 9 17 -7 48 0 0.00 M M 5.9 18 300 M M 6 8 23 280
18 22 -3 10 -14 55 0 0.08 M M 19.3 35 320 M M 7 1289 45 320
19 2 -11 -4 -28 69 0 0.00 M M 12.0 24 300 M M 0 31 300
20 16 -13 2 -22 63 0 0.00 M M 17.6 48 190 M M 1 8 65 180
21 36 16 26 2 39 0 0.00 M M 22.8 49 190 M M 2 8 66 190
22 34 14 24 0 41 0 0.00 M M 3.1 9 210 M M 1 12 12 200
23 31 13 22 -3 43 0 0.00 M M 9.6 24 180 M M 10 128 32 170
24 36 24 30 5 35 0 0.00 M M 6.7 18 180 M M 5 18 25 180
25 34 20 27 2 38 0 0.00 M M 2.2 9 120 M M 4 128 10 120
26 36 18 27 2 38 0 T M M 3.9 9 230 M M 5 1268 12 280
27 39 24 32 7 33 0 0.00 M M 6.2 12 140 M M 0 12 260
28 42 26 34 9 31 0 0.00 M M 8.6 18 200 M M 0 24 210
29 44 36 40 15 25 0 0.00 M M 9.0 16 280 M M 1 23 280
30 51 31 41 16 24 0 0.00 M M 5.8 13 200 M M 0 17 200
31 58 30 44 19 21 0 0.00 M M 5.8 12 210 M M 0 13 210
================================================================================
SM 830 329 1429 0 0.22 M 345.9 M 135
================================================================================
AV 26.8 10.6 11.2 FASTST M M 4 MAX(MPH)
MISC ----> 49 190 66 190
================================================================================
NOTES:
# LAST OF SEVERAL OCCURRENCES
COLUMN 17 PEAK WIND IN M.P.H.
PRELIMINARY LOCAL CLIMATOLOGICAL DATA (WS FORM: F-6) , PAGE 2
STATION: WINNER REGIONAL AIRPORT SD
MONTH: JANUARY
YEAR: 2024
LATITUDE: 43 23 N
LONGITUDE: 99 50 W
[TEMPERATURE DATA] [PRECIPITATION DATA] SYMBOLS USED IN COLUMN 16
AVERAGE MONTHLY: 18.7 TOTAL FOR MONTH: 0.22 1 = FOG OR MIST
DPTR FM NORMAL: -5.9 DPTR FM NORMAL: 0.01 2 = FOG REDUCING VISIBILITY
HIGHEST: 58 ON 31 GRTST 24HR 0.08 ON 8- 8 TO 1/4 MILE OR LESS
LOWEST: -21 ON 14 3 = THUNDER
SNOW, ICE PELLETS, HAIL 4 = ICE PELLETS
TOTAL MONTH: M 5 = HAIL
GRTST 24HR M ON M 6 = FREEZING RAIN OR DRIZZLE
GRTST DEPTH: M ON M 7 = DUSTSTORM OR SANDSTORM:
VSBY 1/2 MILE OR LESS
8 = SMOKE OR HAZE
[NO. OF DAYS WITH] [WEATHER - DAYS WITH] 9 = BLOWING SNOW
X = TORNADO
MAX 32 OR BELOW: 16 0.01 INCH OR MORE: 6
MAX 90 OR ABOVE: 0 0.10 INCH OR MORE: 0
MIN 32 OR BELOW: 30 0.50 INCH OR MORE: 0
MIN 0 OR BELOW: 8 1.00 INCH OR MORE: 0
[HDD (BASE 65) ]
TOTAL THIS MO. 1429 CLEAR (SCALE 0-3) 14
DPTR FM NORMAL 178 PTCLDY (SCALE 4-7) 10
TOTAL FM JUL 1 3525 CLOUDY (SCALE 8-10) 7
DPTR FM NORMAL -232
[CDD (BASE 65) ]
TOTAL THIS MO. 0
DPTR FM NORMAL 0 [PRESSURE DATA]
TOTAL FM JAN 1 0 HIGHEST SLP 30.71 ON 19
DPTR FM NORMAL 0 LOWEST SLP 29.34 ON 10
[REMARKS]
#FINAL-01-24#