000
CXUS53 KICT 011410
CF6ICT
PRELIMINARY LOCAL CLIMATOLOGICAL DATA (WS FORM: F-6)
STATION: WICHITA EISENHOWER NATIONAL
MONTH: APRIL
YEAR: 2022
LATITUDE: 37 39 N
LONGITUDE: 97 25 W
TEMPERATURE IN F: :PCPN: SNOW: WIND :SUNSHINE: SKY :PK WND
================================================================================
1 2 3 4 5 6A 6B 7 8 9 10 11 12 13 14 15 16 17 18
12Z AVG MX 2MIN
DY MAX MIN AVG DEP HDD CDD WTR SNW DPTH SPD SPD DIR MIN PSBL S-S WX SPD DR
================================================================================
1 62 30 46 -7 19 0 T 0.0 0 11.5 24 160 M M 6 8 33 150
2 67 42 55 2 10 0 0.00 0.0 0 8.0 18 350 M M 3 22 350
3 73 48 61 8 4 0 0.00 0.0 0 14.0 28 340 M M 6 8 38 200
4 66 46 56 3 9 0 0.00 0.0 0 8.0 18 30 M M 8 25 40
5 73 49 61 7 4 0 T 0.0 0 14.3 31 350 M M 10 18 43 20
6 64 39 52 -2 13 0 0.00 0.0 0 19.6 36 330 M M 4 78 50 330
7 58 41 50 -4 15 0 T 0.0 0 20.7 37 320 M M 5 8 49 320
8 58 32 45 -9 20 0 0.00 0.0 0 16.7 33 330 M M 2 45 350
9 78 26 52 -3 13 0 0.00 0.0 0 12.5 29 180 M M 2 40 170
10 76 57 67 12 0 2 0.00 0.0 0 14.9 28 360 M M 6 8 36 360
11 71 50 61 6 4 0 0.00 0.0 0 10.9 21 360 M M 6 8 27 10
12 87 50 69 13 0 4 0.37 T 0 28.7 44 180 M M 6 1358 57 190
13 55 33 44 -12 21 0 T T 0 15.9 35 340 M M 7 34 41 340
14 66 31 49 -7 16 0 0.00 0.0 0 10.4 25 220 M M 2 37 200
15 75 47 61 5 4 0 0.00 0.0 0 13.5 26 40 M M 5 36 30
16 59 40 50 -7 15 0 0.00 0.0 0 19.4 29 40 M M 7 40 40
17 59 39 49 -8 16 0 T 0.0 0 10.2 16 80 M M 6 23 340
18 59 37 48 -9 17 0 0.00 0.0 0 9.0 20 10 M M 4 18 24 30
19 62 38 50 -7 15 0 0.03 0.0 0 14.9 29 160 M M 6 38 43 160
20 83 55 69 11 0 4 0.01 0.0 0 16.0 30 170 M M 7 18 41 180
21 82 57 70 12 0 5 0.01 0.0 0 16.2 28 160 M M 7 18 39 160
22 78 71 75 17 0 10 0.00 0.0 0 26.0 37 180 M M 10 53 150
23 82 59 71 12 0 6 0.03 0.0 0 25.9 39 190 M M 8 1 53 200
24 71 47 59 0 6 0 0.00 0.0 0 12.1 24 20 M M 3 32 20
25 64 40 52 -7 13 0 0.00 0.0 0 12.3 26 10 M M 2 37 10
26 70 32 51 -9 14 0 0.00 0.0 0 9.8 22 190 M M 1 30 180
27 77 47 62 2 3 0 0.00 0.0 0 19.7 35 190 M M 4 46 200
28 77 61 69 9 0 4 T 0.0 0 15.8 38 200 M M 7 3 51 210
29 88 57 73 13 0 8 0.33 0.0 0 23.4 38 180 M M 7 1358 53 170
30 72 48 60 -1 5 0 0.00 0.0 M 14.5 29 330 M M 2 42 280
================================================================================
SM 2112 1349 256 43 0.78 T 464.8 M 159
================================================================================
AV 70.4 45.0 15.5 FASTST M M 5 MAX(MPH)
MISC ----> 44 180 57 190
================================================================================
NOTES:
# LAST OF SEVERAL OCCURRENCES
COLUMN 17 PEAK WIND IN M.P.H.
PRELIMINARY LOCAL CLIMATOLOGICAL DATA (WS FORM: F-6) , PAGE 2
STATION: WICHITA EISENHOWER NATIONAL
MONTH: APRIL
YEAR: 2022
LATITUDE: 37 39 N
LONGITUDE: 97 25 W
[TEMPERATURE DATA] [PRECIPITATION DATA] SYMBOLS USED IN COLUMN 16
AVERAGE MONTHLY: 57.7 TOTAL FOR MONTH: 0.78 1 = FOG OR MIST
DPTR FM NORMAL: 1.2 DPTR FM NORMAL: -2.32 2 = FOG REDUCING VISIBILITY
HIGHEST: 88 ON 29 GRTST 24HR 0.37 ON 12-12 TO 1/4 MILE OR LESS
LOWEST: 26 ON 9 3 = THUNDER
SNOW, ICE PELLETS, HAIL 4 = ICE PELLETS
TOTAL MONTH: 2.4 INCHES 5 = HAIL
GRTST 24HR T ON 12-12 6 = FREEZING RAIN OR DRIZZLE
GRTST DEPTH: 1 ON M 7 = DUSTSTORM OR SANDSTORM:
VSBY 1/2 MILE OR LESS
8 = SMOKE OR HAZE
[NO. OF DAYS WITH] [WEATHER - DAYS WITH] 9 = BLOWING SNOW
X = TORNADO
MAX 32 OR BELOW: 0 0.01 INCH OR MORE: 6
MAX 90 OR ABOVE: 0 0.10 INCH OR MORE: 2
MIN 32 OR BELOW: 5 0.50 INCH OR MORE: 0
MIN 0 OR BELOW: 0 1.00 INCH OR MORE: 0
[HDD (BASE 65) ]
TOTAL THIS MO. 256 CLEAR (SCALE 0-3) 8
DPTR FM NORMAL -21 PTCLDY (SCALE 4-7) 19
TOTAL FM JUL 1 3969 CLOUDY (SCALE 8-10) 3
DPTR FM NORMAL -361
[CDD (BASE 65) ]
TOTAL THIS MO. 43
DPTR FM NORMAL 20 [PRESSURE DATA]
TOTAL FM JAN 1 44 HIGHEST SLP 30.46 ON 18
DPTR FM NORMAL 17 LOWEST SLP 29.28 ON 12
[REMARKS]
#FINAL-04-22#