000
CXUS55 KPIH 011420
CF6IDA
PRELIMINARY LOCAL CLIMATOLOGICAL DATA (WS FORM: F-6)
STATION: IDAHO FALLS
MONTH: JANUARY
YEAR: 2023
LATITUDE: 43 31 N
LONGITUDE: 112 4 W
TEMPERATURE IN F: :PCPN: SNOW: WIND :SUNSHINE: SKY :PK WND
================================================================================
1 2 3 4 5 6A 6B 7 8 9 10 11 12 13 14 15 16 17 18
12Z AVG MX 2MIN
DY MAX MIN AVG DEP HDD CDD WTR SNW DPTH SPD SPD DIR MIN PSBL S-S WX SPD DR
================================================================================
1 30 24 27 7 38 0 0.00 M M 14.4 25 360 M M 6 1 32 360
2 25 13 19 -1 46 0 0.00 M M 7.5 22 10 M M 5 29 360
3 27 10 19 -1 46 0 T M M 4.9 15 220 M M 9 18 19 220
4 21 9 15 -5 50 0 0.00 M M 6.7 13 10 M M 7 1 14 350
5 33 12 23 3 42 0 T M M 5.8 12 320 M M 9 1 14 360
6 34 31 33 13 32 0 0.02 M M 6.8 14 220 M M 10 1 17 220
7 34 15 25 5 40 0 0.00 M M 4.8 13 220 M M 6 12 16 220
8 36 11 24 4 41 0 0.01 M M 7.3 23 220 M M 4 1 30 220
9 35 11 23 3 42 0 0.10 M M 5.9 14 220 M M 6 128 18 210
10 37 31 34 14 31 0 0.19 M M 6.5 15 20 M M 10 18 18 200
11 34 21 28 8 37 0 0.03 M M 14.3 28 220 M M 7 1 34 220
12 32 14 23 3 42 0 0.00 M M 5.3 10 360 M M 7 1 14 360
13 32 17 25 5 40 0 T M M 4.1 12 360 M M 1 168 15 350
14 38 20 29 9 36 0 T M M 3.9 10 210 M M 8 128 14 190
15 35 24 30 10 35 0 0.27 M M 8.5 20 200 M M 10 12 26 210
16 32 12 22 2 43 0 0.00 M M 8.0 18 210 M M 5 23 210
17 25 8 17 -3 48 0 0.00 M M 5.0 13 200 M M 2 128 16 220
18 21 11 16 -4 49 0 0.00 M M 6.1 17 210 M M 10 128 21 220
19 28 10 19 -1 46 0 0.00 M M 6.0 13 360 M M 9 16 350
20 22 1 12 -9 53 0 0.00 M M 6.8 18 200 M M 8 128 22 200
21 20 2 11 -10 54 0 T M M 3.8 9 330 M M 9 8 11 330
22 18 -3 8 -13 57 0 T M M 2.5 8 300 M M 7 18 8 300
23 19 7 13 -8 52 0 T M M 7.6 16 220 M M 9 128 21 220
24 17 11 14 -7 51 0 T M M 3.8 9 350 M M 10 18 11 300
25 17 9 13 -8 52 0 T M M 4.2 13 340 M M 10 18 16 340
26 20 14 17 -4 48 0 T M M 4.5 10 360 M M 10 128 12 350
27 25 17 21 0 44 0 0.35 M M 4.3 10 350 M M 10 128 13 10
28 27 6 17 -4 48 0 T M M 10.2 20 220 M M 10 18 24 220
29 7 -22 -7 -28 72 0 0.00 M M 14.9 24 360 M M 4 33 10
30 -4 -32 -18 -40 83 0 0.00 M M 3.8 9 10 M M 0 18 10 10
31 5 -22 -8 -30 73 0 0.00 M M 5.7 10 10 M M 7 11 10
================================================================================
SM 782 292 1471 0 0.97 M 203.9 M 225
================================================================================
AV 25.2 9.4 6.6 FASTST M M 7 MAX(MPH)
MISC ----> 28 220 34 220
================================================================================
NOTES:
# LAST OF SEVERAL OCCURRENCES
COLUMN 17 PEAK WIND IN M.P.H.
PRELIMINARY LOCAL CLIMATOLOGICAL DATA (WS FORM: F-6) , PAGE 2
STATION: IDAHO FALLS
MONTH: JANUARY
YEAR: 2023
LATITUDE: 43 31 N
LONGITUDE: 112 4 W
[TEMPERATURE DATA] [PRECIPITATION DATA] SYMBOLS USED IN COLUMN 16
AVERAGE MONTHLY: 17.3 TOTAL FOR MONTH: 0.97 1 = FOG OR MIST
DPTR FM NORMAL: -3.1 DPTR FM NORMAL: 0.30 2 = FOG REDUCING VISIBILITY
HIGHEST: 38 ON 14 GRTST 24HR 0.48 ON 26-27 TO 1/4 MILE OR LESS
LOWEST: -32 ON 30 3 = THUNDER
SNOW, ICE PELLETS, HAIL 4 = ICE PELLETS
TOTAL MONTH: M 5 = HAIL
GRTST 24HR M ON M 6 = FREEZING RAIN OR DRIZZLE
GRTST DEPTH: M ON M 7 = DUSTSTORM OR SANDSTORM:
VSBY 1/2 MILE OR LESS
8 = SMOKE OR HAZE
[NO. OF DAYS WITH] [WEATHER - DAYS WITH] 9 = BLOWING SNOW
X = TORNADO
MAX 32 OR BELOW: 22 0.01 INCH OR MORE: 7
MAX 90 OR ABOVE: 0 0.10 INCH OR MORE: 4
MIN 32 OR BELOW: 31 0.50 INCH OR MORE: 0
MIN 0 OR BELOW: 4 1.00 INCH OR MORE: 0
[HDD (BASE 65) ]
TOTAL THIS MO. 1471 CLEAR (SCALE 0-3) 3
DPTR FM NORMAL 88 PTCLDY (SCALE 4-7) 14
TOTAL FM JUL 1 4647 CLOUDY (SCALE 8-10) 14
DPTR FM NORMAL 30
[CDD (BASE 65) ]
TOTAL THIS MO. 0
DPTR FM NORMAL 0 [PRESSURE DATA]
TOTAL FM JAN 1 0 HIGHEST SLP 30.83 ON 31
DPTR FM NORMAL 0 LOWEST SLP 29.50 ON 15
[REMARKS]
27TH: RAINFALL OF 0.35 BREAKS OLD RECORD OF 0.32 SET IN 1970.
30TH: LOW OF -32 BREAKS OLD RECORD OF -27 SET IN 1985.
#FINAL-01-23#