000
CXUS55 KPIH 020011
CF6IDA
PRELIMINARY LOCAL CLIMATOLOGICAL DATA (WS FORM: F-6)
STATION: IDAHO FALLS
MONTH: DECEMBER
YEAR: 2021
LATITUDE: 43 31 N
LONGITUDE: 112 4 W
TEMPERATURE IN F: :PCPN: SNOW: WIND :SUNSHINE: SKY :PK WND
================================================================================
1 2 3 4 5 6A 6B 7 8 9 10 11 12 13 14 15 16 17 18
12Z AVG MX 2MIN
DY MAX MIN AVG DEP HDD CDD WTR SNW DPTH SPD SPD DIR MIN PSBL S-S WX SPD DR
================================================================================
1 48 23 36 10 29 0 0.00 M M 2.3 9 350 M M 4 13 340
2 54 25 40 14 25 0 0.00 M M 4.1 13 200 M M 0 15 220
3 47 26 37 12 28 0 0.00 M M 5.1 13 210 M M 5 12 17 210
4 54 25 40 15 25 0 0.00 M M 13.6 31 220 M M 6 128 41 180
5 51 26 39 14 26 0 0.00 M M 17.7 29 220 M M 0 38 220
6 37 26 32 8 33 0 T M M 11.7 29 200 M M 7 16 38 200
7 36 29 33 9 32 0 0.00 M M 5.3 18 220 M M 10 1 24 220
8 45 32 39 15 26 0 0.00 M M 11.4 30 210 M M 7 12 38 210
9 34 23 29 6 36 0 T M M 16.1 23 210 M M 7 30 220
10 28 17 23 0 42 0 0.02 M M 12.4 23 220 M M 5 18 31 210
11 33 24 29 6 36 0 0.00 M M 13.8 23 180 M M 8 31 180
12 42 32 37 15 28 0 T M M 13.5 32 210 M M 8 8 39 200
13 45 33 39 17 26 0 0.01 M M 10.1 28 210 M M 9 39 170
14 45 29 37 15 28 0 0.17 M M 12.8 28 190 M M 10 1 38 200
15 29 19 24 2 41 0 T M M 18.1 30 210 M M 9 18 38 210
16 30 23 27 6 38 0 0.03 M M 9.9 22 230 M M 10 18 27 240
17 29 11 20 -1 45 0 0.00 M M 5.6 24 230 M M 6 1 34 220
18 30 15 23 2 42 0 0.00 M M 4.8 9 350 M M 8 12 220
19 29 11 20 -1 45 0 0.00 M M 4.5 10 350 M M 5 12 350
20 41 21 31 11 34 0 0.00 M M 6.1 16 210 M M 6 21 200
21 35 20 28 8 37 0 0.00 M M 4.6 14 210 M M 1 17 200
22 36 14 25 5 40 0 0.00 M M 6.0 18 200 M M 5 23 210
23 39 22 31 11 34 0 0.12 M M 14.8 33 200 M M 8 12 46 200
24 36 27 32 12 33 0 0.06 M M 19.3 28 210 M M 10 12 38 210
25 37 27 32 12 33 0 T M M 14.3 30 210 M M 9 1 39 200
26 37 19 28 8 37 0 T M M 18.6 35 210 M M 8 12389 47 210
27 29 14 22 2 43 0 T M M 17.7 30 200 M M 9 18 45 190
28 18 10 14 -6 51 0 T M M 16.0 25 210 M M 10 18 33 210
29 19 9 14 -6 51 0 0.38 M M 5.6 23 230 M M 10 1 33 220
30 25 18 22 2 43 0 0.02 M M 18.8 32 220 M M 10 128 42 190
31 24 0 12 -8 53 0 T M M 14.6 25 220 M M 10 18 32 220
================================================================================
SM 1122 650 1120 0 0.81 M 349.2 M 220
================================================================================
AV 36.2 21.0 11.3 FASTST M M 7 MAX(MPH)
MISC ----> 35 210 47 210
================================================================================
NOTES:
# LAST OF SEVERAL OCCURRENCES
COLUMN 17 PEAK WIND IN M.P.H.
PRELIMINARY LOCAL CLIMATOLOGICAL DATA (WS FORM: F-6) , PAGE 2
STATION: IDAHO FALLS
MONTH: DECEMBER
YEAR: 2021
LATITUDE: 43 31 N
LONGITUDE: 112 4 W
[TEMPERATURE DATA] [PRECIPITATION DATA] SYMBOLS USED IN COLUMN 16
AVERAGE MONTHLY: 28.6 TOTAL FOR MONTH: 0.81 1 = FOG OR MIST
DPTR FM NORMAL: 6.7 DPTR FM NORMAL: 0.03 2 = FOG REDUCING VISIBILITY
HIGHEST: 54 ON 4, 2 GRTST 24HR 0.38 ON 28-29 TO 1/4 MILE OR LESS
LOWEST: 0 ON 31 3 = THUNDER
SNOW, ICE PELLETS, HAIL 4 = ICE PELLETS
TOTAL MONTH: M 5 = HAIL
GRTST 24HR M ON M 6 = FREEZING RAIN OR DRIZZLE
GRTST DEPTH: M ON M 7 = DUSTSTORM OR SANDSTORM:
VSBY 1/2 MILE OR LESS
8 = SMOKE OR HAZE
[NO. OF DAYS WITH] [WEATHER - DAYS WITH] 9 = BLOWING SNOW
X = TORNADO
MAX 32 OR BELOW: 11 0.01 INCH OR MORE: 8
MAX 90 OR ABOVE: 0 0.10 INCH OR MORE: 3
MIN 32 OR BELOW: 30 0.50 INCH OR MORE: 0
MIN 0 OR BELOW: 1 1.00 INCH OR MORE: 0
[HDD (BASE 65) ]
TOTAL THIS MO. 1120 CLEAR (SCALE 0-3) 3
DPTR FM NORMAL -218 PTCLDY (SCALE 4-7) 15
TOTAL FM JUL 1 2700 CLOUDY (SCALE 8-10) 13
DPTR FM NORMAL -536
[CDD (BASE 65) ]
TOTAL THIS MO. 0
DPTR FM NORMAL 0 [PRESSURE DATA]
TOTAL FM JAN 1 445 HIGHEST SLP 30.55 ON 18
DPTR FM NORMAL 197 LOWEST SLP 29.31 ON 26
[REMARKS]
2ND: RECORD HIGH TEMPERATURE OF 54 BREAKS THE OLD RECORD OF 53 SET IN 1959.
4TH: RECORD HIGH TEMPERATURE OF 54 BREAKS THE OLD RECORD OF 53 SET IN 2007.
5TH: RECORD HIGH TEMPERATURE OF 51 BREAKS THE OLD RECORD OF 49 SET IN 1987.
14TH: RAINFALL OF 0.17 INCHES BREAKS PREVIOUS RECORD OF 0.15 SET IN 1971.
#FINAL-12-21#