000
CXUS55 KPIH 011200
CF6IDA
PRELIMINARY LOCAL CLIMATOLOGICAL DATA (WS FORM: F-6)
STATION: IDAHO FALLS ID
MONTH: FEBRUARY
YEAR: 2021
LATITUDE: 43 31 N
LONGITUDE: 112 4 W
TEMPERATURE IN F: :PCPN: SNOW: WIND :SUNSHINE: SKY :PK WND
================================================================================
1 2 3 4 5 6A 6B 7 8 9 10 11 12 13 14 15 16 17 18
12Z AVG MX 2MIN
DY MAX MIN AVG DEP HDD CDD WTR SNW DPTH SPD SPD DIR MIN PSBL S-S WX SPD DR
================================================================================
1 33 10 22 1 43 0 0.00 M M 6.0 12 360 M M 4 15 340
2 43 19 31 10 34 0 0.00 M M 6.1 15 270 M M 4 22 190
3 36 25 31 10 34 0 0.27 M M 16.8 32 210 M M 8 1 42 220
4 28 20 24 3 41 0 0.00 M M 15.9 24 220 M M 9 1 32 220
5 36 23 30 8 35 0 0.00 M M 12.3 28 220 M M 6 35 220
6 36 24 30 8 35 0 0.00 M M 20.2 35 220 M M 5 41 220
7 37 21 29 7 36 0 0.00 M M 15.2 28 210 M M 0 42 200
8 32 2 17 -5 48 0 0.00 M M 8.5 21 220 M M 1 26 220
9 27 7 17 -5 48 0 0.00 M M 4.6 12 360 M M 1 14 350
10 37 -1 18 -5 47 0 0.00 M M 12.4 26 210 M M 1 38 230
11 33 18 26 3 39 0 T M M 13.0 29 220 M M 5 18 38 200
12 20 10 15 -8 50 0 0.06 M M 8.2 16 30 M M 10 168 21 40
13 20 6 13 -10 52 0 0.07 M M 10.7 17 360 M M 10 18 23 360
14 20 3 12 -12 53 0 T M M 4.6 12 360 M M 9 8 16 350
15 23 16 20 -4 45 0 0.14 M M 4.9 10 360 M M 10 16 12 10
16 31 20 26 2 39 0 T M M 6.6 16 220 M M 10 1 20 210
17 28 14 21 -4 44 0 T M M 9.4 17 210 M M 7 12 20 220
18 25 13 19 -6 46 0 0.00 M M 7.7 21 220 M M 9 12 26 210
19 33 22 28 3 37 0 T M M 8.8 21 210 M M 10 18 25 210
20 32 10 21 -5 44 0 0.06 M M 9.7 29 220 M M 7 12 38 230
21 31 11 21 -5 44 0 0.00 M M 17.6 26 210 M M 7 36 220
22 39 28 34 7 31 0 0.00 M M 22.2 36 220 M M 6 43 210
23 38 21 30 3 35 0 T M M 14.1 35 230 M M 5 1 49 220
24 28 2 15 -12 50 0 0.00 M M 4.6 14 200 M M 1 17 200
25 29 1 15 -13 50 0 0.00 M M 10.3 22 220 M M 7 8 29 210
26 29 22 26 -2 39 0 0.01 M M 19.5 32 210 M M 10 128 41 220
27 29 6 18 -11 47 0 T M M 10.8 21 210 M M 6 26 220
28 28 2 15 -14 50 0 0.00 M M 7.8 21 220 M M 2 12 26 220
================================================================================
SM 861 375 1196 0 0.61 M 308.5 M 170
================================================================================
AV 30.8 13.4 11.0 FASTST M M 6 MAX(MPH)
MISC ----> 36 220 49 220
================================================================================
NOTES:
# LAST OF SEVERAL OCCURRENCES
COLUMN 17 PEAK WIND IN M.P.H.
PRELIMINARY LOCAL CLIMATOLOGICAL DATA (WS FORM: F-6) , PAGE 2
STATION: IDAHO FALLS ID
MONTH: FEBRUARY
YEAR: 2021
LATITUDE: 43 31 N
LONGITUDE: 112 4 W
[TEMPERATURE DATA] [PRECIPITATION DATA] SYMBOLS USED IN COLUMN 16
AVERAGE MONTHLY: 22.1 TOTAL FOR MONTH: 0.61 1 = FOG OR MIST
DPTR FM NORMAL: -2.2 DPTR FM NORMAL: -0.05 2 = FOG REDUCING VISIBILITY
HIGHEST: 43 ON 2 GRTST 24HR 0.27 ON 3- 3 TO 1/4 MILE OR LESS
LOWEST: -1 ON 10 3 = THUNDER
SNOW, ICE PELLETS, HAIL 4 = ICE PELLETS
TOTAL MONTH: M 5 = HAIL
GRTST 24HR M ON M 6 = FREEZING RAIN OR DRIZZLE
GRTST DEPTH: M ON M 7 = DUSTSTORM OR SANDSTORM:
VSBY 1/2 MILE OR LESS
8 = SMOKE OR HAZE
[NO. OF DAYS WITH] [WEATHER - DAYS WITH] 9 = BLOWING SNOW
X = TORNADO
MAX 32 OR BELOW: 17 0.01 INCH OR MORE: 6
MAX 90 OR ABOVE: 0 0.10 INCH OR MORE: 2
MIN 32 OR BELOW: 28 0.50 INCH OR MORE: 0
MIN 0 OR BELOW: 1 1.00 INCH OR MORE: 0
[HDD (BASE 65) ]
TOTAL THIS MO. 1196 CLEAR (SCALE 0-3) 6
DPTR FM NORMAL 57 PTCLDY (SCALE 4-7) 13
TOTAL FM JUL 1 5693 CLOUDY (SCALE 8-10) 9
DPTR FM NORMAL -110
[CDD (BASE 65) ]
TOTAL THIS MO. 0
DPTR FM NORMAL 0 [PRESSURE DATA]
TOTAL FM JAN 1 0 HIGHEST SLP 30.65 ON 24
DPTR FM NORMAL 0 LOWEST SLP 29.73 ON 16
[REMARKS]
#FINAL-02-21#