000
CXUS55 KPIH 021833
CF6IDA
PRELIMINARY LOCAL CLIMATOLOGICAL DATA (WS FORM: F-6)
STATION: IDAHO FALLS
MONTH: DECEMBER
YEAR: 2023
LATITUDE: 43 31 N
LONGITUDE: 112 4 W
TEMPERATURE IN F: :PCPN: SNOW: WIND :SUNSHINE: SKY :PK WND
================================================================================
1 2 3 4 5 6A 6B 7 8 9 10 11 12 13 14 15 16 17 18
12Z AVG MX 2MIN
DY MAX MIN AVG DEP HDD CDD WTR SNW DPTH SPD SPD DIR MIN PSBL S-S WX SPD DR
================================================================================
1 31 26 29 3 36 0 0.08 M M 10.9 28 220 M M 10 18 34 200
2 36 25 31 5 34 0 T M M 18.4 30 220 M M 8 18 41 210
3 37 27 32 7 33 0 0.01 M M 12.9 20 200 M M 8 1 26 210
4 43 36 40 15 25 0 0.00 M M 11.2 25 210 M M 9 12 34 210
5 46 30 38 13 27 0 0.00 M M 3.3 8 320 M M 3 1 11 360
6 49 28 39 15 26 0 0.00 M M 3.2 10 300 M M 1 1 14 290
7 44 33 39 15 26 0 0.04 M M 18.8 31 210 M M 7 44 210
8 34 19 27 3 38 0 0.04 M M 10.5 21 220 M M 9 18 29 210
9 28 16 22 -1 43 0 0.00 M M 7.8 16 210 M M 6 1 21 220
10 32 26 29 6 36 0 T M M 3.6 14 170 M M 10 18 19 200
11 37 30 34 11 31 0 0.01 M M 5.3 9 360 M M 10 1 12 360
12 40 19 30 8 35 0 0.00 M M 6.4 14 30 M M 5 18 17 10
13 42 17 30 8 35 0 0.00 M M 4.5 10 200 M M 3 128 14 360
14 26 23 25 3 40 0 T M M 2.5 9 200 M M 10 12 12 210
15 35 16 26 4 39 0 0.00 M M 4.6 12 10 M M 3 128 13 10
16 37 16 27 6 38 0 0.00 M M 3.4 8 360 M M 0 10 360
17 38 15 27 6 38 0 0.00 M M 4.8 10 360 M M 0 12 360
18 38 18 28 7 37 0 T M M 4.7 10 350 M M 2 12 340
19 48 24 36 15 29 0 T M M 3.9 12 350 M M 5 8 14 340
20 43 32 38 18 27 0 0.00 M M 3.5 8 350 M M 10 8 11 340
21 48 28 38 18 27 0 0.00 M M 3.3 10 360 M M 3 1 14 360
22 45 26 36 16 29 0 0.00 M M 3.7 8 340 M M 6 1 11 340
23 40 21 31 11 34 0 0.04 M M 13.7 32 210 M M 10 18 43 200
24 24 4 14 -6 51 0 0.00 M M 5.5 12 200 M M 5 128 14 210
25 22 1 12 -8 53 0 0.00 M M 4.6 12 360 M M 3 18 13 360
26 24 1 13 -7 52 0 0.00 M M 4.0 8 320 M M 3 10 360
27 29 18 24 4 41 0 0.00 M M 7.8 13 40 M M 8 16 50
28 33 16 25 5 40 0 0.00 M M 5.3 12 360 M M 3 14 360
29 35 15 25 5 40 0 0.00 M M 5.3 9 360 M M 0 13 350
30 36 19 28 8 37 0 0.00 M M 4.8 10 360 M M 1 13 360
31 38 15 27 7 38 0 0.00 M M 2.9 9 210 M M 0 18 11 220
================================================================================
SM 1138 640 1115 0 0.22 M 205.1 M 161
================================================================================
AV 36.7 20.6 6.6 FASTST M M 5 MAX(MPH)
MISC ----> 32 210 44 210
================================================================================
NOTES:
# LAST OF SEVERAL OCCURRENCES
COLUMN 17 PEAK WIND IN M.P.H.
PRELIMINARY LOCAL CLIMATOLOGICAL DATA (WS FORM: F-6) , PAGE 2
STATION: IDAHO FALLS
MONTH: DECEMBER
YEAR: 2023
LATITUDE: 43 31 N
LONGITUDE: 112 4 W
[TEMPERATURE DATA] [PRECIPITATION DATA] SYMBOLS USED IN COLUMN 16
AVERAGE MONTHLY: 28.7 TOTAL FOR MONTH: 0.22 1 = FOG OR MIST
DPTR FM NORMAL: 6.8 DPTR FM NORMAL: -0.56 2 = FOG REDUCING VISIBILITY
HIGHEST: 49 ON 6 GRTST 24HR 0.08 ON 1- 1 TO 1/4 MILE OR LESS
LOWEST: 1 ON 26,25 3 = THUNDER
SNOW, ICE PELLETS, HAIL 4 = ICE PELLETS
TOTAL MONTH: M 5 = HAIL
GRTST 24HR M ON M 6 = FREEZING RAIN OR DRIZZLE
GRTST DEPTH: M ON M 7 = DUSTSTORM OR SANDSTORM:
VSBY 1/2 MILE OR LESS
8 = SMOKE OR HAZE
[NO. OF DAYS WITH] [WEATHER - DAYS WITH] 9 = BLOWING SNOW
X = TORNADO
MAX 32 OR BELOW: 8 0.01 INCH OR MORE: 6
MAX 90 OR ABOVE: 0 0.10 INCH OR MORE: 0
MIN 32 OR BELOW: 29 0.50 INCH OR MORE: 0
MIN 0 OR BELOW: 0 1.00 INCH OR MORE: 0
[HDD (BASE 65) ]
TOTAL THIS MO. 1115 CLEAR (SCALE 0-3) 11
DPTR FM NORMAL -223 PTCLDY (SCALE 4-7) 9
TOTAL FM JUL 1 2666 CLOUDY (SCALE 8-10) 11
DPTR FM NORMAL -570
[CDD (BASE 65) ]
TOTAL THIS MO. 0
DPTR FM NORMAL 0 [PRESSURE DATA]
TOTAL FM JAN 1 388 HIGHEST SLP 30.71 ON 9
DPTR FM NORMAL 140 LOWEST SLP 29.74 ON 7
[REMARKS]
19TH: HIGH OF 48 BREAKS OLD RECORD OF 46 SET IN 1979.
#FINAL-12-23#