439
CXUS55 KPIH 020604
CF6IDA
PRELIMINARY LOCAL CLIMATOLOGICAL DATA (WS FORM: F-6)
STATION: IDAHO FALLS ID
MONTH: SEPTEMBER
YEAR: 2020
LATITUDE: 43 31 N
LONGITUDE: 112 4 W
TEMPERATURE IN F: :PCPN: SNOW: WIND :SUNSHINE: SKY :PK WND
================================================================================
1 2 3 4 5 6A 6B 7 8 9 10 11 12 13 14 15 16 17 18
12Z AVG MX 2MIN
DY MAX MIN AVG DEP HDD CDD WTR SNW DPTH SPD SPD DIR MIN PSBL S-S WX SPD DR
================================================================================
1 71 33 52 -11 13 0 0.00 M M 8.3 17 200 M M 0 128 24 210
2 85 39 62 -1 3 0 0.00 M M 10.7 25 200 M M 0 31 210
3 87 43 65 3 0 0 0.00 M M 5.7 15 190 M M 0 20 180
4 91 42 67 5 0 2 0.00 M M 3.7 12 210 M M 0 13 210
5 97 42 70 8 0 5 0.00 M M 8.5 21 230 M M 0 26 230
6 90 47 69 8 0 4 0.00 M M 11.2 21 210 M M 0 8 27 210
7 82 40 61 0 4 0 0.39 M M 17.5 48 30 M M 3 138 62 30
8 59 36 48 -12 17 0 0.00 M M 19.2 39 20 M M 2 51 20
9 72 28 50 -10 15 0 0.00 M M 8.7 21 40 M M 0 30 30
10 73 29 51 -9 14 0 0.00 M M 4.9 14 190 M M 0 17 190
11 77 36 57 -2 8 0 0.00 M M 6.6 15 200 M M 0 8 19 220
12 82 36 59 0 6 0 0.00 M M 5.1 14 260 M M 0 8 17 240
13 83 39 61 3 4 0 0.00 M M 4.2 10 200 M M 0 18 13 200
14 87 39 63 5 2 0 0.00 M M 5.8 16 230 M M 0 18 22 250
15 86 38 62 4 3 0 0.00 M M 5.4 14 210 M M 0 8 18 230
16 83 35 59 2 6 0 0.00 M M 3.0 6 180 M M 0 18 M M
17 87 42 65 8 0 0 0.00 M M 3.7 10 340 M M 0 18 12 330
18 78 44 61 5 4 0 0.00 M M 5.6 18 200 M M 2 8 23 210
19 68 45 57 1 8 0 0.39 M M 12.0 26 310 M M 5 138 34 300
20 67 36 52 -4 13 0 0.00 M M 4.5 18 220 M M 1 1 23 220
21 79 38 59 4 6 0 0.00 M M 3.8 10 250 M M 0 14 260
22 80 41 61 6 4 0 0.00 M M 7.5 16 250 M M 2 24 220
23 80 40 60 6 5 0 0.00 M M 7.4 24 210 M M 2 18 28 210
24 78 45 62 8 3 0 0.00 M M 13.6 31 220 M M 2 43 220
25 72 52 62 9 3 0 0.00 M M 17.5 32 220 M M 4 39 220
26 66 46 56 3 9 0 0.00 M M 16.8 31 230 M M 5 39 220
27 62 34 48 -4 17 0 0.00 M M 5.8 16 350 M M 1 23 360
28 65 30 48 -4 17 0 0.00 M M 3.6 9 360 M M 0 10 360
29 72 31 52 0 13 0 0.00 M M 4.8 12 210 M M 0 16 200
30 76 32 54 3 11 0 0.00 M M 3.4 9 350 M M 0 8 11 350
================================================================================
SM 2335 1158 208 11 0.78 M 238.5 M 29
================================================================================
AV 77.8 38.6 8.0 FASTST M M 1 MAX(MPH)
MISC ----> # 48 30 # 62 30
================================================================================
NOTES:
# LAST OF SEVERAL OCCURRENCES
PRECIPITATION SUSPECT DURING FREEZING/FROZEN EVENTS
COLUMN 17 PEAK WIND IN M.P.H.
PRELIMINARY LOCAL CLIMATOLOGICAL DATA (WS FORM: F-6) , PAGE 2
STATION: IDAHO FALLS ID
MONTH: SEPTEMBER
YEAR: 2020
LATITUDE: 43 31 N
LONGITUDE: 112 4 W
[TEMPERATURE DATA] [PRECIPITATION DATA] SYMBOLS USED IN COLUMN 16
AVERAGE MONTHLY: 58.2 TOTAL FOR MONTH: 0.78 1 = FOG OR MIST
DPTR FM NORMAL: 0.9 DPTR FM NORMAL: -0.06 2 = FOG REDUCING VISIBILITY
HIGHEST: 97 ON 5 GRTST 24HR 0.39 ON 19-19 TO 1/4 MILE OR LESS
LOWEST: 28 ON 9 3 = THUNDER
SNOW, ICE PELLETS, HAIL 4 = ICE PELLETS
TOTAL MONTH: M 5 = HAIL
GRTST 24HR M ON M 6 = FREEZING RAIN OR DRIZZLE
GRTST DEPTH: M ON M 7 = DUSTSTORM OR SANDSTORM:
VSBY 1/2 MILE OR LESS
8 = SMOKE OR HAZE
[NO. OF DAYS WITH] [WEATHER - DAYS WITH] 9 = BLOWING SNOW
X = TORNADO
MAX 32 OR BELOW: 0 0.01 INCH OR MORE: 2
MAX 90 OR ABOVE: 3 0.10 INCH OR MORE: 2
MIN 32 OR BELOW: 5 0.50 INCH OR MORE: 0
MIN 0 OR BELOW: 0 1.00 INCH OR MORE: 0
[HDD (BASE 65) ]
TOTAL THIS MO. 208 CLEAR (SCALE 0-3) 27
DPTR FM NORMAL -35 PTCLDY (SCALE 4-7) 3
TOTAL FM JUL 1 252 CLOUDY (SCALE 8-10) 0
DPTR FM NORMAL -56
[CDD (BASE 65) ]
TOTAL THIS MO. 11
DPTR FM NORMAL -1 [PRESSURE DATA]
TOTAL FM JAN 1 280 HIGHEST SLP 30.54 ON 28
DPTR FM NORMAL 16 LOWEST SLP 29.67 ON 7
[REMARKS]
5TH: HIGH OF 97 BREAKS OLD RECORD OF 94 SET IN 1955. THIS
ALSO TIES THE PREVIOUS MONTHLY RECORD SET IN 1950.
7TH: PRECIP OF 0.39 INCHES BREAKS OLD RECORD OF 0.26 SET IN 1980.
10TH: LOW OF 29 BREAKS OLD RECORD OF 30 SET IN 2016.
#FINAL-09-20#